NOAA-Style Climate Reports

Select a Year or Month report
2019: Ene Feb Mar Abr May Jun Jul Ago Sep Oct Nov Dic
2018: Ene Feb Mar Abr May Jun Jul Ago Sep Oct Nov Dic
2017: Ene Feb Mar Abr May Jun Jul Ago Sep Oct Nov Dic
2016: Ene Feb Mar Abr May Jun Jul Ago Sep Oct Nov Dic
2015: Ene Feb Mar Abr May Jun Jul Ago Sep Oct Nov Dic
2014: Ene Feb Mar Abr May Jun Jul Ago Sep Oct Nov Dic
2013: Ene Feb Mar Abr May Jun Jul Ago Sep Oct Nov Dic

Report for 2019 Abril
                   MONTHLY CLIMATOLOGICAL SUMMARY for APR 2019


NAME: Santa Monica          CITY: Rivas Urbanizaciones  STATE: Madrid - Spain      
ELEV:  651.1 m    LAT: 40.4 N    LONG:  3.5 W


                   TEMPERATURE (C), RAIN (mm), WIND SPEED (kph)

                                         HEAT   COOL         AVG
      MEAN                               DEG    DEG          WIND                  DOM
DAY   TEMP   HIGH  TIME    LOW   TIME    DAYS   DAYS   RAIN  SPEED   HIGH  TIME    DIR
---------------------------------------------------------------------------------------
01    11.1   15.5  16:05    7.7  05:34   12.1    0.0     0.2  2.5    16.1  15:20   SE
02    11.8   17.1  13:01    8.6  04:37    9.9    0.0     0.4  4.8    43.5  15:10   S
03    10.4   13.6  10:53    6.5  23:58   14.9    0.0     0.0  9.9    43.5  13:20   W
04     4.8    7.7  10:10    2.8  06:15   23.6    0.0     0.0  5.7    25.7  00:20   N
05     5.8    8.1  16:15    3.9  23:49   22.2    0.0     4.2 12.9    64.4  16:21   SW
06     5.8   10.7  15:29    2.4  03:40   21.2    0.0     2.8 16.4    59.5  15:50   SW
07     7.5   12.1  13:57    3.4  05:57   19.1    0.0     2.2  9.2    41.8  08:00   SW
08     8.3   15.6  14:30    7.1  00:02   12.6    0.0     2.4  4.5    49.9  11:50   SSW
09     9.2   13.3  16:51    5.2  06:00   16.3    0.0     2.2 15.9    64.4  21:30   WSW
10     9.6   13.6  15:57    6.9  00:11   14.5    0.0     0.0 10.4    37.0  01:10   WNW
11     9.9   15.1  15:04    4.2  05:52   15.7    0.0     0.0 11.5    38.6  13:00   N
12    10.9   18.2  17:02    4.2  05:50   12.9    0.0     0.0  4.6    24.1  12:46   N
13    13.7   20.9  17:12    5.6  05:46    9.2    0.0     0.0  2.9    19.3  19:30   WSW
14    16.3   22.8  17:06    9.4  05:54    4.0    0.0     0.0  4.0    29.0  12:59   SSW
15    16.7   23.8  14:48   11.0  23:55    1.7    0.0     0.0  9.7    57.9  15:10   SW
16    14.6   20.9  16:31    8.2  05:20    6.8    0.0     0.0  3.7    40.2  23:18   SE
17    15.7   23.8  14:27    9.5  05:54    3.0    0.0     3.0  6.0    35.4  15:50   ESE
18     9.7   12.2  00:00    8.3  10:13   14.5    0.0    28.2  3.9    22.5  00:30   NNE
19     9.0   10.5  10:16    8.3  04:11   16.1    0.0    11.6  3.3    22.5  10:00   NNE
---------------------------------------------------------------------------------------
      10.6   23.8    17     2.4     6   250.2    0.0    57.2  7.5    64.4     5    SSW

Max >=   32.2:  0
Max <=    0.0:  0
Min <=    0.0:  0
Min <=  -17.8:  0
Max Rain    :   28.2 mm ON 04/18/2019
Days of Rain: 9 (> 0.254 mm) 5 (> 2.54 mm) 1 (> 25.4 mm)