NOAA-Style Climate Reports


Report for 2019 Agosto
                   MONTHLY CLIMATOLOGICAL SUMMARY for AUG 2019


NAME: Santa Monica          CITY: Rivas Urbanizaciones  STATE: Madrid - Spain      
ELEV:  651.1 m    LAT: 40.4 N    LONG:  3.5 W


                   TEMPERATURE (C), RAIN (mm), WIND SPEED (kph)

                                         HEAT   COOL         AVG
      MEAN                               DEG    DEG          WIND                  DOM
DAY   TEMP   HIGH  TIME    LOW   TIME    DAYS   DAYS   RAIN  SPEED   HIGH  TIME    DIR
---------------------------------------------------------------------------------------
01    26.6   32.9  16:06   19.9  05:34    0.0   14.6     0.0  6.9    45.1  15:50   SSW
02    28.0   34.3  17:28   20.2  05:41    0.0   16.1     0.0  7.1    32.2  14:30   NNE
03    28.4   34.9  17:03   21.3  05:39    0.0   17.6     0.0  6.1    40.2  13:51   SW
04    28.6   34.5  16:36   21.7  05:27    0.0   17.6     0.0  6.4    41.8  14:20   SSW
05    28.4   34.8  17:16   21.1  05:42    0.0   17.2     0.0  5.7    33.8  12:40   SSW
06    28.5   34.4  16:20   21.5  05:26    0.0   17.3     0.0  8.3    37.0  13:30   SSW
07    24.6   27.1  16:03   21.5  23:57    0.0   10.7     0.0  8.1    38.6  16:30   SSW
08    26.0   32.8  16:03   18.7  05:24    0.0   13.3     0.0  8.7    38.6  12:40   SSW
09    25.5   30.4  16:39   21.2  23:58    0.0   13.4     0.0 14.0    54.7  14:20   SSW
10    24.3   30.7  16:52   17.1  05:59    0.0   10.1     0.0  6.9    35.4  14:40   SSW
11    23.6   28.0  15:12   19.2  06:13    0.0    9.4     0.0  9.8    43.5  15:10   SW
12    21.2   26.5  16:15   15.5  05:48    0.0    4.8     0.0 10.8    43.5  08:30   N
13    21.7   29.0  17:18   14.6  05:56    0.0    6.2     0.0  9.5    35.4  04:00   N
14    24.7   32.1  17:26   16.2  05:39    0.0   10.4     0.0  6.2    27.4  02:20   N
15    27.3   34.6  17:01   19.2  05:10    0.0   15.3     0.0  7.9    37.0  22:20   N
16    27.9   34.9  17:26   20.3  05:32    0.0   16.7     0.0  7.9    33.8  16:40   SSW
17    29.3   35.5  15:19   21.3  05:22    0.0   18.2     0.0  7.8    41.8  15:20   SW
18    28.0   33.7  15:12   21.4  05:52    0.0   16.6     0.0 10.4    51.5  13:20   SSW
19    26.3   31.6  15:02   21.1  05:35    0.0   14.4     0.0  7.2    40.2  16:10   SW
20    23.6   29.0  16:40   19.6  02:53    0.0   10.8     0.2 12.1    33.8  11:30   N
21    22.2   29.3  14:40   17.0  23:59    0.0    8.6    18.4  7.0    38.6  20:00   NNE
---------------------------------------------------------------------------------------
      25.9   35.5    17    14.6    13     0.0  279.5    18.6  8.3    54.7     9    SSW

Max >=   32.2:  11
Max <=    0.0:  0
Min <=    0.0:  0
Min <=  -17.8:  0
Max Rain    :   18.4 mm ON 08/21/2019
Days of Rain: 1 (> 0.254 mm) 1 (> 2.54 mm) 0 (> 25.4 mm)