NOAA-Style Climate Reports


Report for 2013
                   ANNUAL CLIMATOLOGICAL SUMMARY for 2013


NAME: Santa Monica          CITY: Rivas Urbanizaciones  STATE: Madrid - Spain      
ELEV:  651.1 m    LAT: 40.4 N    LONG:  3.5 W


                 TEMPERATURE (C), RAIN (mm), WIND SPEED (kph)

                            DEP.    HEAT    COOL
          MEAN  MEAN        FROM    DEG     DEG                          MAX   MAX  MIN   MIN
 YR  MO   MAX   MIN   MEAN  NORM    DAYS    DAYS     HI DATE   LOW DATE >=32.2 <=0  <=0  <=-17.8
---------------------------------------------------------------------------------------------
2013 01
2013 02
2013 03
2013 04
2013 05   19.6   9.1  14.2  -2.6   215.0     5.5   25.6  13    4.3  20      0    0    0    0
2013 06   27.0  13.5  20.5  -1.9    49.7   154.5   33.4  16    7.9   1      3    0    0    0
2013 07   32.7  19.5  26.4   0.1     0.0   433.9   36.3   8   13.7  29     23    0    0    0
2013 08   32.5  18.9  25.6  -0.1     0.0   409.8   37.0   1   14.2   8     20    0    0    0
2013 09   27.7  15.4  21.5   0.1     4.9   179.6   31.4   3   11.3  12      0    0    0    0
2013 10   20.9  11.4  15.8  -0.4   135.6    13.5   25.5  17    3.1  31      0    0    0    0
2013 11   13.3   4.5   8.5  -1.5   510.5     0.0   21.3   5   -3.1  29      0    0    5    0
2013 12   10.6   1.1   5.6  -1.3   695.6     0.0   15.4  16   -2.8   2      0    0   11    0
---------------------------------------------------------------------------------------------
          23.0  11.7  17.3   2.1  1611.4  1196.9   37.0 AUG   -3.1 NOV     46    0   16    0


                            PRECIPITATION (mm)

                  DEP.    MAX         ---DAYS OF RAIN---
                  FROM    OBS.                OVER
 YR  MO  TOTAL    NORM    DAY  DATE   0.254  2.54   25.4
---------------------------------------------------------
2013 01
2013 02
2013 03
2013 04
2013 05   51.0    16.6   10.6   17      11      6      0
2013 06    6.2   -11.3    5.8    6       1      1      0
2013 07    6.8     0.3    5.0    9       2      1      0
2013 08    2.6    -0.1    1.4   29       3      0      0
2013 09   18.0     5.9    9.0   11       7      2      0
2013 10   58.6     4.7   18.0   25      10      5      0
2013 11   13.0   -29.8    9.8   17       3      1      0
2013 12   49.8    23.7   19.8   19       6      5      0
---------------------------------------------------------
         206.0  -175.4    19.8 DEC      43     21      0


                              WIND SPEED (kph)

                              DOM
 YR  MO    AVG     HI   DATE  DIR
----------------------------------
2013 01
2013 02
2013 03
2013 04
2013 05    9.2   59.5    16   NNE
2013 06    9.2   45.1     8   NNE
2013 07    7.5   46.7    26   ENE
2013 08    7.0   48.3    28    NE
2013 09    6.7   46.7    27   NNE
2013 10    5.1   46.7    22     S
2013 11    6.3   49.9     5   NNE
2013 12    6.0   57.9    20   NNE
----------------------------------
           7.1   59.5   MAY   NNE