NOAA-Style Climate Reports


Report for 2013 Mayo
                   MONTHLY CLIMATOLOGICAL SUMMARY for MAY 2013


NAME: Santa Monica          CITY: Rivas Urbanizaciones  STATE: Madrid - Spain      
ELEV:  651.1 m    LAT: 40.4 N    LONG:  3.5 W


                   TEMPERATURE (C), RAIN (mm), WIND SPEED (kph)

                                         HEAT   COOL         AVG
      MEAN                               DEG    DEG          WIND                  DOM
DAY   TEMP   HIGH  TIME    LOW   TIME    DAYS   DAYS   RAIN  SPEED   HIGH  TIME    DIR
---------------------------------------------------------------------------------------
03    13.7   15.9  19:20   11.1  23:50    8.8    0.0     0.0  7.4    20.9  23:30   NNE
04    14.3   20.4  16:10    7.1  05:00    8.2    0.0     0.0  7.2    27.4  00:30   NNE
05    16.6   23.4  16:40    9.2  05:30    3.7    0.0     0.0  6.5    20.9  00:10   NNE
06    16.8   22.8  14:30   10.1  05:50    3.5    0.0     0.0 11.2    41.8  15:20   WSW
07    18.1   22.2  15:40   13.3  04:10    1.0    0.0     0.0  8.2    32.2  14:30   SW
08    19.2   23.6  12:30   16.6  03:30    0.0    3.1     0.0  6.7    32.2  14:00   SSW
09    18.5   23.3  14:20   14.9  05:30    0.0    1.4     0.0 11.4    54.7  15:20   SW
10    18.5   24.0  15:50   13.7  05:00    0.0    0.9     0.0  6.4    30.6  15:50   SW
11    17.6   23.7  16:40   11.3  05:20    1.5    0.0     0.0  9.8    29.0  14:40   NNE
12    16.9   24.7  15:40    8.6  05:00    3.1    0.0     0.0 10.6    32.2  02:30   NNE
13    18.5   25.6  16:20   10.9  05:30    0.1    0.0     2.2  8.1    38.6  22:50   NE
14    15.4   21.1  14:00   12.1  23:00    3.1    0.0    10.2  7.5    51.5  14:40   SSE
15    10.3   12.4  00:10    6.9  23:40   15.6    0.0     6.2  6.7    33.8  13:50   NE
16     9.2   13.0  13:40    4.8  05:30   17.0    0.0     0.4  9.2    59.5  15:00   WSW
17     7.1    8.9  17:30    5.3  14:30   20.2    0.0    10.6 11.1    35.4  10:30   SW
18     8.5   12.5  14:10    4.9  02:00   17.3    0.0     3.8 13.3    59.5  11:50   WSW
19     9.2   13.7  15:20    4.7  05:20   16.5    0.0     1.0  9.1    38.6  17:40   SW
20     9.6   14.7  16:50    4.3  05:00   15.9    0.0     0.6  6.3    30.6  14:10   NNE
21    11.9   17.4  16:00    5.9  04:50   11.9    0.0     0.0 11.3    37.0  17:20   NNE
22    15.4   21.8  15:00    9.8  04:10    4.5    0.0     0.0  9.3    37.0  17:20   NNE
23    14.7   22.7  16:20    7.8  05:10    5.5    0.0     0.0  6.7    29.0  18:10   N
24    15.3   22.8  16:10    7.7  05:10    5.5    0.0     0.0  7.4    32.2  15:50   NNE
25    17.0   24.2  15:30   10.1  04:30    2.2    0.0     0.0  8.1    30.6  17:10   NE
26    14.2   22.1  15:20    8.6  05:30    5.5    0.0     2.0 10.6    46.7  16:50   NNE
27    13.7   18.9  14:50   10.2  04:30    6.8    0.0     7.8  8.3    40.2  12:40   SSW
28    14.1   17.7  16:30   10.2  05:50    7.9    0.0     0.0 13.6    53.1  13:10   WNW
29    11.7   16.8  15:30    7.3  21:40   11.3    0.0     6.2 13.7    48.3  11:40   NW
30    12.5   18.8  16:30    6.6  04:50   10.2    0.0     0.0  6.6    27.4  16:00   NNE
31    13.6   18.3  15:50    9.0  04:10    8.4    0.0     0.0 13.3    53.1  15:20   NNE
---------------------------------------------------------------------------------------
      14.2   25.6    13     4.3    20   215.0    5.5    51.0  9.2    59.5    16    NNE

Max >=   32.2:  0
Max <=    0.0:  0
Min <=    0.0:  0
Min <=  -17.8:  0
Max Rain    :   10.6 mm ON 05/17/2013
Days of Rain: 11 (> 0.254 mm) 6 (> 2.54 mm) 0 (> 25.4 mm)