NOAA-Style Climate Reports


Report for 2013 Junio
                   MONTHLY CLIMATOLOGICAL SUMMARY for JUN 2013


NAME: Santa Monica          CITY: Rivas Urbanizaciones  STATE: Madrid - Spain      
ELEV:  651.1 m    LAT: 40.4 N    LONG:  3.5 W


                   TEMPERATURE (C), RAIN (mm), WIND SPEED (kph)

                                         HEAT   COOL         AVG
      MEAN                               DEG    DEG          WIND                  DOM
DAY   TEMP   HIGH  TIME    LOW   TIME    DAYS   DAYS   RAIN  SPEED   HIGH  TIME    DIR
---------------------------------------------------------------------------------------
01    15.0   23.1  17:10    7.9  05:10    5.2    0.0     0.0  9.2    32.2  19:30   NNE
02    15.8   22.7  15:30    8.9  03:30    4.5    0.0     0.0 14.3    40.2  07:00   NE
03    17.7   24.9  18:20    9.4  04:40    2.1    0.0     0.0 10.0    32.2  02:50   NNE
04    20.5   27.5  16:10   12.2  05:10    0.0    2.7     0.0  9.1    29.0  00:10   NNE
05    20.9   27.8  14:30   14.7  05:50    0.0    5.3     0.0  7.7    38.6  15:00   NE
06    19.6   24.5  15:40   15.2  04:20    0.0    2.8     5.8 10.8    41.8  15:40   SW
07    15.1   17.6  12:40   10.6  23:50    7.6    0.0     0.2  9.4    38.6  14:40   SW
08    13.4   17.3  16:00    9.1  05:00    9.3    0.0     0.0 12.3    45.1  14:50   SW
09    14.7   20.4  15:50    9.4  05:00    6.1    0.0     0.2 10.8    33.8  07:40   WSW
10    17.6   23.6  16:00   11.6  05:00    1.4    0.0     0.0  9.2    32.2  17:20   SW
11    20.7   27.3  16:40   13.1  05:40    0.0    3.3     0.0  6.3    25.7  13:40   SW
12    24.5   31.1  16:40   16.7  05:10    0.0    9.9     0.0  5.9    24.1  15:30   WSW
13    26.2   32.0  15:00   19.6  05:20    0.0   13.4     0.0  9.8    40.2  16:00   SW
14    25.6   31.9  16:00   17.9  04:40    0.0   11.8     0.0 10.3    37.0  13:00   WSW
15    26.0   32.6  16:00   17.2  04:40    0.0   11.8     0.0  6.8    37.0  16:10   SW
16    26.4   33.4  14:50   19.0  04:50    0.0   14.2     0.0  8.7    40.2  17:40   S
17    19.2   23.2  16:00   14.4  23:50    0.0    0.9     0.0 13.4    41.8  11:40   SW
18    14.6   18.9  15:30   10.2  05:30    6.8    0.0     0.0 11.0    37.0  14:40   SW
19    14.7   18.4  12:00   10.8  05:20    6.7    0.0     0.0  5.7    35.4  12:40   NNE
20    18.9   25.4  17:20   11.3  05:00    0.0    0.0     0.0  5.4    27.4  16:00   NW
21    20.7   26.9  15:20   15.8  05:20    0.0    5.5     0.0  7.5    40.2  16:00   NNE
22    22.2   29.9  18:20   13.2  04:50    0.0    5.8     0.0  5.7    20.9  04:20   NNE
23    23.7   30.9  14:50   16.5  23:50    0.0    9.7     0.0  9.2    40.2  18:50   NNE
24    20.8   30.3  17:30    9.8  05:20    0.0    3.2     0.0 12.0    37.0  07:50   NNE
25    23.2   31.6  17:20   14.4  05:30    0.0    8.4     0.0  9.8    35.4  21:50   NNE
26    23.3   31.3  17:20   15.1  04:40    0.0    8.8     0.0  9.3    30.6  00:00   NNE
27    23.3   30.3  16:40   15.9  04:50    0.0    8.6     0.0  8.0    35.4  23:00   NE
28    22.5   30.1  15:50   14.4  05:00    0.0    7.1     0.0 12.0    37.0  21:30   NNE
29    23.5   31.8  17:00   15.4  04:50    0.0    9.5     0.0  9.7    35.4  07:40   NE
30    25.5   32.9  14:50   16.8  04:50    0.0   11.8     0.0  7.5    27.4  04:10   NNE
---------------------------------------------------------------------------------------
      20.5   33.4    16     7.9     1    49.7  154.5     6.2  9.2    45.1     8    NNE

Max >=   32.2:  3
Max <=    0.0:  0
Min <=    0.0:  0
Min <=  -17.8:  0
Max Rain    :    5.8 mm ON 06/06/2013
Days of Rain: 1 (> 0.254 mm) 1 (> 2.54 mm) 0 (> 25.4 mm)