NOAA-Style Climate Reports


Report for 2013 Julio
                   MONTHLY CLIMATOLOGICAL SUMMARY for JUL 2013


NAME: Santa Monica          CITY: Rivas Urbanizaciones  STATE: Madrid - Spain      
ELEV:  651.1 m    LAT: 40.4 N    LONG:  3.5 W


                   TEMPERATURE (C), RAIN (mm), WIND SPEED (kph)

                                         HEAT   COOL         AVG
      MEAN                               DEG    DEG          WIND                  DOM
DAY   TEMP   HIGH  TIME    LOW   TIME    DAYS   DAYS   RAIN  SPEED   HIGH  TIME    DIR
---------------------------------------------------------------------------------------
01    25.5   32.7  16:00   18.9  05:00    0.0   13.4     0.0  7.6    38.6  16:30   ENE
02    25.9   31.7  17:10   19.0  06:10    0.0   12.6     0.0  6.1    27.4  15:30   SW
03    27.3   33.5  15:50   19.9  05:00    0.0   15.1     0.0  6.1    33.8  19:20   NNE
04    27.3   34.6  17:50   19.9  04:50    0.0   16.1     0.0 11.6    32.2  08:50   NNE
05    28.5   35.6  16:40   20.6  05:20    0.0   17.6     0.0  8.0    27.4  04:50   NE
06    28.4   35.1  17:10   20.8  04:50    0.0   17.2     0.0  4.7    29.0  23:50   ESE
07    29.2   35.8  17:40   22.0  04:50    0.0   19.0     0.0  3.8    22.5  15:50   ESE
08    29.3   36.3  16:10   21.1  06:00    0.0   18.7     0.0  5.0    27.4  00:10   ESE
09    27.3   34.7  14:20   21.5  05:40    0.0   17.6     5.0  6.0    32.2  16:40   ESE
10    25.8   33.1  17:00   19.3  05:10    0.0   14.2     0.0  6.2    33.8  20:10   NE
11    27.0   33.7  15:50   18.6  05:20    0.0   14.1     0.0  7.0    30.6  23:30   NE
12    28.0   34.3  15:50   20.9  04:50    0.0   16.7     0.0  7.3    29.0  01:00   SE
13    26.8   32.7  14:30   20.6  05:10    0.0   14.9     0.0  7.9    27.4  13:10   SSW
14    25.6   31.5  16:20   18.0  05:20    0.0   11.6     0.0  7.4    30.6  13:40   SSW
15    25.2   32.0  17:00   19.0  05:10    0.0   12.9     0.0  9.2    35.4  20:00   NE
16    26.4   32.8  15:00   19.4  05:20    0.0   14.0     0.0  8.3    29.0  14:50   NE
17    26.1   33.2  16:00   20.0  05:20    0.0   14.9     0.0  9.7    32.2  21:40   NNE
18    25.9   32.6  14:50   18.9  04:50    0.0   13.4     0.0  9.2    33.8  14:00   NNE
19    27.5   33.5  17:30   19.8  05:20    0.0   14.9     0.0  6.3    29.0  17:50   NE
20    27.7   33.8  14:00   21.1  06:00    0.0   16.4     0.0  6.1    29.0  16:20   ESE
21    24.0   30.7  12:50   18.9  16:50    0.0   11.7     1.8  7.5    37.0  16:00   NE
22    25.3   32.4  16:50   16.6  05:10    0.0   11.2     0.0  8.1    27.4  03:30   NE
23    27.1   31.8  16:30   20.9  05:20    0.0   14.4     0.0  9.1    38.6  15:00   SSW
24    27.7   33.5  17:20   20.1  05:40    0.0   15.2     0.0  6.7    32.2  13:50   SW
25    28.3   34.8  16:00   21.5  05:40    0.0   17.6     0.0  7.6    33.8  12:10   SSW
26    27.1   33.2  15:50   20.7  05:40    0.0   15.4     0.0  9.8    46.7  15:50   S
27    21.0   23.9  00:00   18.8  05:20    0.0    5.4     0.0 11.2    45.1  12:00   SW
28    20.5   24.7  16:50   17.1  05:40    0.0    4.7     0.0 11.6    41.8  18:20   SW
29    21.9   28.2  17:40   13.7  05:30    0.0    4.8     0.0  3.3    24.1  13:20   SSW
30    25.8   33.1  16:30   17.1  05:10    0.0   12.2     0.0  5.9    27.4  02:20   NE
31    28.4   35.4  15:50   19.2  05:30    0.0   16.2     0.0  8.4    32.2  13:30   SE
---------------------------------------------------------------------------------------
      26.4   36.3     8    13.7    29     0.0  433.9     6.8  7.5    46.7    26    ENE

Max >=   32.2:  23
Max <=    0.0:  0
Min <=    0.0:  0
Min <=  -17.8:  0
Max Rain    :    5.0 mm ON 07/09/2013
Days of Rain: 2 (> 0.254 mm) 1 (> 2.54 mm) 0 (> 25.4 mm)