NOAA-Style Climate Reports


Report for 2013 Agosto
                   MONTHLY CLIMATOLOGICAL SUMMARY for AUG 2013


NAME: Santa Monica          CITY: Rivas Urbanizaciones  STATE: Madrid - Spain      
ELEV:  651.1 m    LAT: 40.4 N    LONG:  3.5 W


                   TEMPERATURE (C), RAIN (mm), WIND SPEED (kph)

                                         HEAT   COOL         AVG
      MEAN                               DEG    DEG          WIND                  DOM
DAY   TEMP   HIGH  TIME    LOW   TIME    DAYS   DAYS   RAIN  SPEED   HIGH  TIME    DIR
---------------------------------------------------------------------------------------
01    29.3   37.0  16:40   21.2  05:10    0.0   19.3     0.0  7.0    32.2  14:00   SSE
02    27.8   33.1  15:50   22.4  06:00    0.0   17.0     0.0  9.9    38.6  17:10   SSW
03    26.1   32.8  16:00   19.3  05:50    0.0   13.9     0.0  6.6    35.4  16:50   SW
04    26.5   34.0  17:30   17.5  05:50    0.0   13.3     0.0  4.4    25.7  13:50   SE
05    27.3   33.9  15:10   19.8  06:10    0.0   15.3     0.0  7.0    32.2  14:50   SW
06    25.8   30.4  13:20   21.2  05:10    0.0   13.4     0.0  9.7    45.1  14:30   SW
07    23.8   28.7  15:20   17.7  23:50    0.0    8.8     0.2  7.5    33.8  14:20   NW
08    21.4   28.7  16:40   14.2  05:30    0.0    5.6     0.0  7.5    25.7  11:40   NNE
09    24.0   32.1  16:50   14.9  05:10    0.0    9.3     0.0  5.9    22.5  23:20   N
10    27.3   35.2  17:20   18.4  05:30    0.0   15.3     0.0  8.4    30.6  03:50   NNE
11    28.9   36.0  15:30   20.4  05:40    0.0   17.8     0.0  5.6    29.0  00:20   SSE
12    27.2   34.4  15:10   22.0  23:20    0.0   17.8     0.2  8.1    40.2  16:10   ESE
13    26.8   33.4  17:20   19.9  06:10    0.0   15.0     0.0  8.0    29.0  07:00   NE
14    27.7   34.4  16:10   20.3  04:40    0.0   16.3     0.0  4.7    22.5  14:30   NE
15    28.0   34.7  13:50   21.0  05:20    0.0   17.1     0.0  4.7    25.7  01:10   NNE
16    27.4   33.9  15:30   22.6  05:20    0.0   17.8     0.4  6.5    40.2  16:00   SE
17    26.1   33.5  16:20   17.9  05:30    0.0   13.2     0.0  7.3    27.4  15:20   NNE
18    27.4   33.8  16:00   20.3  05:30    0.0   15.7     0.0  3.1    22.5  14:50   E
19    28.5   35.4  16:30   21.4  05:40    0.0   18.2     0.0  5.2    29.0  23:30   NE
20    27.4   35.5  14:50   19.3  05:50    0.0   16.4     0.0  8.5    33.8  00:50   NNE
21    28.4   35.9  17:00   20.5  06:00    0.0   17.8     0.0  5.7    29.0  00:00   SW
22    27.8   33.7  15:00   22.1  05:40    0.0   17.2     0.0  6.7    37.0  14:30   SSW
23    26.8   33.7  15:50   18.8  05:50    0.0   14.2     0.0  3.6    22.5  02:20   SSE
24    25.4   32.7  15:30   19.6  23:50    0.0   14.1     0.0  7.2    40.2  20:10   NE
25    23.2   31.2  16:10   16.4  05:30    0.0    9.8     0.0 11.0    33.8  00:10   NNE
26    22.8   29.6  16:30   16.8  05:30    0.0    8.7     0.0 10.2    30.6  03:20   NE
27    22.8   29.7  15:00   16.0  05:20    0.0    8.2     0.0  8.8    30.6  01:30   NNE
28    20.5   26.8  15:40   17.4  05:40    0.0    6.8     0.4 10.5    48.3  16:20   NE
29    19.1   25.7  13:20   14.8  05:40    0.0    3.4     1.4  6.5    33.8  15:30   NE
30    21.1   28.2  16:40   14.6  06:10    0.0    5.5     0.0  6.2    25.7  19:10   NNE
31    22.6   29.3  16:10   15.6  05:50    0.0    7.4     0.0  4.3    29.0  22:40   ENE
---------------------------------------------------------------------------------------
      25.6   37.0     1    14.2     8     0.0  409.8     2.6  7.0    48.3    28    NE

Max >=   32.2:  20
Max <=    0.0:  0
Min <=    0.0:  0
Min <=  -17.8:  0
Max Rain    :    1.4 mm ON 08/29/2013
Days of Rain: 3 (> 0.254 mm) 0 (> 2.54 mm) 0 (> 25.4 mm)