NOAA-Style Climate Reports


Report for 2013 Septiembre
                   MONTHLY CLIMATOLOGICAL SUMMARY for SEP 2013


NAME: Santa Monica          CITY: Rivas Urbanizaciones  STATE: Madrid - Spain      
ELEV:  651.1 m    LAT: 40.4 N    LONG:  3.5 W


                   TEMPERATURE (C), RAIN (mm), WIND SPEED (kph)

                                         HEAT   COOL         AVG
      MEAN                               DEG    DEG          WIND                  DOM
DAY   TEMP   HIGH  TIME    LOW   TIME    DAYS   DAYS   RAIN  SPEED   HIGH  TIME    DIR
---------------------------------------------------------------------------------------
01    23.0   30.3  16:10   15.1  05:50    0.0    7.8     0.0  8.3    33.8  00:50   NNE
02    24.1   30.7  14:50   17.0  05:30    0.0    9.9     0.0  5.4    25.7  00:40   NE
03    24.7   31.4  15:30   17.5  06:30    0.0   11.0     0.0  3.5    24.1  14:20   SE
04    24.2   30.9  15:40   17.5  05:50    0.0   10.6     0.0  4.6    33.8  16:20   SE
05    22.2   28.2  15:50   16.5  05:40    0.0    7.2     0.6  4.6    37.0  20:40   ESE
06    21.6   27.0  16:20   17.2  06:10    0.0    6.8     0.0  6.7    33.8  14:40   SSW
07    20.6   25.5  15:50   15.3  06:40    0.0    3.7     0.4  7.4    41.8  13:00   N
08    20.1   26.3  16:30   15.3  04:30    0.0    4.4     0.4  6.5    30.6  14:40   NNE
09    20.6   27.7  16:00   13.0  05:50    0.0    3.7     0.0  8.5    27.4  02:10   NNW
10    21.7   29.1  15:20   14.8  05:30    0.0    6.4     0.0  7.6    33.8  23:40   NNE
11    17.3   24.3  16:20   11.4  09:50    0.8    0.0     9.0 13.7    38.6  05:40   NNE
12    18.7   26.2  16:20   11.3  06:20    0.0    0.7     0.0  7.6    29.0  00:00   NNE
13    21.3   28.4  16:10   14.0  05:50    0.0    5.2     0.0  6.5    30.6  01:40   NNE
14    22.2   28.6  15:30   15.1  06:10    0.0    6.2     0.0  4.9    24.1  13:40   SSW
15    22.3   28.8  15:40   15.0  05:10    0.0    6.4     0.0  7.0    32.2  05:30   NNW
16    22.4   29.3  15:50   14.5  05:50    0.0    6.4     0.0  5.1    22.5  04:50   NNE
17    21.7   28.7  15:30   15.6  06:50    0.0    6.9     0.0  8.4    29.0  03:50   NNE
18    21.4   28.6  16:30   14.4  05:50    0.0    5.8     0.0  7.8    27.4  01:20   NNE
19    21.0   27.8  15:40   15.2  05:40    0.0    5.7     0.0  7.0    27.4  21:50   NNE
20    21.2   28.4  16:50   14.2  05:20    0.0    5.4     0.0  7.2    29.0  22:00   NNE
21    22.3   29.3  17:00   16.9  06:30    0.0    8.6     0.0  7.2    25.7  00:00   NNE
22    22.9   30.3  15:30   15.6  06:00    0.0    8.2     0.0  4.8    20.9  05:30   NNE
23    23.7   30.1  15:00   16.7  05:50    0.0    9.1     0.0  2.3    19.3  13:20   SE
24    23.5   29.5  14:50   16.9  06:00    0.0    8.8     0.0  2.5    22.5  14:20   SE
25    23.5   29.7  16:40   17.2  06:40    0.0    9.2     0.0  4.1    27.4  12:30   SSW
26    23.6   29.6  15:50   17.2  06:10    0.0    9.1     0.0  3.2    24.1  12:50   SE
27    21.7   24.8  13:40   18.9  07:00    0.0    6.3     0.0  7.9    46.7  15:10   S
28    17.4   21.4  14:30   14.5  22:20    0.7    0.0     6.2 10.7    45.1  15:00   SSW
29    16.4   19.9  15:20   14.2  05:30    2.3    0.0     0.4 13.3    45.1  15:00   WSW
30    17.5   20.3  15:20   15.1  06:00    1.2    0.0     1.0  6.5    25.7  16:10   SSW
---------------------------------------------------------------------------------------
      21.5   31.4     3    11.3    12     4.9  179.6    18.0  6.7    46.7    27    NNE

Max >=   32.2:  0
Max <=    0.0:  0
Min <=    0.0:  0
Min <=  -17.8:  0
Max Rain    :    9.0 mm ON 09/11/2013
Days of Rain: 7 (> 0.254 mm) 2 (> 2.54 mm) 0 (> 25.4 mm)