NOAA-Style Climate Reports


Report for 2013 Octubre
                   MONTHLY CLIMATOLOGICAL SUMMARY for OCT 2013


NAME: Santa Monica          CITY: Rivas Urbanizaciones  STATE: Madrid - Spain      
ELEV:  651.1 m    LAT: 40.4 N    LONG:  3.5 W


                   TEMPERATURE (C), RAIN (mm), WIND SPEED (kph)

                                         HEAT   COOL         AVG
      MEAN                               DEG    DEG          WIND                  DOM
DAY   TEMP   HIGH  TIME    LOW   TIME    DAYS   DAYS   RAIN  SPEED   HIGH  TIME    DIR
---------------------------------------------------------------------------------------
01    19.5   22.6  15:10   17.4  23:50    0.0    3.0     0.4 10.3    40.2  10:30   SW
02    20.1   24.3  17:10   15.4  05:50    0.0    2.8     0.0  1.6    17.7  11:00   SE
03    20.2   23.6  15:20   18.2  06:30    0.0    4.6     0.6  4.6    22.5  15:00   S
04    18.6   22.3  15:00   15.3  23:50    0.0    0.9     7.8  7.7    33.8  14:50   SW
05    17.4   23.1  14:30   11.8  06:00    1.7    0.0     0.0  5.3    25.7  23:40   NNE
06    17.0   22.8  15:40   11.6  06:10    2.1    0.0     0.0 10.3    30.6  23:00   NNE
07    16.8   23.2  15:50   10.5  06:20    2.6    0.0     0.0  6.7    27.4  06:10   NNE
08    17.1   24.2  16:00   10.3  06:40    1.9    0.0     0.0  4.4    29.0  00:20   NNE
09    17.6   24.3  16:20   11.3  05:50    0.9    0.0     0.0  6.6    30.6  00:50   NNE
10    17.3   24.3  15:50   10.9  06:30    1.2    0.0     0.0  5.1    24.1  13:50   NNE
11    15.5   22.7  15:40   10.1  05:40    3.5    0.0     0.0  6.7    29.0  20:10   NNE
12    13.8   20.5  15:30    7.3  06:30    8.0    0.0     0.0  7.4    29.0  15:40   SW
13    12.8   16.9  16:00    9.3  05:50    9.4    0.0     0.0  4.7    24.1  14:30   S
14    14.6   20.7  15:10    8.7  06:40    6.6    0.0     0.0  4.6    24.1  13:10   SSW
15    16.3   21.1  15:00   12.6  05:30    2.7    0.0     0.0  7.1    32.2  12:00   SSW
16    16.8   23.4  16:00   12.4  04:10    0.7    0.0     0.0  2.2    14.5  12:30   S
17    18.6   25.5  15:10   12.5  06:10    0.0    1.2     0.0  4.1    22.5  05:00   NNE
18    18.8   24.6  14:20   13.2  06:20    0.0    1.1     0.0  2.8    22.5  11:10   SE
19    16.8   21.4  14:20   14.4  05:40    0.8    0.0     4.6  3.4    25.7  15:00   SSW
20    16.0   19.4  15:10   13.2  23:50    3.7    0.0     0.6  5.2    30.6  14:10   SSW
21    15.3   20.2  14:30   10.1  06:30    5.7    0.0     0.0  2.3    22.5  12:00   SE
22    14.1   15.6  04:30   12.5  11:40    7.7    0.0     8.8  9.3    46.7  13:50   S
23    14.8   17.9  13:30   12.2  07:00    5.8    0.0     0.4  6.1    27.4  12:30   SSW
24    15.5   19.4  14:50   12.3  04:40    4.4    0.0    15.0  6.5    40.2  14:50   SE
25    14.7   17.1  13:50   13.1  06:40    5.8    0.0    18.0  2.2    24.1  14:50   SSE
26    15.6   18.9  14:00   13.3  23:50    4.0    0.0     2.4  3.0    22.5  10:40   S
27    14.8   19.9  15:00    9.5  06:50    6.5    0.0     0.0  1.5    19.3  14:00   NNE
28    14.5   19.6  14:00    9.6  06:30    6.8    0.0     0.0  3.3    24.1  14:40   SW
29    10.9   14.6  14:10    7.4  23:50   13.2    0.0     0.0  8.1    37.0  13:20   N
30     9.5   15.3  15:40    4.9  04:30   14.8    0.0     0.0  4.3    20.9  08:50   NNE
31     9.9   16.8  16:00    3.1  07:00   15.1    0.0     0.0  1.2    16.1  04:20   NNW
---------------------------------------------------------------------------------------
      15.8   25.5    17     3.1    31   135.6   13.5    58.6  5.1    46.7    22    S

Max >=   32.2:  0
Max <=    0.0:  0
Min <=    0.0:  0
Min <=  -17.8:  0
Max Rain    :   18.0 mm ON 10/25/2013
Days of Rain: 10 (> 0.254 mm) 5 (> 2.54 mm) 0 (> 25.4 mm)