NOAA-Style Climate Reports


Report for 2013 Noviembre
                   MONTHLY CLIMATOLOGICAL SUMMARY for NOV 2013


NAME: Santa Monica          CITY: Rivas Urbanizaciones  STATE: Madrid - Spain      
ELEV:  651.1 m    LAT: 40.4 N    LONG:  3.5 W


                   TEMPERATURE (C), RAIN (mm), WIND SPEED (kph)

                                         HEAT   COOL         AVG
      MEAN                               DEG    DEG          WIND                  DOM
DAY   TEMP   HIGH  TIME    LOW   TIME    DAYS   DAYS   RAIN  SPEED   HIGH  TIME    DIR
---------------------------------------------------------------------------------------
01    10.4   16.6  14:10    4.4  06:30   14.1    0.0     0.0  2.7    20.9  14:00   SSW
02    11.8   16.8  15:00    7.8  07:20   10.8    0.0     0.0  4.4    27.4  13:30   SSW
03    11.5   16.3  16:00    9.3  01:30    9.9    0.0     0.2  3.4    19.3  16:10   SSW
04    11.5   14.2  23:40    9.3  07:40   11.9    0.0     0.0 13.8    43.5  16:00   SW
05    16.8   21.3  15:10   12.9  23:50    2.2    0.0     0.0 13.4    49.9  07:20   WSW
06    14.8   21.0  15:00   10.3  05:40    4.8    0.0     0.2  3.0    17.7  13:30   SSW
07    12.6   15.7  13:40   10.6  00:30    9.3    0.0     0.0  4.4    17.7  13:40   SW
08    11.5   14.7  15:30    8.6  04:30   12.1    0.0     0.0  5.7    30.6  13:10   SW
09    10.8   14.8  14:40    7.2  06:30   13.2    0.0     0.0  3.9    33.8  16:40   NW
10    11.9   17.6  15:00    7.1  03:20   10.8    0.0     0.0  1.5    16.1  18:40   SE
11    13.2   19.8  14:20    7.2  07:20    8.7    0.0     0.0  3.5    27.4  20:20   NNE
12    13.8   20.4  14:20    8.0  06:30    7.4    0.0     0.0  4.1    30.6  14:40   NNE
13    13.0   17.4  14:00    9.9  03:50    8.4    0.0     0.0 10.2    41.8  12:40   NNE
14    10.5   16.9  14:20    6.0  06:40   12.3    0.0     0.0  7.1    32.2  11:30   NE
15     7.6   11.1  14:10    3.3  23:30   20.0    0.0     0.0 11.0    49.9  09:10   NNE
16     3.1    6.3  12:30    1.5  07:30   25.9    0.0     2.2  4.4    33.8  12:40   N
17     3.7    5.4  15:10    2.1  03:50   26.2    0.0     9.8  0.4    14.5  01:30   NNE
18     5.7   10.3  15:20    1.5  03:50   22.4    0.0     0.6  2.5    22.5  16:40   NNW
19     7.6   12.7  13:30    3.3  07:40   18.5    0.0     0.0  7.9    45.1  17:20   N
20     5.3    8.8  14:30    2.3  22:50   23.0    0.0     0.0  5.9    46.7  01:20   N
21     5.0   10.0  14:00   -0.2  07:20   24.2    0.0     0.0  9.7    35.4  13:30   WSW
22     6.4   10.0  14:00    2.9  22:30   21.4    0.0     0.0  9.6    35.4  14:40   NNW
23     5.0    9.7  14:10    0.9  06:20   23.4    0.0     0.0  6.4    35.4  16:00   NNE
24     5.5   10.6  13:30    1.9  05:00   21.8    0.0     0.0  8.9    40.2  16:50   NNE
25     6.0   12.8  14:30    1.6  03:50   20.0    0.0     0.0  6.5    37.0  12:40   NNE
26     4.4   10.2  13:30    0.1  06:30   23.8    0.0     0.0  9.1    45.1  11:10   NNE
27     4.0   10.4  14:10   -0.8  07:00   24.4    0.0     0.0 12.4    38.6  18:50   NE
28     3.6    8.6  14:30   -0.6  03:30   25.8    0.0     0.0  7.4    32.2  00:30   NNE
29     3.6    9.9  15:00   -3.1  07:30   26.8    0.0     0.0  2.5    25.7  01:30   NNE
30     3.2    8.4  16:30   -1.6  06:30   26.8    0.0     0.0  4.4    43.5  17:30   NNE
---------------------------------------------------------------------------------------
       8.5   21.3     5    -3.1    29   510.5    0.0    13.0  6.3    49.9     5    NNE

Max >=   32.2:  0
Max <=    0.0:  0
Min <=    0.0:  5
Min <=  -17.8:  0
Max Rain    :    9.8 mm ON 11/17/2013
Days of Rain: 3 (> 0.254 mm) 1 (> 2.54 mm) 0 (> 25.4 mm)