NOAA-Style Climate Reports


Report for 2013 Diciembre
                   MONTHLY CLIMATOLOGICAL SUMMARY for DEC 2013


NAME: Santa Monica          CITY: Rivas Urbanizaciones  STATE: Madrid - Spain      
ELEV:  651.1 m    LAT: 40.4 N    LONG:  3.5 W


                   TEMPERATURE (C), RAIN (mm), WIND SPEED (kph)

                                         HEAT   COOL         AVG
      MEAN                               DEG    DEG          WIND                  DOM
DAY   TEMP   HIGH  TIME    LOW   TIME    DAYS   DAYS   RAIN  SPEED   HIGH  TIME    DIR
---------------------------------------------------------------------------------------
01     4.8   11.4  13:30    0.6  04:30   22.2    0.0     0.0  7.4    40.2  06:20   NNE
02     3.2    9.6  15:40   -2.8  07:10   26.9    0.0     0.0  6.0    29.0  22:20   N
03     6.1   13.6  14:40    0.2  05:50   20.7    0.0     0.0  7.0    35.4  06:40   NNE
04     7.1   13.9  14:20    1.1  06:40   19.5    0.0     0.0  2.1    24.1  01:00   NNE
05     6.9   13.9  15:10    0.2  07:20   20.3    0.0     0.0  1.5    20.9  00:10   NNE
06     6.3   14.5  15:20   -0.2  07:10   20.1    0.0     0.0  5.7    24.1  02:10   NNE
07     5.8   12.4  15:10   -0.2  07:40   21.9    0.0     0.0  1.4    17.7  01:50   NNE
08     4.9   11.8  15:00   -1.1  07:10   23.3    0.0     0.0  0.9    14.5  01:00   NNE
09     3.5   10.3  15:00   -2.1  07:00   25.6    0.0     0.0  3.8    24.1  23:50   NNE
10     4.7   11.4  15:30   -0.6  06:40   23.2    0.0     0.0  6.2    24.1  00:30   NNE
11     5.0   11.1  14:40   -0.2  07:00   23.2    0.0     0.0  6.0    25.7  23:10   NE
12     4.8   10.4  15:10    0.4  07:50   23.2    0.0     0.0  3.9    22.5  00:00   NNE
13     4.2    7.5  13:30    0.4  07:20   25.9    0.0     5.6  0.7    12.9  02:50   N
14     7.3   12.7  15:20    3.1  04:10   18.8    0.0     0.2  6.1    25.7  11:20   NNE
15     7.0   13.2  15:30    1.8  07:30   19.5    0.0     0.0  5.5    25.7  21:20   NNE
16     7.6   15.4  14:30    2.8  05:10   16.6    0.0     0.0  7.2    29.0  02:50   NE
17     5.3    9.1  14:30    1.9  06:10   23.1    0.0     0.0  4.6    20.9  03:20   NNE
18     6.1    8.2  15:30    3.8  03:40   22.2    0.0     0.2  3.0    19.3  22:40   S
19     7.0    8.8  15:10    4.6  23:10   20.9    0.0    19.8  7.7    41.8  17:00   SSW
20     5.4    8.8  15:20    1.7  23:50   23.6    0.0     0.0 15.6    57.9  06:30   N
21     3.2    8.3  15:00   -1.6  07:50   26.9    0.0     0.0  3.8    24.1  01:20   NE
22     4.2    9.4  14:50   -0.8  07:50   25.2    0.0     0.0  0.7    14.5  06:40   NNE
23     4.7    9.8  15:40   -0.1  07:40   24.2    0.0     0.0  2.4    19.3  15:20   SSW
24     7.4   10.6  18:10    4.6  02:40   19.3    0.0    14.4 14.4    53.1  14:00   S
25     6.6    9.5  03:10    2.6  23:50   22.1    0.0     3.6 14.2    49.9  03:20   WSW
26     5.3    9.1  14:10    1.6  02:20   23.5    0.0     0.0 14.2    49.9  14:40   WSW
27     9.3   12.2  14:50    7.3  05:00   15.5    0.0     1.0 13.2    35.4  01:10   SW
28     7.5    9.7  04:20    4.1  23:40   20.6    0.0     5.0 11.9    41.8  09:30   W
29     4.5    8.3  14:20    1.1  06:50   24.5    0.0     0.0  2.4    14.5  00:00   SSE
30     2.7    6.5  15:00   -1.2  06:50   28.2    0.0     0.0  0.9    11.3  14:20   NNE
31     4.9    6.8  14:50    2.3  06:00   24.8    0.0     0.0  4.4    22.5  12:20   SSW
---------------------------------------------------------------------------------------
       5.6   15.4    16    -2.8     2   695.6    0.0    49.8  6.0    57.9    20    NNE

Max >=   32.2:  0
Max <=    0.0:  0
Min <=    0.0:  11
Min <=  -17.8:  0
Max Rain    :   19.8 mm ON 12/19/2013
Days of Rain: 6 (> 0.254 mm) 5 (> 2.54 mm) 0 (> 25.4 mm)