NOAA-Style Climate Reports


Report for 2014
                   ANNUAL CLIMATOLOGICAL SUMMARY for 2014


NAME: Santa Monica          CITY: Rivas Urbanizaciones  STATE: Madrid - Spain      
ELEV:  651.1 m    LAT: 40.4 N    LONG:  3.5 W


                 TEMPERATURE (C), RAIN (mm), WIND SPEED (kph)

                            DEP.    HEAT    COOL
          MEAN  MEAN        FROM    DEG     DEG                          MAX   MAX  MIN   MIN
 YR  MO   MAX   MIN   MEAN  NORM    DAYS    DAYS     HI DATE   LOW DATE >=32.2 <=0  <=0  <=-17.8
---------------------------------------------------------------------------------------------
2014 01   10.6   4.4   7.4   1.0   603.5     0.0   15.8  25    0.7  21      0    0    0    0
2014 02   10.5   3.3   6.7   0.0   577.7     0.0   15.9  13   -0.7   3      0    0    1    0
2014 03   16.2   5.5  10.8   1.0   417.3     0.0   23.2  16    1.7  24      0    0    0    0
2014 04   20.9  10.1  15.5   2.0   164.0    12.0   27.1  10    6.3  25      0    0    0    0
2014 05   23.3  11.1  17.4   0.5   103.4    39.4   29.7  10    6.6  14      0    0    0    0
2014 06   27.6  15.3  21.6  -0.8     5.0   173.1   32.4  13   10.1   2      1    0    0    0
2014 07   30.3  17.2  24.1  -2.2     2.9   305.0   36.4  16   12.1   4     13    0    0    0
2014 08   30.9  18.3  25.0  -0.7     0.0   350.3   33.7  27   13.8  14     10    0    0    0
2014 09   26.4  15.8  21.0  -0.4    11.2   162.0   35.8   2   10.3  25      3    0    0    0
2014 10   23.1  12.7  17.6   1.3    59.3    35.0   27.7  21    9.2  14      0    0    0    0
2014 11   14.3   7.3  10.7   0.8   407.0     0.0   21.4   1    1.6  10      0    0    0    0
2014 12   11.1   2.3   6.5  -0.4   648.2     0.0   14.4   1   -2.8  31      0    0    4    0
---------------------------------------------------------------------------------------------
          20.4  10.3  15.3   0.2  2999.6  1076.8   36.4 JUL   -2.8 DEC     27    0    5    0


                            PRECIPITATION (mm)

                  DEP.    MAX         ---DAYS OF RAIN---
                  FROM    OBS.                OVER
 YR  MO  TOTAL    NORM    DAY  DATE   0.254  2.54   25.4
---------------------------------------------------------
2014 01   65.6    22.7    9.6    4      15      8      0
2014 02   44.6     4.8   14.0    9      16      6      0
2014 03   24.2   -35.4   17.6   29       6      1      0
2014 04   33.6    -9.5   12.4    2       6      4      0
2014 05    9.4   -25.0    5.0   21       3      1      0
2014 06   21.6     4.1   12.4   11       4      3      0
2014 07    9.0     2.5    5.8    2       2      2      0
2014 08    0.0    -2.7    0.0    0       0      0      0
2014 09   24.0    11.9   10.4   21       7      3      0
2014 10   94.8    40.9   28.8   10       6      6      2
2014 11   91.4    48.9   21.8   11      15     10      0
2014 12   26.2     0.1   14.0   14       4      2      0
---------------------------------------------------------
         444.4    63.3    28.8 OCT      84     46      2


                              WIND SPEED (kph)

                              DOM
 YR  MO    AVG     HI   DATE  DIR
----------------------------------
2014 01    7.4   78.9     4    SW
2014 02    8.7   69.2     6    SW
2014 03    7.0   70.8     3   NNW
2014 04    6.2   51.5     1   WSW
2014 05    7.0   57.9    19     N
2014 06    6.4   53.1    28   WSW
2014 07    6.7   53.1     2     N
2014 08    5.9   43.5     1   WSW
2014 09    4.8   59.5     2   SSW
2014 10    4.5   56.3    11   NNE
2014 11    4.5   48.3     3   SSW
2014 12    4.2   54.7    28     N
----------------------------------
           6.1   78.9   JAN    SW