NOAA-Style Climate Reports


Report for 2014 Enero
                   MONTHLY CLIMATOLOGICAL SUMMARY for JAN 2014


NAME: Santa Monica          CITY: Rivas Urbanizaciones  STATE: Madrid - Spain      
ELEV:  651.1 m    LAT: 40.4 N    LONG:  3.5 W


                   TEMPERATURE (C), RAIN (mm), WIND SPEED (kph)

                                         HEAT   COOL         AVG
      MEAN                               DEG    DEG          WIND                  DOM
DAY   TEMP   HIGH  TIME    LOW   TIME    DAYS   DAYS   RAIN  SPEED   HIGH  TIME    DIR
---------------------------------------------------------------------------------------
01     7.6    9.2  13:40    5.7  00:50   19.6    0.0     2.4  9.0    32.2  23:30   SSW
02     9.7   11.7  23:20    8.4  06:20   15.0    0.0     9.2 11.9    35.4  22:10   SSW
03    10.6   12.0  13:00    9.8  08:10   13.4    0.0     8.2  9.2    32.2  01:20   SSW
04     7.2   10.2  01:00    2.8  23:50   21.3    0.0     9.6 15.7    78.9  11:40   SW
05     5.3    7.7  23:50    2.7  01:30   23.7    0.0     0.6  8.2    29.0  10:20   SSW
06     8.7   11.0  15:10    5.9  08:00   17.8    0.0     0.0  2.8    27.4  13:10   S
07     9.4   12.7  14:40    6.9  06:00   15.3    0.0     0.0  1.1    14.5  13:20   NNE
08     8.8   13.4  15:30    5.2  07:40   16.2    0.0     0.0  4.3    20.9  19:10   NE
09     9.0   14.7  15:10    4.9  05:40   15.3    0.0     0.0  4.8    25.7  06:30   NNE
10     9.4   14.5  16:10    5.1  07:10   15.4    0.0     0.0  4.0    27.4  00:20   NNE
11     8.3   12.6  16:00    6.2  06:40   16.1    0.0     0.0  1.0     9.7  10:20   NNE
12     5.9    8.5  15:30    2.5  06:50   23.1    0.0     1.8  0.8    12.9  14:50   NNE
13     7.3    9.6  14:50    4.2  23:40   20.7    0.0     1.0  7.9    38.6  14:30   WSW
14     8.0   11.7  16:30    4.0  00:20   18.8    0.0     0.4 13.2    40.2  12:20   WSW
15     7.5    9.1  15:20    5.7  07:10   19.7    0.0     0.2  6.4    25.7  14:10   SSW
16     7.0    8.6  15:50    3.6  22:50   22.0    0.0     3.8 10.6    30.6  14:50   SW
17     5.5    7.9  16:10    2.6  07:10   23.6    0.0     2.4  8.0    37.0  15:50   S
18     5.6    8.5  15:20    3.8  23:50   21.9    0.0     9.4  4.7    38.6  17:30   SW
19     4.3    7.0  15:50    3.0  07:00   24.0    0.0     2.6  2.3    29.0  19:40   NW
20     5.1    8.3  14:10    1.8  08:00   23.9    0.0     0.0  7.2    29.0  12:40   WSW
21     4.7    8.3  13:10    0.7  07:40   24.9    0.0     9.2  4.2    27.4  14:10   SSW
22     7.2   11.4  13:50    4.7  08:00   18.5    0.0     3.8  4.5    30.6  23:10   NNE
23     6.8   10.4  13:30    4.0  07:40   20.0    0.0     0.0 11.4    48.3  03:30   N
24     7.1   13.3  14:20    1.3  05:20   19.8    0.0     0.0  6.6    38.6  14:30   WNW
25    11.6   15.8  14:40    8.7  06:30   11.0    0.0     0.0  5.2    30.6  15:50   NW
26    10.2   15.6  14:10    4.9  05:40   14.5    0.0     0.0  5.7    46.7  22:30   SW
27     8.1   10.1  00:00    5.9  23:40   18.7    0.0     0.0 15.4    61.2  12:40   WSW
28     5.2    7.1  14:10    1.7  06:30   25.1    0.0     0.2 16.6    64.4  14:00   WSW
29     5.2    7.3  15:20    3.3  07:20   23.5    0.0     0.8  8.3    49.9  07:10   W
30     5.6    9.0  14:50    2.3  03:40   22.8    0.0     0.0  9.1    40.2  15:00   WNW
31     8.0   11.4  12:30    5.1  04:20   18.1    0.0     0.0  8.6    25.7  23:00   WSW
---------------------------------------------------------------------------------------
       7.4   15.8    25     0.7    21   603.5    0.0    65.6  7.4    78.9     4    SW

Max >=   32.2:  0
Max <=    0.0:  0
Min <=    0.0:  0
Min <=  -17.8:  0
Max Rain    :    9.6 mm ON 01/04/2014
Days of Rain: 15 (> 0.254 mm) 8 (> 2.54 mm) 0 (> 25.4 mm)