NOAA-Style Climate Reports


Report for 2014 Febrero
                   MONTHLY CLIMATOLOGICAL SUMMARY for FEB 2014


NAME: Santa Monica          CITY: Rivas Urbanizaciones  STATE: Madrid - Spain      
ELEV:  651.1 m    LAT: 40.4 N    LONG:  3.5 W


                   TEMPERATURE (C), RAIN (mm), WIND SPEED (kph)

                                         HEAT   COOL         AVG
      MEAN                               DEG    DEG          WIND                  DOM
DAY   TEMP   HIGH  TIME    LOW   TIME    DAYS   DAYS   RAIN  SPEED   HIGH  TIME    DIR
---------------------------------------------------------------------------------------
01     8.2   11.8  12:00    2.9  23:30   19.8    0.0     0.2 15.6    48.3  11:20   W
02     4.0    8.3  14:20    0.1  06:20   25.5    0.0     0.2  2.9    24.1  15:40   SSW
03     2.7    6.7  15:40   -0.7  04:40   27.6    0.0     0.8  5.8    38.6  13:40   SSW
04     4.9    7.4  16:40    2.0  01:30   24.6    0.0     1.0 13.2    43.5  16:40   SSW
05     8.2   11.1  14:10    6.7  21:50   17.0    0.0     2.6 15.1    46.7  06:10   SW
06     9.9   15.2  13:10    6.7  21:00   13.3    0.0     1.6 15.7    69.2  16:00   SSW
07     6.1    8.2  13:30    3.3  07:40   22.7    0.0     2.8 14.2    45.1  00:20   SW
08     7.9   10.6  13:10    4.9  23:50   19.0    0.0     2.6 15.2    45.1  14:30   SW
09     3.9    7.6  23:20    2.4  04:10   23.9    0.0    14.0  7.0    64.4  23:20   S
10     5.5    7.3  14:20    2.5  23:10   24.2    0.0     1.2 21.6    66.0  06:20   W
11     3.0    4.3  16:20    0.9  09:30   28.3    0.0     9.0  8.5    32.2  12:30   SW
12     4.6    6.7  16:10    2.6  06:10   24.7    0.0     0.6  1.7    19.3  09:00   SSW
13    10.7   15.9  14:40    4.9  01:40   14.3    0.0     0.0 11.0    40.2  15:00   SW
14    12.0   14.9  10:20    9.6  23:00   11.0    0.0     1.6 13.8    59.5  10:40   SSW
15     6.7   10.3  00:00    5.2  22:50   19.1    0.0     3.2  5.9    29.0  00:30   SW
16     6.1   10.1  16:20    3.8  23:10   20.4    0.0     0.8  0.9    16.1  14:50   N
17     5.1   10.2  14:00    0.1  07:00   23.7    0.0     0.0  1.9    14.5  18:50   NNE
18     6.5   10.7  15:50    4.4  05:30   19.4    0.0     0.0  4.9    25.7  17:20   NNE
19     7.1   13.3  16:00    0.7  06:30   20.4    0.0     0.0  1.3    16.1  11:50   NNW
20     6.9   10.4  16:10    1.9  07:30   21.9    0.0     0.4  6.1    27.4  11:30   SW
21     7.6   10.2  14:50    4.8  23:50   19.5    0.0     0.2  5.7    33.8  06:50   NW
22     5.8   11.1  15:30    0.9  07:10   22.2    0.0     0.0  4.2    27.4  14:40   SSW
23     7.3   14.8  15:40    0.6  07:10   19.2    0.0     0.0  2.6    22.5  14:00   SE
24     7.3   10.0  15:50    4.8  23:50   19.7    0.0     0.4  8.6    35.4  05:20   SSW
25     6.7   10.7  16:40    3.4  06:40   20.3    0.0     0.2 11.3    51.5  15:40   SW
26     6.9   10.7  14:30    3.5  08:00   20.2    0.0     1.2  7.4    43.5  01:50   WNW
27     6.4   10.5  15:40    3.1  05:10   20.8    0.0     0.0  4.4    19.3  13:10   SSW
28     9.5   13.9  13:30    5.8  00:30   15.2    0.0     0.0 16.1    66.0  15:00   WSW
---------------------------------------------------------------------------------------
       6.7   15.9    13    -0.7     3   577.7    0.0    44.6  8.7    69.2     6    SW

Max >=   32.2:  0
Max <=    0.0:  0
Min <=    0.0:  1
Min <=  -17.8:  0
Max Rain    :   14.0 mm ON 02/09/2014
Days of Rain: 16 (> 0.254 mm) 6 (> 2.54 mm) 0 (> 25.4 mm)