NOAA-Style Climate Reports


Report for 2014 Marzo
                   MONTHLY CLIMATOLOGICAL SUMMARY for MAR 2014


NAME: Santa Monica          CITY: Rivas Urbanizaciones  STATE: Madrid - Spain      
ELEV:  651.1 m    LAT: 40.4 N    LONG:  3.5 W


                   TEMPERATURE (C), RAIN (mm), WIND SPEED (kph)

                                         HEAT   COOL         AVG
      MEAN                               DEG    DEG          WIND                  DOM
DAY   TEMP   HIGH  TIME    LOW   TIME    DAYS   DAYS   RAIN  SPEED   HIGH  TIME    DIR
---------------------------------------------------------------------------------------
01     8.9   12.2  23:00    5.4  08:20   17.1    0.0     2.4 16.3    49.9  13:20   WSW
02    11.8   15.3  13:40    8.7  06:40   11.3    0.0     0.2 13.9    49.9  12:30   WSW
03     8.5   10.9  15:20    6.1  06:50   17.7    0.0     0.2 24.0    70.8  16:10   W
04     8.2   11.0  14:30    4.1  05:40   19.4    0.0     0.0 17.4    51.5  00:40   W
05    10.6   16.6  15:50    6.1  05:50   12.7    0.0     0.0  6.3    30.6  02:20   NE
06    12.1   20.9  16:40    4.2  06:40   10.4    0.0     0.0  1.9    22.5  22:50   N
07    11.3   17.6  16:30    5.3  05:50   12.5    0.0     0.0  1.1    16.1  02:30   NE
08    12.2   19.3  15:30    4.4  06:40   11.7    0.0     0.0  3.2    27.4  22:10   E
09    11.1   17.9  15:20    3.6  06:30   13.7    0.0     0.0  4.5    25.7  07:40   SE
10    10.8   19.1  16:40    2.6  06:40   13.5    0.0     0.0  2.2    20.9  06:50   NNE
11    11.8   18.4  15:10    5.3  06:50   11.7    0.0     0.0  5.5    27.4  06:10   NNE
12    10.4   16.2  14:50    4.8  06:50   14.1    0.0     0.0  2.5    19.3  06:50   NE
13     8.6   12.4  12:10    3.8  06:40   18.4    0.0     0.0  3.1    29.0  11:40   NNE
14     9.1   15.7  16:50    3.5  07:10   15.7    0.0     0.0  1.6    19.3  12:00   N
15    12.2   19.6  17:00    4.8  06:40   11.0    0.0     0.0  4.9    24.1  01:40   N
16    14.6   23.2  15:20    7.4  06:20    5.5    0.0     0.0  4.2    29.0  10:20   NNE
17    15.1   22.2  15:20    7.7  04:40    6.2    0.0     0.0  2.2    19.3  15:30   SW
18    15.6   23.1  16:00    7.2  06:20    5.7    0.0     0.0  2.7    33.8  21:30   NNE
19    14.8   20.6  16:00    9.6  05:10    5.8    0.0     0.4  6.5    37.0  01:40   NNE
20    14.7   20.8  15:10    8.9  06:50    6.2    0.0     0.0  2.0    29.0  19:30   NE
21    13.4   18.6  14:30    9.4  06:30    7.8    0.0     0.0  7.1    41.8  17:30   SSW
22    11.4   14.8  15:50    7.2  23:50   13.2    0.0     1.2 14.8    49.9  20:00   W
23     8.0   12.3  17:10    3.7  05:10   18.5    0.0     0.0  6.2    33.8  00:40   WNW
24     7.8   12.4  12:40    1.7  06:10   20.2    0.0     0.0  9.2    48.3  23:10   WNW
25     8.3   12.7  15:10    4.3  23:50   17.7    0.0     0.0 18.6    69.2  15:10   WNW
26     7.1   11.4  13:30    3.7  01:40   19.5    0.0     0.0 14.7    54.7  11:50   NNW
27     7.3   11.8  15:20    1.7  06:30   20.8    0.0     0.0  2.9    29.0  15:20   SSW
28     9.7   14.6  14:50    5.4  04:50   15.0    0.0     0.0  6.1    45.1  17:10   ESE
29     8.1   12.0  15:40    6.8  06:00   16.1    0.0    17.6  4.1    32.2  18:50   NNE
30     9.2   13.4  16:10    6.3  06:00   15.2    0.0     0.8  4.2    24.1  14:30   S
31    11.1   14.6  16:30    7.6  02:40   13.1    0.0     1.4  3.2    24.1  12:00   S
---------------------------------------------------------------------------------------
      10.8   23.2    16     1.7    24   417.3    0.0    24.2  7.0    70.8     3    NNW

Max >=   32.2:  0
Max <=    0.0:  0
Min <=    0.0:  0
Min <=  -17.8:  0
Max Rain    :   17.6 mm ON 03/29/2014
Days of Rain: 6 (> 0.254 mm) 1 (> 2.54 mm) 0 (> 25.4 mm)