NOAA-Style Climate Reports


Report for 2014 Abril
                   MONTHLY CLIMATOLOGICAL SUMMARY for APR 2014


NAME: Santa Monica          CITY: Rivas Urbanizaciones  STATE: Madrid - Spain      
ELEV:  651.1 m    LAT: 40.4 N    LONG:  3.5 W


                   TEMPERATURE (C), RAIN (mm), WIND SPEED (kph)

                                         HEAT   COOL         AVG
      MEAN                               DEG    DEG          WIND                  DOM
DAY   TEMP   HIGH  TIME    LOW   TIME    DAYS   DAYS   RAIN  SPEED   HIGH  TIME    DIR
---------------------------------------------------------------------------------------
01    13.8   18.6  15:50    9.6  04:10    7.7    0.0     0.0 10.0    51.5  13:00   SSE
02    10.4   13.3  05:30    7.6  23:40   14.2    0.0    12.4  5.0    32.2  07:30   SSE
03    10.1   14.6  15:40    6.6  03:50   13.9    0.0     0.2 11.4    40.2  14:10   W
04    10.6   15.0  14:00    6.8  07:00   13.3    0.0     0.0 10.1    37.0  14:10   WSW
05    13.2   16.8  11:50   10.0  00:00    8.9    0.0     1.0  3.8    25.7  01:00   SSW
06    15.3   21.8  16:00    9.8  06:30    4.5    0.0     0.4  2.7    24.1  14:30   SSW
07    18.0   24.3  16:00   10.7  06:20    1.5    0.0     0.0  3.0    27.4  12:50   NW
08    18.7   24.5  15:30   10.8  06:10    1.2    0.0     0.0  2.0    22.5  06:40   NNE
09    18.7   25.9  16:30   11.6  05:50    0.0    0.7     0.0  3.9    24.1  21:40   NNE
10    20.3   27.1  15:30   13.4  04:40    0.0    3.4     0.0  3.5    30.6  15:50   S
11    18.7   25.1  15:20   12.5  06:20    0.0    0.8     0.0  4.6    27.4  14:00   SW
12    15.9   22.9  15:10   11.7  05:50    1.9    0.0     0.0  4.6    40.2  15:50   NE
13    17.1   23.7  16:10    9.9  05:30    2.8    0.0     0.0  1.6    16.1  10:00   NNE
14    18.5   24.3  14:20   11.9  05:50    0.4    0.0     0.0  3.9    33.8  14:40   SE
15    18.4   25.0  15:00   13.8  06:10    0.0    1.9     7.6  2.8    51.5  18:00   NE
16    19.0   25.5  15:40   11.4  06:00    0.0    0.2     0.0  2.9    24.1  07:10   WNW
17    20.4   26.8  16:40   13.4  06:00    0.0    3.2     0.0  4.1    27.4  22:20   NNE
18    19.9   26.9  16:30   11.7  06:00    0.0    1.7     0.0  6.5    32.2  16:10   NNW
19    16.5   21.7  13:50   11.5  23:50    3.1    0.0     0.0  8.9    38.6  15:20   SW
20    12.7   17.7  15:00    8.9  05:00    9.1    0.0     0.0 12.7    38.6  02:10   SW
21    10.9   12.5  15:10    9.7  23:50   13.0    0.0     3.8  1.9    17.7  10:40   SSW
22    12.5   17.2  15:40    7.4  05:00   10.9    0.0     0.2  7.0    29.0  17:10   SW
23    14.0   18.8  14:40    8.7  04:30    8.3    0.0     0.0  8.1    32.2  15:50   SW
24    11.5   15.7  16:00    8.7  23:50   11.0    0.0     8.0 10.7    46.7  13:20   SW
25    11.1   16.2  15:20    6.3  05:00   12.7    0.0     0.0 14.5    40.2  01:40   W
26    12.0   16.6  15:10    7.7  06:00   11.2    0.0     0.0 13.4    43.5  16:50   SW
27    13.9   18.8  15:30    8.3  06:10    8.6    0.0     0.0  8.8    38.6  01:00   WNW
28    17.6   23.4  15:40   11.2  05:40    1.8    0.0     0.0  7.4    38.6  14:40   WNW
29    17.7   23.5  14:10   11.1  05:20    1.9    0.0     0.0  3.4    37.0  16:10   NW
30    17.6   23.2  15:40   11.4  05:10    1.9    0.0     0.0  4.2    30.6  15:10   N
---------------------------------------------------------------------------------------
      15.5   27.1    10     6.3    25   164.0   12.0    33.6  6.2    51.5     1    WSW

Max >=   32.2:  0
Max <=    0.0:  0
Min <=    0.0:  0
Min <=  -17.8:  0
Max Rain    :   12.4 mm ON 04/02/2014
Days of Rain: 6 (> 0.254 mm) 4 (> 2.54 mm) 0 (> 25.4 mm)