NOAA-Style Climate Reports


Report for 2014 Mayo
                   MONTHLY CLIMATOLOGICAL SUMMARY for MAY 2014


NAME: Santa Monica          CITY: Rivas Urbanizaciones  STATE: Madrid - Spain      
ELEV:  651.1 m    LAT: 40.4 N    LONG:  3.5 W


                   TEMPERATURE (C), RAIN (mm), WIND SPEED (kph)

                                         HEAT   COOL         AVG
      MEAN                               DEG    DEG          WIND                  DOM
DAY   TEMP   HIGH  TIME    LOW   TIME    DAYS   DAYS   RAIN  SPEED   HIGH  TIME    DIR
---------------------------------------------------------------------------------------
01    18.2   25.1  16:00   11.1  05:50    0.4    0.0     0.0  5.1    32.2  17:00   N
02    16.2   20.9  15:00   10.4  23:50    4.8    0.0     0.0 11.7    41.8  19:40   NNE
03    14.8   21.8  15:50    8.0  05:20    6.2    0.0     0.0  9.9    41.8  08:20   NE
04    16.6   25.1  16:30    7.1  05:10    4.0    0.0     0.0  2.7    20.9  00:50   NNE
05    19.7   27.1  16:20   10.8  05:20    0.0    1.1     0.0  2.7    20.9  14:30   SW
06    21.0   27.8  16:20   13.4  05:20    0.0    4.1     0.0  4.6    35.4  14:30   SW
07    20.5   25.0  16:00   15.3  06:00    0.0    3.2     0.0  0.9    12.9  14:10   NW
08    21.5   27.2  14:50   15.1  04:40    0.0    5.1     0.0  4.7    25.7  22:50   NNE
09    22.3   29.4  15:20   15.1  05:20    0.0    7.1     0.0  6.9    25.7  05:10   N
10    23.4   29.7  15:20   16.2  05:20    0.0    8.3     0.0  3.5    29.0  18:20   N
11    22.3   26.8  15:20   17.6  07:00    0.0    6.9     0.0  3.8    46.7  14:00   NW
12    20.5   27.8  16:20   12.8  05:00    0.0    3.6     0.0  7.9    35.4  16:20   N
13    15.9   22.6  16:10    9.7  05:00    4.0    0.0     0.0 11.7    37.0  11:40   NE
14    15.9   24.3  17:10    6.6  05:00    5.1    0.0     0.0 10.1    35.4  02:40   NNE
15    18.5   26.1  17:00   10.3  05:00    0.2    0.0     0.0  6.8    30.6  13:30   NNE
16    18.7   25.8  16:00   10.9  05:00    0.0    0.1     0.0  7.3    27.4  02:20   NNE
17    17.8   25.1  16:20    9.4  05:10    1.9    0.0     0.0  5.6    27.4  05:00   NE
18    18.5   25.1  16:00   10.7  04:30    0.8    0.0     0.0  4.3    33.8  14:30   SSW
19    17.6   21.4  14:10   11.8  23:50    3.1    0.0     0.2 10.8    57.9  16:50   SSW
20    13.5   17.3  16:20   10.3  05:40    8.2    0.0     0.0  7.6    40.2  14:40   SSW
21    11.8   17.1  15:00    8.2  23:50   10.3    0.0     5.0 13.7    54.7  06:10   SSW
22    11.5   16.2  16:10    7.2  03:50   11.9    0.0     0.0 12.2    51.5  15:20   SW
23    13.6   18.2  16:30    9.6  10:20    8.1    0.0     0.2  7.3    38.6  10:20   WSW
24    15.6   20.9  15:40    9.4  05:20    5.7    0.0     0.0  6.6    33.8  12:50   SW
25    16.0   21.1  15:20   10.8  04:40    4.3    0.0     0.0  7.1    35.4  10:20   SW
26    15.7   21.4  17:00   10.3  04:30    4.4    0.0     0.0  3.2    22.5  14:30   N
27    17.1   21.1  16:00   12.4  05:10    2.9    0.0     0.0  5.9    29.0  16:50   WNW
28    15.1   19.5  15:10   11.7  05:40    4.9    0.0     2.4  7.7    41.8  13:00   W
29    16.8   21.8  16:50   10.1  03:50    4.3    0.0     0.0  3.9    29.0  13:20   NW
30    17.8   21.9  16:50   12.9  23:50    1.6    0.0     0.0  8.0    37.0  20:00   N
31    14.9   20.4  17:20    9.1  05:20    6.4    0.0     1.6 11.6    45.1  19:40   NNE
---------------------------------------------------------------------------------------
      17.4   29.7    10     6.6    14   103.4   39.4     9.4  7.0    57.9    19    N

Max >=   32.2:  0
Max <=    0.0:  0
Min <=    0.0:  0
Min <=  -17.8:  0
Max Rain    :    5.0 mm ON 05/21/2014
Days of Rain: 3 (> 0.254 mm) 1 (> 2.54 mm) 0 (> 25.4 mm)