NOAA-Style Climate Reports


Report for 2014 Junio
                   MONTHLY CLIMATOLOGICAL SUMMARY for JUN 2014


NAME: Santa Monica          CITY: Rivas Urbanizaciones  STATE: Madrid - Spain      
ELEV:  651.1 m    LAT: 40.4 N    LONG:  3.5 W


                   TEMPERATURE (C), RAIN (mm), WIND SPEED (kph)

                                         HEAT   COOL         AVG
      MEAN                               DEG    DEG          WIND                  DOM
DAY   TEMP   HIGH  TIME    LOW   TIME    DAYS   DAYS   RAIN  SPEED   HIGH  TIME    DIR
---------------------------------------------------------------------------------------
01    17.2   23.7  17:00   10.3  05:10    2.4    0.0     0.0  9.1    33.8  06:30   NNE
02    18.4   26.0  16:40   10.1  05:10    0.5    0.0     0.0  5.7    30.6  13:40   N
03    21.3   27.9  17:00   12.8  05:20    0.0    3.7     0.0  6.2    32.2  19:10   WSW
04    21.4   26.2  16:00   15.3  04:30    0.0    4.3     0.0  6.8    30.6  12:50   SW
05    20.6   26.4  16:30   13.8  05:20    0.0    3.2     0.0  5.8    30.6  16:10   SW
06    23.2   28.9  15:50   17.7  04:00    0.0    8.9     0.0  7.3    49.9  14:40   SW
07    20.5   25.8  15:30   15.6  05:00    0.0    4.2     0.0  7.0    35.4  15:40   SW
08    22.0   28.3  16:00   14.4  04:00    0.0    5.5     0.0  3.6    27.4  12:50   NW
09    22.0   27.3  14:10   16.3  06:10    0.0    6.2     0.0  5.5    32.2  12:30   SW
10    21.6   27.5  17:00   14.7  04:40    0.0    4.9     0.0  3.3    32.2  13:30   SE
11    21.2   29.6  14:10   17.1  17:50    0.0    9.1    12.4  6.2    49.9  17:30   NNE
12    23.8   31.2  17:10   16.9  03:10    0.0   10.3     0.0  6.2    27.4  20:50   NE
13    25.2   32.4  16:10   17.2  05:00    0.0   11.7     0.0  5.9    32.2  13:10   NNE
14    24.3   31.7  15:20   17.6  23:50    0.0   11.3     0.0 12.4    45.1  19:00   NNE
15    20.8   27.9  16:30   13.5  05:00    0.0    4.3     0.0 12.1    43.5  08:10   NE
16    18.6   24.6  15:00   12.6  04:50    0.0    0.4     0.0 10.4    40.2  00:30   NE
17    20.5   27.2  16:00   12.9  04:50    0.0    3.2     0.0  5.9    29.0  23:50   NNE
18    22.8   29.7  16:50   14.2  04:50    0.0    6.5     0.0  6.7    32.2  01:20   NW
19    23.8   30.3  15:50   17.4  05:00    0.0    9.9     2.2  3.8    35.4  18:00   SE
20    24.0   28.8  16:00   18.7  05:00    0.0    9.8     0.0  4.6    29.0  22:30   SE
21    22.1   26.7  16:00   16.9  06:40    0.0    6.2     0.0  6.8    33.8  12:10   SW
22    22.3   27.2  16:50   16.2  05:40    0.0    6.1     0.0  2.7    24.1  11:10   SW
23    22.2   28.3  16:30   15.8  04:50    0.0    6.7     0.0  5.7    37.0  16:20   S
24    17.5   19.3  17:00   15.1  05:50    2.1    0.0     4.4  4.0    37.0  14:40   NW
25    20.5   26.3  16:10   15.2  03:10    0.0    4.4     0.0  2.6    22.5  07:10   NNE
26    21.9   26.9  17:30   15.3  05:10    0.0    4.9     2.6  3.9    35.4  13:50   NW
27    23.4   29.4  15:30   16.1  04:40    0.0    7.9     0.0  6.4    33.8  17:20   SW
28    22.9   28.2  14:50   17.6  04:50    0.0    8.2     0.0 13.2    53.1  14:30   SW
29    21.4   26.5  16:20   16.7  05:00    0.0    5.8     0.0  5.1    38.6  16:30   NW
30    22.1   28.8  17:20   13.8  05:10    0.0    5.3     0.0  7.7    33.8  14:40   SW
---------------------------------------------------------------------------------------
      21.6   32.4    13    10.1     2     5.0  173.1    21.6  6.4    53.1    28    WSW

Max >=   32.2:  1
Max <=    0.0:  0
Min <=    0.0:  0
Min <=  -17.8:  0
Max Rain    :   12.4 mm ON 06/11/2014
Days of Rain: 4 (> 0.254 mm) 3 (> 2.54 mm) 0 (> 25.4 mm)