NOAA-Style Climate Reports


Report for 2014 Julio
                   MONTHLY CLIMATOLOGICAL SUMMARY for JUL 2014


NAME: Santa Monica          CITY: Rivas Urbanizaciones  STATE: Madrid - Spain      
ELEV:  651.1 m    LAT: 40.4 N    LONG:  3.5 W


                   TEMPERATURE (C), RAIN (mm), WIND SPEED (kph)

                                         HEAT   COOL         AVG
      MEAN                               DEG    DEG          WIND                  DOM
DAY   TEMP   HIGH  TIME    LOW   TIME    DAYS   DAYS   RAIN  SPEED   HIGH  TIME    DIR
---------------------------------------------------------------------------------------
01    21.7   25.7  16:40   16.9  05:50    0.0    5.4     0.0 11.0    51.5  14:40   SW
02    19.6   25.7  16:40   14.2  05:30    0.0    2.9     5.8  5.6    53.1  20:50   S
03    16.9   21.0  10:00   12.4  13:30    2.9    0.0     3.2  7.9    40.2  13:20   NNE
04    20.5   27.4  17:00   12.1  05:00    0.0    2.5     0.0  3.1    27.4  13:20   SW
05    24.3   29.9  15:00   17.1  03:30    0.0    9.3     0.0  6.1    40.2  15:30   SW
06    20.8   24.6  16:50   16.7  05:30    0.0    4.2     0.0 12.7    41.8  15:30   SW
07    20.8   25.5  14:40   16.0  05:20    0.0    4.3     0.0  5.9    30.6  08:50   WNW
08    22.3   29.2  16:30   14.4  05:30    0.0    6.2     0.0  3.5    29.0  20:30   NNE
09    20.7   27.3  17:10   15.2  04:50    0.0    5.2     0.0 12.2    35.4  11:00   NE
10    19.9   27.7  17:50   12.2  04:50    0.0    2.9     0.0  8.5    30.6  20:10   NNE
11    21.1   29.1  16:10   12.5  05:20    0.0    4.4     0.0  8.9    30.6  20:20   NNE
12    22.3   30.6  17:10   13.7  05:20    0.0    6.8     0.0  6.0    27.4  00:00   N
13    24.9   32.0  18:30   16.2  04:30    0.0   10.4     0.0  6.1    32.2  13:10   N
14    26.9   33.8  16:30   18.9  05:20    0.0   14.5     0.0  7.8    33.8  23:20   NNE
15    27.9   34.6  17:20   20.1  05:10    0.0   16.2     0.0  3.2    30.6  00:00   NNE
16    29.7   36.4  16:10   21.6  05:20    0.0   19.2     0.0  3.6    29.0  16:30   ESE
17    29.5   35.6  15:40   22.3  05:10    0.0   19.1     0.0  4.7    38.6  13:40   ESE
18    28.7   34.2  13:40   23.3  23:50    0.0   18.8     0.0  9.3    51.5  13:40   SW
19    19.9   23.1  00:00   17.8  22:10    0.0    3.8     0.0 10.7    46.7  16:40   SW
20    20.5   25.0  17:20   15.1  04:40    0.0    3.1     0.0  5.2    38.6  12:20   WNW
21    23.0   30.0  17:40   15.2  05:00    0.0    7.7     0.0  4.5    30.6  23:20   NNE
22    25.7   33.0  16:20   17.1  04:40    0.0   12.1     0.0  6.4    27.4  00:30   N
23    27.9   34.9  16:40   19.6  04:40    0.0   16.1     0.0  6.6    30.6  13:40   SW
24    27.8   33.7  15:10   20.1  05:40    0.0   15.3     0.0  4.6    25.7  14:00   NW
25    26.9   33.0  16:10   19.8  06:00    0.0   14.5     0.0  4.1    29.0  13:10   SSW
26    27.4   33.9  16:20   19.8  05:20    0.0   15.3     0.0  3.7    25.7  15:20   SW
27    28.0   34.8  15:30   20.3  05:20    0.0   16.6     0.0  4.7    27.4  00:20   NE
28    27.4   33.8  15:00   21.4  05:40    0.0   16.7     0.0  9.1    40.2  20:00   NW
29    22.6   29.1  17:10   17.3  05:10    0.0    8.8     0.0  8.6    33.8  09:30   NE
30    23.2   31.4  17:20   14.6  05:20    0.0    8.4     0.0  6.5    29.0  07:10   NNE
31    26.9   33.3  15:30   19.0  05:00    0.0   14.1     0.0  7.6    30.6  14:50   WSW
---------------------------------------------------------------------------------------
      24.1   36.4    16    12.1     4     2.9  305.0     9.0  6.7    53.1     2    N

Max >=   32.2:  13
Max <=    0.0:  0
Min <=    0.0:  0
Min <=  -17.8:  0
Max Rain    :    5.8 mm ON 07/02/2014
Days of Rain: 2 (> 0.254 mm) 2 (> 2.54 mm) 0 (> 25.4 mm)