NOAA-Style Climate Reports


Report for 2014 Agosto
                   MONTHLY CLIMATOLOGICAL SUMMARY for AUG 2014


NAME: Santa Monica          CITY: Rivas Urbanizaciones  STATE: Madrid - Spain      
ELEV:  651.1 m    LAT: 40.4 N    LONG:  3.5 W


                   TEMPERATURE (C), RAIN (mm), WIND SPEED (kph)

                                         HEAT   COOL         AVG
      MEAN                               DEG    DEG          WIND                  DOM
DAY   TEMP   HIGH  TIME    LOW   TIME    DAYS   DAYS   RAIN  SPEED   HIGH  TIME    DIR
---------------------------------------------------------------------------------------
01    23.6   26.4  14:00   19.4  05:40    0.0    8.2     0.0 12.3    43.5  12:40   SW
02    22.2   26.7  16:20   17.3  05:50    0.0    6.6     0.0  9.5    37.0  16:40   WSW
03    22.9   28.2  17:10   16.6  05:30    0.0    7.4     0.0  3.7    27.4  12:40   SW
04    25.0   30.8  17:00   18.5  06:30    0.0   11.4     0.0  4.3    27.4  11:30   SW
05    26.2   32.3  16:10   19.0  05:20    0.0   13.1     0.0  4.3    24.1  02:50   NNE
06    26.9   33.6  16:20   19.2  05:10    0.0   14.5     0.0  4.4    30.6  15:40   NW
07    27.7   33.5  16:30   20.4  05:30    0.0   15.5     0.0  6.1    32.2  16:30   SW
08    27.4   32.6  15:50   21.5  05:30    0.0   15.6     0.0  8.0    43.5  14:40   SW
09    26.0   31.2  14:10   19.8  04:40    0.0   12.9     0.0  5.6    41.8  13:50   WNW
10    25.6   31.1  15:00   19.3  05:30    0.0   12.3     0.0  7.1    30.6  16:10   SW
11    26.4   31.9  16:30   19.4  05:30    0.0   13.2     0.0  2.9    24.1  13:20   SW
12    26.3   32.6  16:10   19.6  04:40    0.0   13.9     0.0  6.4    33.8  20:30   WNW
13    23.5   28.3  17:20   17.8  23:50    0.0    8.5     0.0  8.1    38.6  02:40   N
14    21.4   28.6  16:10   13.8  06:00    0.0    5.2     0.0  8.2    30.6  01:00   NNE
15    23.2   30.6  17:00   15.5  05:30    0.0    8.4     0.0  7.4    33.8  21:50   NNE
16    22.1   29.3  16:30   15.2  06:10    0.0    7.0     0.0  9.9    38.6  04:20   NNE
17    24.2   31.6  17:00   15.6  05:40    0.0    9.4     0.0  5.2    22.5  07:00   NNE
18    25.5   31.5  15:40   20.1  05:30    0.0   13.4     0.0  5.6    40.2  15:40   NE
19    25.0   31.1  16:30   18.2  05:40    0.0   11.3     0.0  6.2    37.0  13:30   WSW
20    24.4   29.8  15:20   17.7  06:00    0.0    9.8     0.0  4.0    27.4  14:10   SW
21    23.4   29.2  16:20   15.9  05:40    0.0    7.6     0.0  7.5    33.8  14:20   SW
22    22.7   27.2  13:50   18.2  05:40    0.0    7.8     0.0  6.8    35.4  10:40   SW
23    22.8   29.4  16:10   14.6  05:50    0.0    6.6     0.0  5.0    24.1  03:40   N
24    24.8   31.1  16:00   17.4  06:10    0.0   10.7     0.0  4.2    25.7  13:50   SSW
25    26.2   33.1  15:50   17.6  05:30    0.0   12.6     0.0  5.4    37.0  14:50   SW
26    27.0   32.8  15:30   19.4  05:40    0.0   14.1     0.0  7.0    38.6  16:20   WNW
27    27.4   33.7  15:50   20.5  06:00    0.0   15.8     0.0  2.4    27.4  15:00   NW
28    27.2   33.7  14:30   19.9  06:20    0.0   15.2     0.0  6.0    35.4  15:00   SW
29    27.1   31.5  15:40   21.7  06:30    0.0   14.9     0.0  3.1    24.1  15:40   NNE
30    25.9   31.3  14:50   19.2  05:50    0.0   12.4     0.0  2.9    19.3  23:10   NE
31    26.5   32.9  16:00   20.3  05:30    0.0   14.9     0.0  3.4    24.1  23:20   NE
---------------------------------------------------------------------------------------
      25.0   33.7    27    13.8    14     0.0  350.3     0.0  5.9    43.5     1    WSW

Max >=   32.2:  10
Max <=    0.0:  0
Min <=    0.0:  0
Min <=  -17.8:  0
Max Rain    :    0.0 mm ON --/--/----
Days of Rain: 0 (> 0.254 mm) 0 (> 2.54 mm) 0 (> 25.4 mm)