NOAA-Style Climate Reports


Report for 2014 Septiembre
                   MONTHLY CLIMATOLOGICAL SUMMARY for SEP 2014


NAME: Santa Monica          CITY: Rivas Urbanizaciones  STATE: Madrid - Spain      
ELEV:  651.1 m    LAT: 40.4 N    LONG:  3.5 W


                   TEMPERATURE (C), RAIN (mm), WIND SPEED (kph)

                                         HEAT   COOL         AVG
      MEAN                               DEG    DEG          WIND                  DOM
DAY   TEMP   HIGH  TIME    LOW   TIME    DAYS   DAYS   RAIN  SPEED   HIGH  TIME    DIR
---------------------------------------------------------------------------------------
01    27.5   34.1  17:00   20.0  06:00    0.0   15.7     0.0  5.7    22.5  02:50   NNE
02    27.7   35.8  15:50   20.4  05:10    0.0   17.6     0.2  8.6    59.5  18:30   NNE
03    26.4   32.5  16:10   20.5  05:20    0.0   14.7     0.0  5.9    43.5  16:40   SW
04    23.9   29.7  15:30   17.6  05:50    0.0    9.6     0.0  6.4    30.6  10:30   SSW
05    24.8   30.9  16:00   18.5  05:40    0.0   11.4     0.0  4.7    25.7  14:40   SSW
06    23.8   28.7  13:50   18.9  05:30    0.0    9.8     0.0  4.4    27.4  13:10   SSW
07    22.5   27.4  15:00   18.4  06:10    0.0    8.3     0.0  4.4    30.6  15:00   SW
08    22.3   28.8  15:20   16.3  05:50    0.0    7.6     0.0  4.0    25.7  15:40   NNW
09    23.8   29.8  16:40   17.6  04:50    0.0    9.6     0.0  3.3    22.5  23:40   NNE
10    24.1   29.2  16:30   18.3  06:00    0.0    9.7     0.0  5.1    29.0  21:10   SSW
11    21.9   26.7  15:40   16.7  04:50    0.0    6.1     0.0  5.9    33.8  13:10   SSW
12    22.8   28.6  16:10   16.4  06:10    0.0    7.6     0.0  3.8    25.7  12:40   SSW
13    23.2   28.8  16:00   16.8  06:10    0.0    8.1     0.0  3.8    22.5  14:50   SW
14    22.1   27.1  14:10   16.6  06:20    0.0    6.4     0.0  5.3    35.4  13:50   SW
15    19.9   24.7  16:10   14.6  06:00    0.0    2.4     2.6  3.8    27.4  12:20   SW
16    21.1   26.7  12:20   16.4  05:10    0.0    5.8     0.0  7.9    48.3  15:10   SSW
17    18.7   24.5  14:00   15.9  06:40    0.0    3.4     2.0  7.4    30.6  11:50   SSW
18    17.7   23.3  13:20   14.8  05:40    0.0    1.3     2.4  4.4    33.8  13:20   S
19    17.4   21.8  13:30   14.3  05:10    0.6    0.0     0.2  4.9    38.6  15:30   S
20    19.2   24.3  15:20   14.0  06:10    0.0    1.5     0.0  2.6    20.9  15:40   NNE
21    20.3   26.1  15:00   15.1  23:50    0.0    4.1    10.4  8.0    33.8  19:00   SSW
22    17.7   23.0  15:10   14.3  04:10    0.0    0.6     1.6  3.5    22.5  00:40   N
23    17.4   22.6  15:10   13.3  06:10    0.7    0.0     0.0  4.2    27.4  16:20   S
24    15.9   20.1  14:50   13.1  06:00    3.1    0.0     3.2  3.2    22.5  03:30   S
25    16.2   22.6  16:40   10.3  06:00    3.5    0.0     0.0  8.2    25.7  02:50   NNE
26    17.6   24.6  15:50   11.1  04:40    0.9    0.0     0.0  4.5    25.7  05:00   NNE
27    18.3   22.3  16:00   13.3  06:40    0.9    0.0     0.2  5.0    30.6  19:10   SE
28    17.5   20.2  16:50   14.8  05:20    1.4    0.0     1.0  0.4    11.3  04:10   NNE
29    18.2   23.0  14:40   13.6  06:10    0.1    0.0     0.2  2.3    20.9  13:20   SW
30    19.1   25.2  15:00   12.6  06:20    0.0    0.9     0.0  2.7    22.5  06:00   NNE
---------------------------------------------------------------------------------------
      21.0   35.8     2    10.3    25    11.2  162.0    24.0  4.8    59.5     2    SSW

Max >=   32.2:  3
Max <=    0.0:  0
Min <=    0.0:  0
Min <=  -17.8:  0
Max Rain    :   10.4 mm ON 09/21/2014
Days of Rain: 7 (> 0.254 mm) 3 (> 2.54 mm) 0 (> 25.4 mm)