NOAA-Style Climate Reports


Report for 2014 Octubre
                   MONTHLY CLIMATOLOGICAL SUMMARY for OCT 2014


NAME: Santa Monica          CITY: Rivas Urbanizaciones  STATE: Madrid - Spain      
ELEV:  651.1 m    LAT: 40.4 N    LONG:  3.5 W


                   TEMPERATURE (C), RAIN (mm), WIND SPEED (kph)

                                         HEAT   COOL         AVG
      MEAN                               DEG    DEG          WIND                  DOM
DAY   TEMP   HIGH  TIME    LOW   TIME    DAYS   DAYS   RAIN  SPEED   HIGH  TIME    DIR
---------------------------------------------------------------------------------------
01    19.6   25.2  15:00   14.6  06:50    0.0    2.8     0.0  3.8    24.1  10:30   NE
02    20.0   25.7  15:30   15.8  06:20    0.0    4.4     0.0  2.0    16.1  06:50   NE
03    19.8   25.1  14:30   15.3  06:30    0.0    3.3     0.0  2.0    20.9  13:10   NNE
04    19.6   25.5  14:50   13.3  06:20    0.0    1.9     0.0  2.5    25.7  15:10   WNW
05    18.8   24.5  15:40   13.7  06:00    0.0    1.4     0.0  6.2    27.4  04:40   SW
06    17.6   23.2  15:40   12.7  05:50    0.6    0.0     0.0  5.1    30.6  13:20   SSW
07    17.1   21.6  16:00   13.2  05:10    1.8    0.0     0.0  8.3    32.2  15:10   SW
08    18.1   23.4  14:50   13.6  04:40    0.0    0.3     0.2  4.6    29.0  15:00   SSW
09    17.0   20.2  15:40   14.9  23:30    1.4    0.0    28.4  6.4    43.5  12:10   SSW
10    15.9   19.0  15:40   13.3  06:10    3.9    0.0    28.8  2.0    24.1  05:40   S
11    16.2   20.7  14:50   13.3  21:30    2.5    0.0    17.4  3.6    56.3  19:30   SSE
12    14.2   17.6  14:30   12.0  23:50    6.3    0.0     3.2 10.0    35.4  09:50   S
13    12.7   15.1  11:40   10.4  23:40   10.1    0.0     8.6 10.0    33.8  04:10   SW
14    11.6   14.5  15:40    9.2  07:20   11.7    0.0     8.2  4.6    25.7  04:10   WSW
15    13.0   15.8  22:00    9.3  03:50   10.4    0.0     0.0  4.1    25.7  12:00   SSW
16    17.3   21.1  13:50   15.3  01:40    0.2    0.0     0.0  5.9    35.4  14:10   SSW
17    17.4   22.0  15:30   13.6  05:40    1.0    0.0     0.0  2.2    20.9  14:40   S
18    18.9   26.6  15:10   12.7  06:40    0.0    2.3     0.0  3.7    22.5  13:50   NNE
19    20.0   27.1  14:30   14.3  06:30    0.0    4.2     0.0  8.3    29.0  06:10   NNE
20    20.0   26.6  14:20   13.9  06:00    0.0    3.4     0.0  4.9    24.1  03:40   NNE
21    20.5   27.7  15:20   12.4  06:30    0.0    3.1     0.0  3.0    24.1  00:10   NNW
22    18.7   23.8  14:00   13.9  06:20    0.0    0.9     0.0  4.8    27.4  14:30   NNE
23    17.1   24.5  15:20    9.6  05:40    2.3    0.0     0.0  3.8    29.0  17:10   NNE
24    19.5   26.8  14:20   12.3  05:30    0.0    2.2     0.0  5.0    27.4  13:10   NNE
25    19.6   26.6  14:40   13.7  06:50    0.0    3.2     0.0  7.7    30.6  05:40   NNE
26    18.0   26.3  14:50   12.1  06:10    0.0    1.6     0.0  5.3    25.7  04:50   NNE
27    18.0   24.6  15:50   12.1  07:00    0.0    0.0     0.0  1.8    19.3  00:00   NNE
28    16.2   22.3  15:20   10.7  06:30    3.3    0.0     0.0  1.8    19.3  22:10   NE
29    17.0   23.7  14:20   11.3  06:40    1.5    0.0     0.0  1.7    17.7  05:40   NNE
30    17.8   25.2  15:20   11.2  06:50    0.2    0.0     0.0  1.9    24.1  03:40   NNE
31    17.3   23.2  14:30   11.2  06:30    2.1    0.0     0.0  2.5    22.5  05:50   NNE
---------------------------------------------------------------------------------------
      17.6   27.7    21     9.2    14    59.3   35.0    94.8  4.5    56.3    11    NNE

Max >=   32.2:  0
Max <=    0.0:  0
Min <=    0.0:  0
Min <=  -17.8:  0
Max Rain    :   28.8 mm ON 10/10/2014
Days of Rain: 6 (> 0.254 mm) 6 (> 2.54 mm) 2 (> 25.4 mm)