NOAA-Style Climate Reports


Report for 2014 Noviembre
                   MONTHLY CLIMATOLOGICAL SUMMARY for NOV 2014


NAME: Santa Monica          CITY: Rivas Urbanizaciones  STATE: Madrid - Spain      
ELEV:  651.1 m    LAT: 40.4 N    LONG:  3.5 W


                   TEMPERATURE (C), RAIN (mm), WIND SPEED (kph)

                                         HEAT   COOL         AVG
      MEAN                               DEG    DEG          WIND                  DOM
DAY   TEMP   HIGH  TIME    LOW   TIME    DAYS   DAYS   RAIN  SPEED   HIGH  TIME    DIR
---------------------------------------------------------------------------------------
01    15.6   21.4  15:00    9.6  06:30    5.2    0.0     0.0  0.5    16.1  05:40   N
02    13.9   19.3  14:10    9.6  06:50    6.9    0.0     0.6  2.7    24.1  19:00   NNE
03    11.9   14.7  14:00    9.6  06:50   11.1    0.0     3.4  8.9    48.3  20:40   SSW
04     9.4   11.6  13:30    7.7  23:50   15.7    0.0     5.0 12.4    45.1  12:30   WNW
05     9.0   12.6  14:50    5.4  05:10   16.8    0.0     0.0  4.1    29.0  01:10   NW
06     9.6   14.2  14:40    4.3  04:30   16.3    0.0     0.0  3.6    29.0  21:10   SW
07    12.6   16.8  14:40    9.4  00:10    9.3    0.0     0.8  6.3    29.0  04:00   WSW
08    10.7   13.5  14:00    8.6  23:40   13.2    0.0     4.4  4.3    32.2  15:10   SW
09     8.3   11.9  13:10    5.4  23:40   17.4    0.0     0.0  2.5    32.2  15:00   NW
10     6.9   11.2  14:20    1.6  06:50   21.4    0.0     0.4  1.5    24.1  14:00   NW
11     8.3   10.3  15:50    6.6  04:10   17.8    0.0    21.8  2.5    25.7  11:50   SSW
12    10.5   13.9  14:20    8.3  23:50   13.0    0.0     0.0  7.2    33.8  11:20   SW
13    12.5   16.0  15:00    8.3  00:00   11.1    0.0     0.2  7.1    33.8  22:10   S
14    11.1   14.2  14:20    7.5  22:30   13.5    0.0     8.6  8.1    38.6  15:00   SSW
15     8.5   11.6  13:50    6.2  07:00   17.0    0.0     1.2 10.3    48.3  12:50   SW
16     8.4   11.2  13:10    5.3  06:50   18.2    0.0     0.2  7.6    33.8  12:30   SW
17     9.0   12.9  15:10    5.8  23:50   16.2    0.0     0.2  6.0    29.0  11:20   WSW
18     6.8   10.7  14:40    2.3  06:50   21.3    0.0     0.0  1.5    17.7  13:40   NNE
19    10.3   15.8  14:50    5.9  05:00   13.5    0.0     0.0  2.0    16.1  10:50   NE
20    12.9   20.1  14:00    7.2  07:10    8.4    0.0     0.0  4.2    29.0  14:40   NNE
21    11.5   15.4  13:50    7.3  07:10   12.5    0.0     0.0  5.0    24.1  08:50   NNE
22    13.8   18.1  14:10    9.5  07:30    8.2    0.0     0.0  3.5    24.1  23:40   NE
23    15.2   18.1  13:10   12.4  09:00    5.5    0.0     3.2  3.1    30.6  03:10   SE
24    14.2   17.9  14:10   10.7  06:50    7.2    0.0     0.0  1.4    19.3  08:20   NNE
25    11.9   15.4  13:20    9.2  07:10   10.8    0.0    13.2  3.0    24.1  18:10   S
26    10.3   12.1  15:10    7.9  23:50   15.0    0.0     0.2  3.9    27.4  14:10   SW
27     9.3   12.3  15:00    6.9  02:40   15.7    0.0     2.2  3.0    30.6  15:20   SE
28     8.6   10.4  12:00    7.8  20:30   16.6    0.0    20.6  3.9    40.2  11:40   SE
29     8.1    9.2  14:40    6.9  23:20   18.5    0.0     2.6  2.0    14.5  00:00   N
30    10.4   14.7  14:00    6.7  01:10   13.8    0.0     2.6  2.1    25.7  12:20   N
---------------------------------------------------------------------------------------
      10.7   21.4     1     1.6    10   407.0    0.0    91.4  4.5    48.3     3    SSW

Max >=   32.2:  0
Max <=    0.0:  0
Min <=    0.0:  0
Min <=  -17.8:  0
Max Rain    :   21.8 mm ON 11/11/2014
Days of Rain: 15 (> 0.254 mm) 10 (> 2.54 mm) 0 (> 25.4 mm)