NOAA-Style Climate Reports


Report for 2014 Diciembre
                   MONTHLY CLIMATOLOGICAL SUMMARY for DEC 2014


NAME: Santa Monica          CITY: Rivas Urbanizaciones  STATE: Madrid - Spain      
ELEV:  651.1 m    LAT: 40.4 N    LONG:  3.5 W


                   TEMPERATURE (C), RAIN (mm), WIND SPEED (kph)

                                         HEAT   COOL         AVG
      MEAN                               DEG    DEG          WIND                  DOM
DAY   TEMP   HIGH  TIME    LOW   TIME    DAYS   DAYS   RAIN  SPEED   HIGH  TIME    DIR
---------------------------------------------------------------------------------------
01    11.5   14.4  13:50    8.9  06:50   12.0    0.0     0.0  9.5    45.1  18:10   N
02     9.8   13.6  12:40    6.2  07:30   15.2    0.0     0.0 10.1    37.0  13:30   NNE
03     7.3   10.2  14:10    5.2  05:30   19.2    0.0     0.0  1.8    17.7  22:00   NNE
04     7.0   10.4  13:20    4.4  08:40   19.6    0.0     0.0  2.9    22.5  01:30   N
05     7.3   11.3  15:30    3.2  07:30   20.0    0.0     0.0  2.2    19.3  20:50   NNE
06     6.0    8.9  13:00    3.2  06:00   22.1    0.0     0.0  8.3    41.8  20:30   N
07     5.9    9.9  14:00    2.2  05:20   22.1    0.0     0.0 10.1    40.2  10:50   N
08     5.4   10.3  15:10    0.7  06:10   23.1    0.0     0.0  0.7    14.5  02:40   NNW
09     6.9    9.4  14:10    3.3  03:20   21.5    0.0     0.0 12.2    53.1  10:00   N
10     6.2   11.6  15:30    1.9  04:30   20.9    0.0     0.0  0.6    11.3  00:00   NNW
11     6.4   12.6  15:10    0.1  05:50   21.5    0.0     0.0  0.7    20.9  01:10   N
12     5.5   10.9  15:00    1.1  05:50   22.2    0.0     0.0  1.6    20.9  14:40   NNW
13     7.9   12.1  13:40    4.3  00:10   18.2    0.0    10.2  2.0    25.7  11:50   SSE
14     7.1    8.4  00:00    6.5  09:50   19.5    0.0    14.0  2.6    17.7  20:10   NE
15     7.7   10.6  12:30    4.8  23:50   19.1    0.0     0.0  4.4    30.6  11:10   NNE
16     7.2   12.3  15:30    3.1  05:00   19.2    0.0     0.4  2.7    30.6  15:30   N
17     7.8   11.8  14:50    3.6  06:50   19.2    0.0     0.0  0.7    17.7  00:00   N
18     7.8   13.7  15:30    2.6  07:20   18.3    0.0     0.2  0.6    14.5  02:10   N
19     6.2   10.6  15:50    0.3  07:20   23.2    0.0     0.2  0.5    11.3  14:40   N
20     6.7   13.8  14:40    1.2  06:40   19.6    0.0     0.2  2.8    24.1  04:40   NNE
21     7.0   13.0  14:20    2.1  08:10   19.4    0.0     0.0  9.2    25.7  06:50   NNE
22     7.1   14.4  14:30    2.4  06:10   17.9    0.0     0.0  6.9    29.0  05:10   NE
23     5.8   11.2  14:40    1.5  07:40   21.5    0.0     0.0  2.1    19.3  00:00   NNE
24     4.0    9.6  13:50   -0.2  07:50   24.5    0.0     0.0  0.9    20.9  23:40   NNE
25     5.4   11.2  15:20    0.8  06:20   22.2    0.0     0.0  7.7    25.7  02:00   NNE
26     5.9   11.6  14:20    0.8  07:30   21.8    0.0     0.0  1.0    16.1  00:00   N
27     4.2    7.6  21:40    1.1  08:20   25.2    0.0     0.0  2.7    25.7  21:30   SSW
28     7.2   10.5  10:20    2.2  23:50   21.6    0.0     1.0 11.3    54.7  04:40   NNW
29     3.7    8.7  15:10    0.0  07:50   25.2    0.0     0.0 10.1    43.5  01:10   NE
30     3.1    9.8  15:20   -1.9  05:50   25.8    0.0     0.0  0.6    14.5  13:00   N
31     2.9    9.2  15:50   -2.8  06:20   27.2    0.0     0.0  0.3    12.9  08:20   N
---------------------------------------------------------------------------------------
       6.5   14.4     1    -2.8    31   648.2    0.0    26.2  4.2    54.7    28    N

Max >=   32.2:  0
Max <=    0.0:  0
Min <=    0.0:  4
Min <=  -17.8:  0
Max Rain    :   14.0 mm ON 12/14/2014
Days of Rain: 4 (> 0.254 mm) 2 (> 2.54 mm) 0 (> 25.4 mm)