NOAA-Style Climate Reports


Report for 2015
                   ANNUAL CLIMATOLOGICAL SUMMARY for 2015


NAME: Santa Monica          CITY: Rivas Urbanizaciones  STATE: Madrid - Spain      
ELEV:  651.1 m    LAT: 40.4 N    LONG:  3.5 W


                 TEMPERATURE (C), RAIN (mm), WIND SPEED (kph)

                            DEP.    HEAT    COOL
          MEAN  MEAN        FROM    DEG     DEG                          MAX   MAX  MIN   MIN
 YR  MO   MAX   MIN   MEAN  NORM    DAYS    DAYS     HI DATE   LOW DATE >=32.2 <=0  <=0  <=-17.8
---------------------------------------------------------------------------------------------
2015 01   10.7   0.7   5.6  -0.8   704.3     0.0   15.4   4   -2.5  21      0    0   13    0
2015 02   10.1   2.4   6.0  -0.7   609.4     0.0   15.3  28   -3.7   8      0    0    5    0
2015 03   16.2   5.3  10.8   1.0   422.3     0.4   25.9  30   -0.9  16      0    0    1    0
2015 04   19.3   8.4  13.8   0.3   243.5     0.0   23.2   2    5.2   8      0    0    0    0
2015 05   25.7  12.0  19.2   2.3    64.3    95.8   34.6  13    5.6  20      1    0    0    0
2015 06   29.6  17.0  23.6   1.1    13.6   281.8   38.2  29   10.9  15     10    0    0    0
2015 07   35.2  21.8  29.0   2.8     0.0   568.0   39.0   6   17.9  31     29    0    0    0
2015 08   31.0  18.7  25.0  -0.7     0.0   363.3   35.8   6   13.6  25     13    0    0    0
2015 09   25.4  14.1  19.7  -1.6    17.3    93.7   29.4   1    8.8  18      0    0    0    0
2015 10   19.7  10.7  15.1  -1.2   176.5     3.2   24.1   3    5.2  22      0    0    0    0
2015 11   16.9   6.7  11.5   1.6   354.1     0.0   22.2   7    0.2  29      0    0    0    0
2015 12   13.7   4.7   8.9   2.0   510.5     0.0   17.9   5    0.6   1      0    0    0    0
---------------------------------------------------------------------------------------------
          21.1  10.2  15.7   0.5  3116.0  1406.2   39.0 JUL   -3.7 FEB     53    0   19    0


                            PRECIPITATION (mm)

                  DEP.    MAX         ---DAYS OF RAIN---
                  FROM    OBS.                OVER
 YR  MO  TOTAL    NORM    DAY  DATE   0.254  2.54   25.4
---------------------------------------------------------
2015 01   22.8   -20.1    6.6   16       6      4      0
2015 02   25.6   -14.2    7.4   17       6      6      0
2015 03   58.8    -0.8   28.6   23       7      6      1
2015 04   39.0    -4.1   18.8   26       3      3      0
2015 05    0.6   -33.8    0.6   29       1      0      0
2015 06   28.6    11.1   12.4   11       5      3      0
2015 07    0.6    -5.9    0.4   18       1      0      0
2015 08    4.4     1.7    3.0   31       3      1      0
2015 09   10.2    -1.9    9.2   16       2      1      0
2015 10   32.6   -21.3   10.0    5      10      4      0
2015 11   21.4   -21.1   19.0    2       2      1      0
2015 12    3.0   -23.1    2.0   28       3      0      0
---------------------------------------------------------
         247.6  -133.5    28.6 MAR      49     29      1


                              WIND SPEED (kph)

                              DOM
 YR  MO    AVG     HI   DATE  DIR
----------------------------------
2015 01    6.1   82.1    31   NNE
2015 02    9.4   66.0     5     N
2015 03    8.6   66.0    25    NE
2015 04    8.3   59.5    26   ENE
2015 05    8.9   53.1    14    NE
2015 06    5.8   67.6    10   ENE
2015 07    6.2   46.7     8    SW
2015 08    6.4   64.4    30   WSW
2015 09    6.0   62.8    16    NE
2015 10    4.7   48.3     5   NNE
2015 11    4.1   57.9    26   NNE
2015 12    2.6   38.6    20    NE
----------------------------------
           6.4   82.1   JAN    NE