NOAA-Style Climate Reports


Report for 2015 Enero
                   MONTHLY CLIMATOLOGICAL SUMMARY for JAN 2015


NAME: Santa Monica          CITY: Rivas Urbanizaciones  STATE: Madrid - Spain      
ELEV:  651.1 m    LAT: 40.4 N    LONG:  3.5 W


                   TEMPERATURE (C), RAIN (mm), WIND SPEED (kph)

                                         HEAT   COOL         AVG
      MEAN                               DEG    DEG          WIND                  DOM
DAY   TEMP   HIGH  TIME    LOW   TIME    DAYS   DAYS   RAIN  SPEED   HIGH  TIME    DIR
---------------------------------------------------------------------------------------
01     4.8   11.4  15:30   -1.6  07:20   24.2    0.0     0.0  0.3    11.3  01:50   N
02     4.6   11.4  15:10   -1.8  06:10   24.3    0.0     0.0  0.5    14.5  02:50   N
03     5.7   12.0  15:10   -0.5  07:50   22.7    0.0     0.0  0.3    11.3  06:10   N
04     7.1   15.4  13:10    0.6  05:30   18.6    0.0     0.0  1.5    20.9  22:30   NNE
05     7.0   13.1  15:10    0.7  07:20   20.6    0.0     0.0  4.5    27.4  03:00   S
06     4.6    9.9  14:10   -0.5  08:10   24.5    0.0     0.0  2.2    14.5  07:50   ESE
07     4.7   10.9  15:40    0.0  04:30   23.2    0.0     0.0  5.3    30.6  05:50   NE
08     5.6   12.1  15:00   -0.4  07:20   22.5    0.0     0.0  6.0    27.4  06:00   NE
09     7.1   14.4  15:50    1.2  06:20   18.9    0.0     0.0  3.5    22.5  09:00   NNE
10     6.3   13.1  15:40    0.1  07:30   21.2    0.0     0.0  2.1    24.1  01:50   NNE
11     6.9   14.7  15:20    0.9  07:00   19.0    0.0     0.0  4.2    25.7  05:10   NE
12     7.1   13.7  15:10    1.4  07:40   19.3    0.0     0.0  7.3    30.6  01:50   ENE
13     6.6   12.4  15:10    0.9  07:20   21.0    0.0     0.0  4.8    25.7  14:40   SW
14     5.0    6.6  15:20    2.7  07:40   24.7    0.0     0.0  3.6    16.1  20:00   SSW
15     7.0   10.9  14:10    3.7  07:50   19.8    0.0     0.6  8.0    40.2  15:00   SW
16     5.4    8.1  00:00    2.2  23:50   23.8    0.0     6.6 12.7    38.6  09:50   W
17     3.1    8.1  15:00   -0.6  07:00   26.2    0.0     0.0  5.0    25.7  14:50   SW
18     1.5    2.8  12:30    0.1  03:20   30.5    0.0     5.6  2.5    12.9  11:30   SSE
19     2.6    5.6  13:10   -0.1  00:10   28.1    0.0     4.4 13.7    57.9  08:40   NE
20     1.9    5.8  14:20   -0.8  03:00   28.5    0.0     0.0  2.7    19.3  14:30   S
21     1.6    4.8  16:30   -2.5  06:40   30.9    0.0     0.2  5.9    37.0  14:00   SW
22     3.9    7.6  13:00    0.4  06:10   25.8    0.0     0.0  7.1    40.2  14:50   N
23     4.2    8.3  14:20   -0.2  06:40   25.7    0.0     0.0  7.2    40.2  16:10   NNE
24     4.6   10.8  16:00   -2.1  07:40   25.1    0.0     0.0  5.6    51.5  21:10   NNE
25     7.4   12.7  15:50    2.3  08:10   19.6    0.0     0.0  4.9    30.6  00:40   NNE
26     6.8   13.0  15:40   -0.2  06:30   21.4    0.0     0.0  3.5    25.7  19:00   NE
27     7.1   12.6  13:50    2.2  06:50   19.7    0.0     0.0  5.2    38.6  16:00   NE
28     7.1   12.4  15:20    1.1  06:10   20.9    0.0     0.0  2.9    22.5  03:20   NNE
29     7.3   11.3  15:20    1.4  08:00   21.6    0.0     0.0 11.8    46.7  16:20   SW
30    11.1   13.9  13:40    9.2  02:20   12.2    0.0     1.8 23.2    66.0  13:20   W
31     6.8   11.3  00:20    3.2  23:20   20.0    0.0     3.6 21.0    82.1  03:10   NW
---------------------------------------------------------------------------------------
       5.6   15.4     4    -2.5    21   704.3    0.0    22.8  6.1    82.1    31    NNE

Max >=   32.2:  0
Max <=    0.0:  0
Min <=    0.0:  13
Min <=  -17.8:  0
Max Rain    :    6.6 mm ON 01/16/2015
Days of Rain: 6 (> 0.254 mm) 4 (> 2.54 mm) 0 (> 25.4 mm)