NOAA-Style Climate Reports


Report for 2015 Febrero
                   MONTHLY CLIMATOLOGICAL SUMMARY for FEB 2015


NAME: Santa Monica          CITY: Rivas Urbanizaciones  STATE: Madrid - Spain      
ELEV:  651.1 m    LAT: 40.4 N    LONG:  3.5 W


                   TEMPERATURE (C), RAIN (mm), WIND SPEED (kph)

                                         HEAT   COOL         AVG
      MEAN                               DEG    DEG          WIND                  DOM
DAY   TEMP   HIGH  TIME    LOW   TIME    DAYS   DAYS   RAIN  SPEED   HIGH  TIME    DIR
---------------------------------------------------------------------------------------
01     4.4    7.2  14:40    1.7  07:00   25.0    0.0     0.0 16.2    45.1  11:10   NW
02     3.8    4.9  00:30    1.6  07:30   27.2    0.0     3.6 11.2    43.5  12:20   WSW
03     5.3    9.1  14:30    1.4  21:00   23.5    0.0     4.6 14.4    64.4  12:50   WNW
04     1.7    3.7  12:00   -0.2  07:30   29.8    0.0     0.2 14.4    62.8  22:00   N
05     2.2    4.4  15:50    0.7  02:50   28.4    0.0     0.0 19.3    66.0  07:50   N
06     1.4    4.8  12:40   -0.8  06:50   29.5    0.0     0.0  9.0    37.0  16:40   N
07     0.4    2.9  15:10   -1.8  23:50   32.0    0.0     0.0  2.5    29.0  19:10   NNE
08     2.2    9.0  16:20   -3.7  06:50   28.2    0.0     0.0  7.4    29.0  05:30   NE
09     4.1   10.4  14:10   -0.5  07:10   24.0    0.0     0.0  9.3    33.8  01:10   E
10     4.9    8.7  14:50    0.5  07:40   24.8    0.0     0.0  5.4    24.1  07:00   E
11     5.4    8.6  13:40    3.8  06:20   21.8    0.0     0.0  3.2    17.7  20:30   NE
12     6.1   10.9  16:00    3.0  03:40   20.5    0.0     0.0  4.6    22.5  04:40   NE
13     6.6   11.9  15:10    1.1  07:10   21.3    0.0     0.0  9.2    38.6  16:50   WSW
14     8.2   11.0  14:10    6.5  07:40   17.2    0.0     3.0 14.7    43.5  17:10   W
15     9.6   13.9  13:50    6.5  01:20   14.6    0.0     3.8 10.0    29.0  10:10   W
16     9.5   13.0  14:40    7.2  23:50   14.8    0.0     0.2  5.6    32.2  23:50   N
17     6.9   11.4  15:40    4.1  07:10   19.1    0.0     7.4 18.6    57.9  16:00   NE
18     6.3   10.8  16:10    2.8  06:00   20.8    0.0     0.0  9.5    37.0  00:00   NE
19     6.1   11.2  15:20    0.8  07:20   22.2    0.0     0.0  4.4    27.4  07:40   NNE
20     5.6   10.2  15:30    0.2  06:10   23.7    0.0     0.2  4.3    22.5  14:10   SW
21     7.6   12.2  13:50    4.4  02:40   18.0    0.0     2.6 10.1    53.1  14:50   NNE
22     7.8   13.7  15:20    1.8  07:10   19.1    0.0     0.0  3.8    30.6  18:10   S
23     9.0   12.3  14:50    5.7  06:30   16.8    0.0     0.0 14.6    61.2  20:10   W
24     7.1   10.4  13:50    4.2  07:10   19.9    0.0     0.0 16.5    46.7  00:50   NW
25     8.7   13.3  16:20    2.5  07:00   18.8    0.0     0.0  7.0    30.6  13:40   NNW
26    10.0   13.0  12:40    6.4  03:40   15.5    0.0     0.0  4.4    32.2  14:50   SW
27     9.6   13.7  14:20    6.0  23:50   15.2    0.0     0.0  8.9    45.1  09:40   NE
28     8.8   15.3  14:20    2.0  06:50   17.4    0.0     0.0  5.1    24.1  13:30   W
---------------------------------------------------------------------------------------
       6.0   15.3    28    -3.7     8   609.4    0.0    25.6  9.4    66.0     5    N

Max >=   32.2:  0
Max <=    0.0:  0
Min <=    0.0:  5
Min <=  -17.8:  0
Max Rain    :    7.4 mm ON 02/17/2015
Days of Rain: 6 (> 0.254 mm) 6 (> 2.54 mm) 0 (> 25.4 mm)