NOAA-Style Climate Reports


Report for 2015 Marzo
                   MONTHLY CLIMATOLOGICAL SUMMARY for MAR 2015


NAME: Santa Monica          CITY: Rivas Urbanizaciones  STATE: Madrid - Spain      
ELEV:  651.1 m    LAT: 40.4 N    LONG:  3.5 W


                   TEMPERATURE (C), RAIN (mm), WIND SPEED (kph)

                                         HEAT   COOL         AVG
      MEAN                               DEG    DEG          WIND                  DOM
DAY   TEMP   HIGH  TIME    LOW   TIME    DAYS   DAYS   RAIN  SPEED   HIGH  TIME    DIR
---------------------------------------------------------------------------------------
01    12.7   18.2  14:40    6.6  07:10   10.6    0.0     0.0  8.5    33.8  14:50   SW
02    11.3   16.4  16:20    8.2  06:50   10.8    0.0     0.0  6.5    22.5  17:50   SW
03    11.5   16.4  15:20    8.2  06:20   10.8    0.0     0.0  3.4    19.3  15:00   SW
04     9.4   14.0  13:40    3.6  23:50   17.2    0.0     0.0 11.7    48.3  13:30   NNE
05     6.9   13.7  14:50    1.3  06:10   19.5    0.0     0.0 11.3    51.5  13:50   NE
06     9.9   17.5  16:10    2.1  05:50   15.3    0.0     0.0  8.1    30.6  04:20   ENE
07    12.6   21.4  16:10    3.2  06:50   10.8    0.0     0.0  4.0    24.1  01:30   NE
08    13.5   22.1  16:20    5.1  05:00    8.6    0.0     0.0  5.4    24.1  03:10   NNE
09    13.5   20.9  14:20    4.7  06:10   10.0    0.0     0.0  4.9    22.5  03:40   NNE
10    13.7   21.6  15:30    5.0  06:50    9.0    0.0     0.0  4.8    27.4  03:00   SW
11    13.6   21.6  16:00    5.2  06:50    8.8    0.0     0.0  2.8    19.3  17:50   SW
12    13.3   20.7  16:00    6.4  06:40    8.6    0.0     0.0  4.2    22.5  16:30   SW
13    11.6   17.3  15:20    6.9  04:50   11.2    0.0     0.0 12.1    43.5  08:30   ENE
14     7.4   12.5  15:50    2.6  06:40   19.5    0.0     0.0 13.3    38.6  17:30   NE
15     5.0    7.7  12:30    1.3  06:20   24.9    0.0     0.0  9.3    30.6  13:20   NE
16     5.5   11.4  16:20   -0.9  06:50   23.6    0.0     0.0  7.1    29.0  09:50   NE
17     8.3   13.4  15:50    2.9  06:20   18.3    0.0     0.0  6.6    30.6  20:50   E
18     6.0    7.9  00:00    2.6  08:50   23.6    0.0    10.8  9.2    29.0  09:10   ENE
19     8.5   12.1  16:40    5.4  04:50   17.2    0.0     6.0 13.8    40.2  17:20   NE
20     9.4   12.6  13:20    7.8  06:00   14.7    0.0     4.2 16.8    48.3  04:00   NE
21     8.4   11.0  13:10    6.4  07:40   17.3    0.0     2.8 12.3    35.4  21:30   NE
22     8.7   11.7  12:30    7.2  02:10   16.0    0.0     6.0  8.6    30.6  10:30   ENE
23     6.8    8.6  11:00    5.7  07:50   20.2    0.0    28.6  5.6    33.8  11:30   NE
24     8.6   12.4  15:30    6.0  00:00   16.5    0.0     0.4 14.4    49.9  16:40   NE
25     5.5    8.5  13:30    2.4  05:10   23.2    0.0     0.0 23.7    66.0  14:40   NNE
26     9.1   14.2  18:10    1.7  05:40   18.7    0.0     0.0  8.8    40.2  15:10   NW
27    14.3   18.8  14:50    9.7  06:30    7.4    0.0     0.0  8.7    46.7  14:30   NNE
28    16.0   23.4  17:10    7.6  06:10    5.1    0.0     0.0  5.5    27.4  17:30   NE
29    16.4   22.5  16:20    8.8  07:10    4.8    0.0     0.0  4.2    20.9  18:10   NE
30    18.0   25.9  15:00   10.8  05:00    0.0    0.1     0.0  4.6    19.3  17:30   S
31    18.4   25.8  15:10   11.2  05:10    0.0    0.3     0.0  6.0    25.7  16:10   NE
---------------------------------------------------------------------------------------
      10.8   25.9    30    -0.9    16   422.3    0.4    58.8  8.6    66.0    25    NE

Max >=   32.2:  0
Max <=    0.0:  0
Min <=    0.0:  1
Min <=  -17.8:  0
Max Rain    :   28.6 mm ON 03/23/2015
Days of Rain: 7 (> 0.254 mm) 6 (> 2.54 mm) 1 (> 25.4 mm)