NOAA-Style Climate Reports


Report for 2015 Abril
                   MONTHLY CLIMATOLOGICAL SUMMARY for APR 2015


NAME: Santa Monica          CITY: Rivas Urbanizaciones  STATE: Madrid - Spain      
ELEV:  651.1 m    LAT: 40.4 N    LONG:  3.5 W


                   TEMPERATURE (C), RAIN (mm), WIND SPEED (kph)

                                         HEAT   COOL         AVG
      MEAN                               DEG    DEG          WIND                  DOM
DAY   TEMP   HIGH  TIME    LOW   TIME    DAYS   DAYS   RAIN  SPEED   HIGH  TIME    DIR
---------------------------------------------------------------------------------------
01    14.6   21.3  16:30    8.4  06:00    6.2    0.0     0.0 12.9    37.0  02:20   NE
02    14.9   23.2  15:40    6.0  06:20    6.7    0.0     0.0  9.6    29.0  23:50   NNE
03    16.2   22.5  16:10    8.7  06:10    4.9    0.0     0.0 10.3    33.8  07:00   NNE
04    14.4   21.3  15:50    7.7  06:50    6.9    0.0     0.0 14.8    41.8  07:00   NE
05    14.7   22.4  16:10    7.2  06:10    6.3    0.0     0.0  9.0    33.8  00:00   NNE
06    13.2   19.4  13:50    8.0  06:20    8.3    0.0     0.0  6.2    25.7  18:10   SE
07    11.5   17.1  14:40    6.9  06:00   11.4    0.0     0.0  7.3    33.8  16:30   SE
08    10.7   16.9  15:30    5.2  06:00   13.1    0.0     0.2 10.0    37.0  09:20   ESE
09     7.5   10.1  00:00    5.3  08:10   19.2    0.0     7.6  6.4    25.7  07:30   ENE
10    11.3   15.7  15:10    7.3  06:00   12.3    0.0     0.0  2.3    14.5  13:30   ENE
11    13.1   19.8  13:30    7.9  05:30    8.1    0.0     0.0  8.8    40.2  14:40   ENE
12    15.0   20.7  14:30    9.3  05:10    5.9    0.0     0.0  9.0    35.4  17:30   E
13    16.5   21.7  13:40   11.1  04:50    3.5    0.0     0.2 11.6    41.8  12:40   E
14    16.5   23.2  13:50    9.3  05:50    3.8    0.0     0.0 12.5    41.8  17:40   E
15    13.7   18.5  15:30   10.7  23:30    6.8    0.0    12.0  6.4    33.8  19:40   ESE
16    12.6   15.9  15:50    9.6  06:10   10.0    0.0     0.2 10.2    38.6  13:50   SW
17    14.4   18.5  15:40   10.5  06:00    6.9    0.0     0.0  5.8    27.4  10:00   SW
18    12.8   17.5  14:30    8.7  06:20    9.5    0.0     0.0 10.4    51.5  19:00   SW
19    11.6   17.4  17:10    5.4  05:30   12.4    0.0     0.0  4.4    25.7  17:00   SW
20    14.0   20.8  15:20    6.2  05:40    8.8    0.0     0.0  6.8    30.6  04:40   ENE
21    15.6   21.1  14:20   10.2  06:40    4.8    0.0     0.0  8.6    35.4  14:10   ESE
22    15.3   20.9  15:50   10.1  04:10    5.1    0.0     0.0  6.3    38.6  17:50   WSW
23    16.3   22.9  17:00    8.7  05:00    4.6    0.0     0.0  5.7    29.0  13:40   SW
24    16.5   21.2  14:40   10.7  05:30    4.3    0.0     0.0  5.3    30.6  14:50   WNW
25    13.7   17.7  14:10   10.5  04:00    7.7    0.0     0.0 10.7    38.6  18:40   SW
26    10.9   14.7  15:40    8.8  17:10   11.8    0.0    18.8  9.6    59.5  16:40   SW
27    11.7   15.9  17:40    7.1  05:50   12.2    0.0     0.0 10.0    38.6  14:00   W
28    13.4   18.6  16:40    7.0  05:10   10.0    0.0     0.0  3.9    20.9  14:30   NE
29    15.1   19.0  15:30   10.1  05:40    6.8    0.0     0.0  7.7    33.8  12:50   WSW
30    15.8   22.0  17:00    8.6  05:40    5.5    0.0     0.0  5.5    27.4  12:20   SW
---------------------------------------------------------------------------------------
      13.8   23.2     2     5.2     8   243.5    0.0    39.0  8.3    59.5    26    ENE

Max >=   32.2:  0
Max <=    0.0:  0
Min <=    0.0:  0
Min <=  -17.8:  0
Max Rain    :   18.8 mm ON 04/26/2015
Days of Rain: 3 (> 0.254 mm) 3 (> 2.54 mm) 0 (> 25.4 mm)