NOAA-Style Climate Reports


Report for 2015 Mayo
                   MONTHLY CLIMATOLOGICAL SUMMARY for MAY 2015


NAME: Santa Monica          CITY: Rivas Urbanizaciones  STATE: Madrid - Spain      
ELEV:  651.1 m    LAT: 40.4 N    LONG:  3.5 W


                   TEMPERATURE (C), RAIN (mm), WIND SPEED (kph)

                                         HEAT   COOL         AVG
      MEAN                               DEG    DEG          WIND                  DOM
DAY   TEMP   HIGH  TIME    LOW   TIME    DAYS   DAYS   RAIN  SPEED   HIGH  TIME    DIR
---------------------------------------------------------------------------------------
01    17.4   22.4  16:40   12.4  05:50    1.7    0.0     0.0 10.5    35.4  11:00   WSW
02    19.5   25.2  14:50   13.7  05:10    0.0    2.0     0.0  8.7    32.2  14:40   WSW
03    18.7   21.6  14:30   15.7  05:10    0.0    0.6     0.0  6.9    30.6  13:00   SW
04    19.3   25.4  14:30   14.3  23:50    0.0    2.8     0.0 12.6    51.5  15:50   SW
05    14.6   19.4  15:00   10.8  05:40    5.8    0.0     0.0 11.3    40.2  01:40   WSW
06    15.2   20.9  15:20    7.7  05:10    7.3    0.0     0.0  3.1    29.0  12:20   WNW
07    18.9   27.7  15:40    9.8  04:40    0.0    0.8     0.0  4.4    27.4  17:00   SW
08    17.9   23.0  16:10   12.5  05:30    1.0    0.0     0.0 10.3    38.6  00:50   WSW
09    20.0   26.8  15:30   11.7  05:10    0.0    1.7     0.0  2.8    25.7  06:20   NE
10    23.1   30.0  15:50   15.7  05:20    0.0    8.2     0.0  5.2    25.7  00:10   SSE
11    24.0   32.0  16:40   15.1  05:10    0.0    9.3     0.0  4.0    20.9  06:10   E
12    25.0   32.1  15:50   16.1  05:20    0.0   10.3     0.0  4.0    24.1  13:00   SW
13    26.7   34.6  14:20   17.3  05:00    0.0   13.7     0.0  6.8    40.2  15:00   WSW
14    23.7   30.1  13:20   16.2  23:50    0.0    8.6     0.0 13.2    53.1  15:00   WNW
15    15.9   21.0  15:20   10.8  05:10    4.3    0.0     0.0 13.3    46.7  10:40   NE
16    17.9   26.6  16:30    8.8  05:00    1.2    0.0     0.0 13.5    48.3  12:30   NE
17    21.2   29.2  17:00   12.8  05:20    0.0    4.8     0.0  9.5    38.6  08:10   NE
18    22.9   29.7  16:30   14.0  05:20    0.0    6.3     0.0  8.4    27.4  14:50   WSW
19    16.8   22.9  00:00    9.0  23:50    4.2    0.0     0.0 15.7    53.1  14:30   NE
20    12.8   19.4  15:40    5.6  04:30   10.5    0.0     0.0  9.3    41.8  22:40   NE
21    13.5   20.7  16:10    6.7  05:00    8.4    0.0     0.0 10.1    41.8  07:50   NE
22    13.6   20.6  15:20    6.3  05:10    8.8    0.0     0.0 11.8    43.5  07:10   NE
23    14.9   21.3  14:50    7.8  05:00    6.8    0.0     0.0 11.6    49.9  22:20   NE
24    16.6   22.2  13:00    9.9  04:50    4.2    0.0     0.0  9.8    37.0  00:10   ENE
25    18.6   25.2  16:10   11.9  05:10    0.0    0.4     0.0 10.4    29.0  20:40   NE
26    19.2   27.1  17:30   11.2  05:10    0.0    1.4     0.0 12.6    35.4  08:30   NE
27    20.0   27.6  17:30   12.2  05:20    0.0    2.8     0.0 11.6    38.6  05:50   NE
28    22.7   29.7  17:10   13.9  05:10    0.0    6.3     0.0  5.9    25.7  13:00   ENE
29    21.0   27.8  14:30   16.0  04:20    0.0    6.4     0.6  6.9    48.3  15:10   ESE
30    21.2   27.4  14:20   13.6  05:20    0.0    3.9     0.0  6.0    33.8  14:50   NNE
31    21.9   28.7  15:50   14.0  04:50    0.0    5.4     0.0  4.6    29.0  15:50   NNE
---------------------------------------------------------------------------------------
      19.2   34.6    13     5.6    20    64.3   95.8     0.6  8.9    53.1    14    NE

Max >=   32.2:  1
Max <=    0.0:  0
Min <=    0.0:  0
Min <=  -17.8:  0
Max Rain    :    0.6 mm ON 05/29/2015
Days of Rain: 1 (> 0.254 mm) 0 (> 2.54 mm) 0 (> 25.4 mm)