NOAA-Style Climate Reports


Report for 2015 Junio
                   MONTHLY CLIMATOLOGICAL SUMMARY for JUN 2015


NAME: Santa Monica          CITY: Rivas Urbanizaciones  STATE: Madrid - Spain      
ELEV:  651.1 m    LAT: 40.4 N    LONG:  3.5 W


                   TEMPERATURE (C), RAIN (mm), WIND SPEED (kph)

                                         HEAT   COOL         AVG
      MEAN                               DEG    DEG          WIND                  DOM
DAY   TEMP   HIGH  TIME    LOW   TIME    DAYS   DAYS   RAIN  SPEED   HIGH  TIME    DIR
---------------------------------------------------------------------------------------
01    23.3   29.4  16:30   15.8  05:20    0.0    7.7     0.0  4.8    35.4  15:30   E
02    24.6   30.9  17:00   17.2  05:10    0.0   10.2     0.0  3.6    29.0  13:30   SE
03    25.5   31.7  15:10   18.4  04:40    0.0   12.1     0.0  3.6    22.5  16:30   SE
04    24.5   30.3  16:30   17.6  03:50    0.0   10.1     0.0  4.0    27.4  23:40   SE
05    24.2   30.4  15:20   16.8  04:50    0.0    9.5     0.0  4.1    29.0  00:20   SE
06    25.3   32.5  15:30   17.1  05:30    0.0   11.7     0.0  3.8    24.1  19:50   ENE
07    25.5   32.2  16:20   19.8  06:10    0.0   13.8     0.0  3.6    33.8  17:30   E
08    25.4   31.2  16:10   17.6  05:10    0.0   10.9     0.0  3.0    24.1  01:50   E
09    22.7   29.9  13:40   17.0  23:10    0.0    9.2     1.6  8.9    46.7  14:00   NE
10    19.5   24.7  12:30   16.2  04:30    0.0    3.8    10.0  3.5    67.6  13:40   S
11    18.0   21.8  17:10   14.1  10:40    0.7    0.0    12.4  6.1    43.5  09:10   SW
12    17.5   21.8  14:20   13.8  03:40    0.9    0.0     0.0  8.7    40.2  15:50   SW
13    17.3   20.7  16:30   14.2  23:40    1.6    0.0     0.0  9.6    46.7  17:40   WSW
14    15.7   20.1  17:00   11.9  03:00    4.2    0.0     0.0  9.4    45.1  18:50   WSW
15    14.5   19.3  15:40   10.9  05:20    5.8    0.0     3.4  4.2    30.6  13:50   NE
16    18.2   24.2  16:10   11.9  03:40    0.4    0.0     0.0  4.8    24.1  11:20   NE
17    19.2   25.3  16:10   12.7  05:00    0.0    1.2     0.0  7.9    33.8  17:50   NE
18    21.5   29.1  17:20   13.2  04:40    0.0    5.1     0.0  8.6    33.8  00:50   NNE
19    24.0   31.2  17:30   16.1  05:20    0.0    9.6     0.0  8.0    33.8  22:10   NE
20    24.8   32.2  16:20   15.9  04:50    0.0   10.3     0.0  7.5    35.4  01:50   NE
21    26.7   33.7  16:20   18.1  05:30    0.0   13.6     0.0  5.3    33.8  14:30   NNE
22    27.7   32.4  15:30   23.1  05:50    0.0   16.9     0.0  8.0    45.1  15:20   WSW
23    23.5   29.3  13:40   18.8  04:30    0.0   10.2     1.2  6.4    53.1  20:20   NNE
24    22.8   29.5  17:10   15.8  04:20    0.0    7.8     0.0  5.5    27.4  13:00   ENE
25    25.4   31.3  16:40   18.1  04:50    0.0   11.4     0.0  3.6    24.1  13:00   WNW
26    27.5   33.6  17:30   19.4  05:20    0.0   14.8     0.0  3.9    32.2  14:50   W
27    29.1   35.4  16:40   20.1  05:20    0.0   16.9     0.0  5.3    29.0  17:10   WNW
28    30.6   37.6  16:20   22.0  05:10    0.0   20.6     0.0  5.4    27.4  14:00   NNE
29    31.5   38.2  16:00   23.0  05:30    0.0   22.1     0.0  4.9    29.0  00:40   S
30    31.0   37.6  16:00   23.7  05:10    0.0   22.1     0.0  7.4    48.3  16:20   SSW
---------------------------------------------------------------------------------------
      23.6   38.2    29    10.9    15    13.6  281.8    28.6  5.8    67.6    10    ENE

Max >=   32.2:  10
Max <=    0.0:  0
Min <=    0.0:  0
Min <=  -17.8:  0
Max Rain    :   12.4 mm ON 06/11/2015
Days of Rain: 5 (> 0.254 mm) 3 (> 2.54 mm) 0 (> 25.4 mm)