NOAA-Style Climate Reports


Report for 2015 Julio
                   MONTHLY CLIMATOLOGICAL SUMMARY for JUL 2015


NAME: Santa Monica          CITY: Rivas Urbanizaciones  STATE: Madrid - Spain      
ELEV:  651.1 m    LAT: 40.4 N    LONG:  3.5 W


                   TEMPERATURE (C), RAIN (mm), WIND SPEED (kph)

                                         HEAT   COOL         AVG
      MEAN                               DEG    DEG          WIND                  DOM
DAY   TEMP   HIGH  TIME    LOW   TIME    DAYS   DAYS   RAIN  SPEED   HIGH  TIME    DIR
---------------------------------------------------------------------------------------
01    29.2   35.7  16:50   22.4  05:20    0.0   19.3     0.0  6.1    33.8  15:20   SSW
02    27.0   32.9  18:20   20.7  05:40    0.0   15.2     0.0  5.7    29.0  23:20   SSW
03    28.8   35.6  17:30   21.7  04:50    0.0   18.6     0.0  7.4    37.0  14:40   S
04    29.4   36.1  17:10   22.2  05:10    0.0   19.5     0.0  4.5    29.0  14:20   S
05    30.3   36.3  16:10   23.3  05:30    0.0   20.6     0.0  3.3    30.6  13:10   S
06    32.1   39.0  16:30   23.7  02:40    0.0   23.4     0.0  5.6    43.5  15:10   SW
07    31.8   37.2  17:00   25.6  05:50    0.0   23.5     0.0  8.6    41.8  12:30   SW
08    30.5   37.2  15:40   22.6  05:20    0.0   20.8     0.0  8.8    46.7  15:50   NNE
09    29.2   37.6  16:50   19.8  05:10    0.0   18.6     0.0  9.3    38.6  01:00   W
10    29.4   35.1  16:30   22.3  04:40    0.0   18.6     0.0  7.8    40.2  13:00   WSW
11    29.1   35.0  15:50   21.4  05:00    0.0   17.8     0.0  4.5    29.0  17:40   NNE
12    29.1   35.7  17:00   20.7  05:20    0.0   17.7     0.0  4.4    27.4  01:50   WSW
13    30.0   36.9  16:40   21.5  05:30    0.0   19.6     0.0  4.6    25.7  02:30   ENE
14    31.0   37.7  17:10   22.9  05:20    0.0   21.6     0.0  4.1    25.7  00:00   ENE
15    30.7   37.7  17:20   21.9  05:00    0.0   20.7     0.0  3.1    24.1  00:10   E
16    30.5   37.2  16:10   23.1  05:20    0.0   21.2     0.0  5.7    32.2  14:30   E
17    29.8   35.0  17:20   24.3  05:00    0.0   20.4     0.0  4.7    29.0  22:00   NNE
18    27.2   32.0  17:20   21.0  04:50    0.0   14.7     0.4  9.2    41.8  01:50   WSW
19    27.5   32.5  15:50   21.3  04:50    0.0   15.4     0.0  5.4    30.6  13:20   SW
20    29.4   35.0  16:40   22.7  05:10    0.0   18.9     0.0  4.5    27.4  14:40   NNE
21    30.1   35.4  16:20   23.7  04:50    0.0   20.2     0.0  8.1    41.8  15:30   SW
22    27.7   32.9  17:50   22.4  05:40    0.0   16.8     0.2  5.5    29.0  14:30   NNE
23    28.1   35.2  16:00   20.1  05:10    0.0   16.8     0.0  6.2    32.2  15:40   NNE
24    27.6   32.5  15:00   20.8  05:00    0.0   14.9     0.0  7.0    41.8  12:30   WNW
25    26.1   32.3  17:30   18.7  05:50    0.0   12.8     0.0  6.9    35.4  07:00   NE
26    28.0   34.8  17:20   20.3  05:30    0.0   16.6     0.0  5.6    32.2  13:50   NNE
27    29.9   36.2  16:20   23.9  06:30    0.0   21.1     0.0  4.7    30.6  13:30   NW
28    29.6   36.2  16:20   21.1  05:30    0.0   18.6     0.0  7.1    43.5  17:20   WNW
29    29.6   35.2  16:50   22.6  05:00    0.0   19.1     0.0  6.7    45.1  14:30   WNW
30    26.5   32.8  15:30   20.1  05:40    0.0   14.6     0.0  9.1    46.7  15:20   NE
31    24.1   30.2  16:10   17.9  23:50    0.0   10.2     0.0  8.7    37.0  19:40   SW
---------------------------------------------------------------------------------------
      29.0   39.0     6    17.9    31     0.0  568.0     0.6  6.2    46.7     8    SW

Max >=   32.2:  29
Max <=    0.0:  0
Min <=    0.0:  0
Min <=  -17.8:  0
Max Rain    :    0.4 mm ON 07/18/2015
Days of Rain: 1 (> 0.254 mm) 0 (> 2.54 mm) 0 (> 25.4 mm)