NOAA-Style Climate Reports


Report for 2015 Agosto
                   MONTHLY CLIMATOLOGICAL SUMMARY for AUG 2015


NAME: Santa Monica          CITY: Rivas Urbanizaciones  STATE: Madrid - Spain      
ELEV:  651.1 m    LAT: 40.4 N    LONG:  3.5 W


                   TEMPERATURE (C), RAIN (mm), WIND SPEED (kph)

                                         HEAT   COOL         AVG
      MEAN                               DEG    DEG          WIND                  DOM
DAY   TEMP   HIGH  TIME    LOW   TIME    DAYS   DAYS   RAIN  SPEED   HIGH  TIME    DIR
---------------------------------------------------------------------------------------
01    23.4   30.7  17:00   15.8  05:00    0.0    8.8     0.0  6.2    30.6  03:50   NNE
02    27.1   33.9  16:30   19.4  05:10    0.0   15.0     0.0  3.3    29.0  15:10   E
03    29.3   35.6  16:30   22.5  06:00    0.0   19.3     0.0  6.8    37.0  18:10   SW
04    28.7   33.9  17:30   22.7  05:30    0.0   18.0     0.0  4.7    29.0  14:40   SW
05    28.7   35.4  16:50   21.7  05:40    0.0   18.4     0.0  6.1    40.2  14:50   SW
06    28.9   35.8  16:10   19.8  05:40    0.0   17.1     0.0  5.6    43.5  14:10   WNW
07    28.8   34.6  16:00   21.0  05:50    0.0   17.0     0.0  7.3    41.8  19:50   SSW
08    26.4   32.3  17:50   19.1  23:50    0.0   13.3     0.8  9.4    38.6  21:10   S
09    23.6   32.2  16:30   14.7  05:30    0.0    9.2     0.0  9.7    38.6  03:00   NE
10    26.7   34.8  16:40   16.8  05:50    0.0   13.4     0.0  7.7    30.6  00:00   NNE
11    27.9   32.2  16:40   22.9  05:30    0.0   16.6     0.0  6.9    40.2  14:00   SW
12    26.4   31.6  13:30   20.8  06:00    0.0   14.2     0.0  6.2    30.6  14:30   SW
13    21.8   25.6  15:40   17.4  05:50    0.0    5.7     0.0  9.9    43.5  10:20   WNW
14    20.9   25.9  15:50   15.6  05:40    0.0    4.3     0.0  3.6    30.6  18:10   NW
15    21.7   25.2  16:20   17.6  06:00    0.0    5.6     0.0  3.4    20.9  10:50   NNE
16    22.6   28.5  17:00   15.6  05:30    0.0    6.7     0.0  6.0    32.2  20:20   WSW
17    24.9   29.7  15:50   20.0  23:50    0.0   11.7     0.0  5.1    38.6  22:00   NNE
18    23.9   30.6  16:50   17.8  05:50    0.0   10.5     0.0  6.4    35.4  21:00   NNE
19    24.6   31.4  16:40   17.7  06:00    0.0   11.2     0.0  5.3    27.4  02:00   NNE
20    26.8   33.6  15:20   19.4  06:00    0.0   14.7     0.0  4.2    40.2  15:30   NE
21    25.9   32.4  15:10   21.3  05:50    0.0   15.4     0.0  6.3    40.2  20:10   E
22    24.6   30.0  15:50   18.4  05:40    0.0   10.6     0.0 10.4    51.5  17:30   W
23    20.6   24.1  16:30   17.2  05:10    0.0    4.2     0.0 16.6    57.9  20:20   WSW
24    19.3   23.3  15:40   15.2  04:40    0.0    1.7     0.0  9.0    40.2  00:00   WNW
25    21.6   28.4  17:40   13.6  05:40    0.0    4.8     0.0  3.1    22.5  07:10   NE
26    24.9   30.7  15:40   18.3  05:40    0.0   11.1     0.0  5.1    37.0  15:50   WNW
27    24.9   30.6  17:00   18.8  05:40    0.0   11.5     0.0  7.7    41.8  12:50   SW
28    26.3   32.5  13:50   18.0  05:50    0.0   12.4     0.0  3.2    25.7  22:40   S
29    27.8   34.3  15:20   21.4  07:00    0.0   17.2     0.0  5.0    37.0  02:10   SSE
30    24.9   34.4  15:30   20.0  05:50    0.0   15.9     0.6  4.3    64.4  17:10   ESE
31    22.0   26.9  13:50   18.7  05:10    0.0    8.1     3.0  3.8    53.1  15:40   NNE
---------------------------------------------------------------------------------------
      25.0   35.8     6    13.6    25     0.0  363.3     4.4  6.4    64.4    30    WSW

Max >=   32.2:  13
Max <=    0.0:  0
Min <=    0.0:  0
Min <=  -17.8:  0
Max Rain    :    3.0 mm ON 08/31/2015
Days of Rain: 3 (> 0.254 mm) 1 (> 2.54 mm) 0 (> 25.4 mm)