NOAA-Style Climate Reports


Report for 2015 Septiembre
                   MONTHLY CLIMATOLOGICAL SUMMARY for SEP 2015


NAME: Santa Monica          CITY: Rivas Urbanizaciones  STATE: Madrid - Spain      
ELEV:  651.1 m    LAT: 40.4 N    LONG:  3.5 W


                   TEMPERATURE (C), RAIN (mm), WIND SPEED (kph)

                                         HEAT   COOL         AVG
      MEAN                               DEG    DEG          WIND                  DOM
DAY   TEMP   HIGH  TIME    LOW   TIME    DAYS   DAYS   RAIN  SPEED   HIGH  TIME    DIR
---------------------------------------------------------------------------------------
01    22.7   29.4  15:40   16.3  04:40    0.0    8.1     0.0  5.2    25.7  16:00   NE
02    23.8   28.7  15:00   17.6  05:50    0.0    8.6     0.0  5.4    33.8  21:30   SW
03    21.1   25.6  15:30   16.5  06:00    0.0    4.9     0.0  5.8    35.4  09:50   WSW
04    19.3   24.9  16:00   14.7  05:50    0.0    2.7     0.0  8.3    33.8  23:10   NNE
05    19.0   25.7  15:40   11.9  06:20    0.0    0.9     0.0  7.6    30.6  00:00   NE
06    20.6   25.9  16:20   15.3  06:00    0.0    4.1     0.0  2.4    24.1  21:10   NE
07    19.6   24.7  14:40   15.9  07:00    0.0    3.6     0.2  4.0    24.1  18:10   SE
08    20.4   27.3  16:30   14.0  06:20    0.0    4.2     0.0  3.1    24.1  14:40   N
09    21.4   27.2  15:40   14.0  06:30    0.0    4.1     0.0  5.5    37.0  14:10   W
10    22.7   27.0  16:00   17.6  06:00    0.0    7.2     0.0  5.1    35.4  12:00   SW
11    22.9   29.0  15:40   15.0  05:50    0.0    6.6     0.0  4.8    29.0  11:10   SW
12    22.2   26.9  16:10   18.2  06:30    0.0    7.6     0.0  6.1    33.8  15:50   SW
13    19.4   23.2  15:30   16.4  23:50    0.0    2.7     0.2 16.4    48.3  12:40   WSW
14    17.8   22.8  15:30   13.3  05:40    0.5    0.0     0.0  9.2    32.2  00:30   WSW
15    16.1   19.6  13:10   14.0  03:30    2.8    0.0     0.4  7.6    37.0  13:00   SW
16    17.2   21.9  13:10   14.1  23:50    0.6    0.0     9.2 18.4    62.8  08:40   SW
17    14.7   19.1  16:50   10.1  06:10    6.8    0.0     0.0  5.7    35.4  00:00   W
18    16.3   22.9  16:10    8.8  05:40    4.5    0.0     0.0  5.6    27.4  23:20   NE
19    18.6   25.4  16:20   11.4  05:30    0.0    0.1     0.0  4.5    25.7  04:00   NE
20    19.9   27.0  15:50   12.1  06:00    0.0    2.2     0.0  4.3    29.0  00:40   NE
21    21.5   28.0  15:40   13.7  06:20    0.0    4.6     0.0  4.3    25.7  14:00   NNE
22    21.1   27.4  16:10   14.1  05:50    0.0    4.3     0.0  5.5    33.8  14:10   WNW
23    18.5   23.3  14:40   14.8  07:10    0.0    1.3     0.0  4.6    27.4  07:20   NE
24    19.2   27.6  15:50   12.1  06:40    0.0    2.7     0.0  3.1    24.1  13:40   NE
25    21.5   27.9  14:00   13.4  06:20    0.0    4.2     0.0  7.6    30.6  03:30   NNE
26    21.1   27.6  14:20   14.1  06:20    0.0    4.4     0.0  6.4    40.2  17:00   NE
27    20.5   26.4  13:00   15.6  06:50    0.0    4.8     0.0  4.2    43.5  15:40   ENE
28    17.7   24.2  14:30   12.2  06:10    0.2    0.0     0.0  3.5    25.7  17:50   E
29    17.5   22.8  14:40   12.1  06:00    1.6    0.0     0.0  2.2    24.1  16:30   NE
30    17.5   22.2  15:30   13.9  06:00    0.4    0.0     0.2  2.1    19.3  15:00   NW
---------------------------------------------------------------------------------------
      19.7   29.4     1     8.8    18    17.3   93.7    10.2  6.0    62.8    16    NE

Max >=   32.2:  0
Max <=    0.0:  0
Min <=    0.0:  0
Min <=  -17.8:  0
Max Rain    :    9.2 mm ON 09/16/2015
Days of Rain: 2 (> 0.254 mm) 1 (> 2.54 mm) 0 (> 25.4 mm)