NOAA-Style Climate Reports


Report for 2015 Octubre
                   MONTHLY CLIMATOLOGICAL SUMMARY for OCT 2015


NAME: Santa Monica          CITY: Rivas Urbanizaciones  STATE: Madrid - Spain      
ELEV:  651.1 m    LAT: 40.4 N    LONG:  3.5 W


                   TEMPERATURE (C), RAIN (mm), WIND SPEED (kph)

                                         HEAT   COOL         AVG
      MEAN                               DEG    DEG          WIND                  DOM
DAY   TEMP   HIGH  TIME    LOW   TIME    DAYS   DAYS   RAIN  SPEED   HIGH  TIME    DIR
---------------------------------------------------------------------------------------
01    18.1   23.8  15:20   11.4  06:20    1.2    0.0     0.0  6.0    37.0  13:20   NNW
02    18.8   23.8  15:30   12.9  06:00    0.0    0.0     0.0  6.7    38.6  14:50   SW
03    18.6   24.1  16:10   14.7  05:40    0.0    1.9     0.0  3.8    32.2  16:20   SW
04    18.4   21.1  11:50   15.8  07:10    0.0    0.2     0.2  6.2    32.2  11:40   SW
05    19.2   22.4  15:10   15.5  22:50    0.0    1.2    10.0 15.2    48.3  11:00   SW
06    16.3   19.6  15:30   13.8  06:40    2.9    0.0     7.0 13.7    45.1  09:40   WSW
07    15.5   20.0  15:40   11.1  06:20    5.0    0.0     0.0  2.6    29.0  23:40   NNE
08    15.2   21.2  14:30    9.7  06:40    5.2    0.0     0.0  4.8    27.4  00:30   NNE
09    15.7   21.3  15:00    9.7  05:30    5.1    0.0     0.0  3.0    20.9  04:30   NNE
10    16.0   21.5  14:20    9.7  06:00    4.9    0.0     0.0  2.6    25.7  16:00   NNE
11    15.9   20.3  15:30   12.6  05:40    3.3    0.0     2.0  4.1    27.4  14:00   SW
12    16.7   20.7  13:20   14.3  06:00    1.6    0.0     0.2  3.3    25.7  14:50   SSW
13    12.6   15.4  00:00    8.9  23:40   11.1    0.0     1.2  5.5    37.0  12:40   NE
14    11.6   17.6  15:40    6.6  06:10   11.3    0.0     0.0  2.5    20.9  10:40   NNE
15    12.5   19.2  14:30    5.3  06:20   10.9    0.0     0.0  4.1    29.0  04:10   NNE
16    13.8   21.3  14:40    6.3  06:40    8.2    0.0     0.0  1.7    16.1  06:50   NE
17    15.6   21.7  13:40   11.8  06:50    2.8    0.0     4.0  2.6    19.3  06:50   NNE
18    15.4   18.3  13:10   13.3  06:30    4.6    0.0     3.8  0.7    17.7  16:30   NNE
19    16.0   19.9  15:00   13.4  06:00    3.0    0.0     1.8  3.6    32.2  03:30   SSE
20    14.8   19.8  12:00   10.1  23:40    6.1    0.0     0.0  6.2    35.4  12:20   NE
21    11.6   16.9  15:30    6.7  06:30   11.8    0.0     0.0  2.6    25.7  01:00   NNE
22    12.6   18.9  14:30    5.2  06:10   11.3    0.0     0.0  2.1    22.5  23:40   NNE
23    14.0   18.8  15:00    8.8  03:50    8.1    0.0     0.0  2.3    29.0  01:20   NNE
24    15.4   19.8  13:00   10.9  05:40    5.4    0.0     0.0  1.7    17.7  08:40   NNE
25    15.6   20.2  14:30   11.4  06:50    4.5    0.0     0.0  3.3    24.1  14:00   SE
26    14.0   17.2  12:10   12.4  07:00    6.3    0.0     0.6  2.6    25.7  14:30   SSE
27    12.8   14.7  13:50    9.3  23:50   11.4    0.0     1.0 11.0    46.7  13:50   SW
28    11.3   14.9  15:50    8.2  02:10   12.2    0.0     0.8 11.6    38.6  13:00   WSW
29    13.0   15.7  16:00   10.5  01:50    9.4    0.0     0.0  3.2    20.9  09:20   SW
30    15.0   21.6  15:10    9.1  07:00    5.4    0.0     0.0  3.1    27.4  21:50   NE
31    16.0   19.9  12:40   13.0  06:50    3.3    0.0     0.0  2.9    22.5  01:50   SE
---------------------------------------------------------------------------------------
      15.1   24.1     3     5.2    22   176.5    3.2    32.6  4.7    48.3     5    NNE

Max >=   32.2:  0
Max <=    0.0:  0
Min <=    0.0:  0
Min <=  -17.8:  0
Max Rain    :   10.0 mm ON 10/05/2015
Days of Rain: 10 (> 0.254 mm) 4 (> 2.54 mm) 0 (> 25.4 mm)