NOAA-Style Climate Reports


Report for 2015 Noviembre
                   MONTHLY CLIMATOLOGICAL SUMMARY for NOV 2015


NAME: Santa Monica          CITY: Rivas Urbanizaciones  STATE: Madrid - Spain      
ELEV:  651.1 m    LAT: 40.4 N    LONG:  3.5 W


                   TEMPERATURE (C), RAIN (mm), WIND SPEED (kph)

                                         HEAT   COOL         AVG
      MEAN                               DEG    DEG          WIND                  DOM
DAY   TEMP   HIGH  TIME    LOW   TIME    DAYS   DAYS   RAIN  SPEED   HIGH  TIME    DIR
---------------------------------------------------------------------------------------
01    15.5   18.3  14:20   12.8  06:30    5.0    0.0     0.0  8.3    37.0  09:50   E
02    11.6   15.4  00:00    9.7  21:00   10.3    0.0    19.0  7.2    33.8  06:00   S
03    11.2   13.9  13:50    8.9  03:30   12.5    0.0     1.8  4.4    25.7  14:20   SSW
04    12.6   15.8  15:10   10.2  05:00    9.7    0.0     0.2  1.1    19.3  14:20   NNE
05    13.9   16.4  15:00   11.9  05:30    7.5    0.0     0.2  2.6    22.5  13:40   SW
06    15.0   20.9  15:00   10.3  06:20    4.9    0.0     0.0  1.8    14.5  08:50   NE
07    16.2   22.2  15:20   10.9  06:50    3.2    0.0     0.0  2.9    25.7  03:50   NE
08    16.1   22.1  14:20   11.2  06:40    3.1    0.0     0.0  2.8    24.1  06:40   ENE
09    14.8   21.0  14:50    8.5  07:20    6.4    0.0     0.0  2.3    25.7  05:40   NNE
10    14.2   20.8  14:30    8.0  07:10    7.0    0.0     0.0  1.3    19.3  06:20   NNE
11    13.5   21.5  15:50    6.3  07:00    8.0    0.0     0.0  2.4    27.4  01:10   NNE
12    13.7   20.7  15:50    7.2  07:10    7.8    0.0     0.0  1.2    22.5  02:30   NNE
13    12.9   20.4  14:50    6.7  07:10    8.5    0.0     0.0  3.7    27.4  23:00   NNE
14    12.3   16.9  15:20    8.2  06:20   10.3    0.0     0.0  3.1    29.0  03:40   NNE
15    11.6   18.0  15:20    6.2  06:20   11.2    0.0     0.0  0.3    12.9  03:20   NNE
16    10.6   16.7  15:10    5.3  07:20   13.2    0.0     0.0  0.7    14.5  13:00   NW
17     9.7   15.6  14:40    4.7  07:30   14.8    0.0     0.0  1.3    14.5  06:50   NE
18    11.2   18.7  15:10    5.0  06:40   11.7    0.0     0.0  2.4    29.0  05:30   NNE
19    13.2   19.9  14:50    6.9  06:10    8.8    0.0     0.0  1.2    14.5  05:00   N
20    12.7   18.9  14:30    7.2  07:30    9.5    0.0     0.0  4.0    20.9  15:00   WNW
21     9.7   13.9  00:00    4.6  21:50   16.3    0.0     0.0 13.4    48.3  12:00   NNE
22     5.5    8.0  13:50    2.9  07:20   23.2    0.0     0.0  5.6    27.4  11:40   W
23     5.1    9.1  12:30    1.2  06:10   23.8    0.0     0.0  9.1    48.3  14:10   NE
24     5.7   10.4  15:40    0.5  05:00   23.2    0.0     0.0  2.3    16.1  14:00   S
25    10.3   14.9  14:10    4.9  04:20   15.1    0.0     0.0  5.7    27.4  14:00   NW
26    11.4   15.2  13:20    6.8  07:00   13.2    0.0     0.2 10.5    57.9  13:10   N
27    12.2   16.1  14:50    8.3  23:50   11.0    0.0     0.0 11.7    43.5  00:50   NNE
28     9.3   15.1  15:00    4.8  07:40   15.2    0.0     0.0  3.3    22.5  21:40   NE
29     6.3   13.2  15:10    0.2  07:20   20.9    0.0     0.0  2.9    27.4  01:30   NNE
30     7.3   15.4  15:40    0.4  06:10   18.7    0.0     0.0  3.1    30.6  21:30   NNE
---------------------------------------------------------------------------------------
      11.5   22.2     7     0.2    29   354.1    0.0    21.4  4.1    57.9    26    NNE

Max >=   32.2:  0
Max <=    0.0:  0
Min <=    0.0:  0
Min <=  -17.8:  0
Max Rain    :   19.0 mm ON 11/02/2015
Days of Rain: 2 (> 0.254 mm) 1 (> 2.54 mm) 0 (> 25.4 mm)