NOAA-Style Climate Reports


Report for 2015 Diciembre
                   MONTHLY CLIMATOLOGICAL SUMMARY for DEC 2015


NAME: Santa Monica          CITY: Rivas Urbanizaciones  STATE: Madrid - Spain      
ELEV:  651.1 m    LAT: 40.4 N    LONG:  3.5 W


                   TEMPERATURE (C), RAIN (mm), WIND SPEED (kph)

                                         HEAT   COOL         AVG
      MEAN                               DEG    DEG          WIND                  DOM
DAY   TEMP   HIGH  TIME    LOW   TIME    DAYS   DAYS   RAIN  SPEED   HIGH  TIME    DIR
---------------------------------------------------------------------------------------
01     7.3   15.1  14:20    0.6  07:10   18.9    0.0     0.0  1.7    24.1  02:20   NNE
02     8.1   13.9  14:40    2.7  07:00   18.1    0.0     0.0  1.1    14.5  08:40   NNE
03     8.8   15.0  15:20    2.7  06:00   17.0    0.0     0.0  1.6    22.5  03:50   NNE
04    10.0   16.3  14:30    4.3  07:30   14.5    0.0     0.0  1.1    25.7  00:00   NNE
05    11.4   17.9  15:30    5.8  07:20   11.6    0.0     0.0  2.1    24.1  07:50   NE
06     9.9   15.9  14:30    4.5  07:50   14.7    0.0     0.0  2.2    20.9  02:20   NE
07     8.0   10.5  15:20    4.9  04:50   19.1    0.0     0.0  4.1    17.7  07:00   NE
08     9.6   13.1  14:50    5.9  08:10   15.9    0.0     0.0  2.4    19.3  22:30   NNE
09     9.8   14.7  14:30    6.1  05:40   14.3    0.0     0.0  6.2    30.6  09:30   NNE
10     9.3   13.3  14:20    5.9  05:30   15.7    0.0     0.0  4.2    17.7  06:20   NE
11     9.6   13.2  12:50    5.9  03:30   15.8    0.0     0.0  2.9    24.1  04:00   ENE
12     9.6   11.1  13:10    7.9  06:50   15.9    0.0     0.0  1.0    19.3  03:10   NNE
13     7.9   12.1  14:30    3.9  07:30   18.6    0.0     0.0  1.3    20.9  15:30   NNE
14    10.1   13.9  14:50    7.6  06:00   13.7    0.0     0.2  1.8    25.7  13:20   SSW
15    11.1   15.3  14:40    8.2  23:50   11.8    0.0     0.0  1.4    19.3  21:50   NNE
16     9.4   14.8  14:10    5.3  06:30   15.0    0.0     0.0  2.2    22.5  02:00   NE
17     9.6   15.2  15:00    4.8  07:10   15.0    0.0     0.0  1.9    25.7  00:30   NE
18     9.8   15.5  15:40    5.1  06:20   14.5    0.0     0.0  0.6    11.3  22:40   NNE
19    10.1   16.7  15:20    4.4  07:50   14.0    0.0     0.0  1.8    24.1  08:00   NE
20     9.5   15.1  13:20    5.0  07:00   14.9    0.0     0.0  2.6    38.6  14:20   NE
21     8.6   13.7  15:00    4.4  07:30   16.8    0.0     0.0  2.8    29.0  23:50   NE
22     8.8   15.4  15:20    3.5  07:10   16.0    0.0     0.0  3.9    37.0  04:20   NNE
23     8.4   14.0  15:10    3.3  07:40   17.4    0.0     0.0  1.2    19.3  07:10   NNE
24     5.9    9.7  15:40    1.9  08:00   22.6    0.0     0.0  0.6    12.9  23:30   N
25     6.4   12.7  14:40    1.0  07:20   20.7    0.0     0.0  1.6    20.9  06:20   NE
26     6.0   11.2  15:20    2.4  08:10   20.8    0.0     0.0  4.0    30.6  23:50   NE
27     7.3   13.8  13:50    2.4  07:00   18.5    0.0     0.0  8.7    32.2  03:20   E
28     9.7   14.1  13:10    4.7  07:00   16.0    0.0     2.0  6.0    32.2  14:00   SSW
29     7.6   10.0  14:40    5.7  07:30   18.9    0.0     0.4  1.9    24.1  00:00   SW
30     7.6   10.2  16:20    5.3  06:50   19.0    0.0     0.0  2.5    22.5  17:00   SW
31     9.6   11.6  14:40    8.3  05:10   15.1    0.0     0.4  3.4    27.4  11:50   SW
---------------------------------------------------------------------------------------
       8.9   17.9     5     0.6     1   510.5    0.0     3.0  2.6    38.6    20    NE

Max >=   32.2:  0
Max <=    0.0:  0
Min <=    0.0:  0
Min <=  -17.8:  0
Max Rain    :    2.0 mm ON 12/28/2015
Days of Rain: 3 (> 0.254 mm) 0 (> 2.54 mm) 0 (> 25.4 mm)