NOAA-Style Climate Reports


Report for 2016
                   ANNUAL CLIMATOLOGICAL SUMMARY for 2016


NAME: Santa Monica          CITY: Rivas Urbanizaciones  STATE: Madrid - Spain      
ELEV:  651.1 m    LAT: 40.4 N    LONG:  3.5 W


                 TEMPERATURE (C), RAIN (mm), WIND SPEED (kph)

                            DEP.    HEAT    COOL
          MEAN  MEAN        FROM    DEG     DEG                          MAX   MAX  MIN   MIN
 YR  MO   MAX   MIN   MEAN  NORM    DAYS    DAYS     HI DATE   LOW DATE >=32.2 <=0  <=0  <=-17.8
---------------------------------------------------------------------------------------------
2016 01   10.9   4.6   7.7   1.3   591.1     0.0   18.6  24   -2.4  17      0    0    1    0
2016 02   11.6   3.4   7.4   0.6   565.9     0.0   15.8   1   -3.8  17      0    0    4    0
2016 03   13.8   3.5   8.4  -1.3   540.2     0.0   22.1  30   -0.3   1      0    0    2    0
2016 04   16.2   6.7  11.1  -2.4   373.1     0.0   21.4  18    1.6   2      0    0    0    0
2016 05   20.4  10.2  15.2  -1.6   180.1    10.5   27.7  21    3.2   1      0    0    0    0
2016 06   29.1  15.8  22.6   0.2    15.9   236.6   34.3  28    9.4   1      8    0    0    0
2016 07   33.8  19.8  27.0   0.7     0.0   472.8   36.9  29   12.1  14     24    0    0    0
2016 08   33.0  19.4  26.4   0.6     0.0   438.0   35.9   3   14.6  11     22    0    0    0
2016 09   28.2  15.8  22.2   0.8    22.0   219.1   37.9   6    8.9  15      8    0    0    0
2016 10   21.7  11.6  16.4   0.2   119.6    25.5   27.6   3    7.8  31      0    0    0    0
2016 11   12.9   5.3   9.0  -0.9   497.5     0.0   20.8   2    2.0  19      0    0    0    0
2016 12   11.6   3.8   7.3   0.5   592.7     0.0   15.7  27   -3.8  31      0    0    3    0
---------------------------------------------------------------------------------------------
          20.3  10.0  15.1  -0.1  3498.1  1402.7   37.9 SEP   -3.8 FEB     62    0   10    0


                            PRECIPITATION (mm)

                  DEP.    MAX         ---DAYS OF RAIN---
                  FROM    OBS.                OVER
 YR  MO  TOTAL    NORM    DAY  DATE   0.254  2.54   25.4
---------------------------------------------------------
2016 01   48.9     5.9    9.0   11      15      7      0
2016 02   33.2    -6.6   13.8    7      10      4      0
2016 03   52.4    -7.2   20.6   21       9      5      0
2016 04   85.6    42.5   21.4   20      15      7      0
2016 05   69.8    35.4   18.2    8       9      6      0
2016 06    3.8   -13.7    2.2    4       2      0      0
2016 07    5.0    -1.5    3.2    6       4      1      0
2016 08    0.0    -2.7    0.0    0       0      0      0
2016 09    8.8    -3.3    8.6   13       1      1      0
2016 10   46.0    -7.9   22.2   12      16      3      0
2016 11  102.8    60.0   26.0    5      11      9      1
2016 12   31.0     4.9   15.6    4       9      3      0
---------------------------------------------------------
         487.3   105.8    26.0 NOV     101     46      1


                              WIND SPEED (kph)

                              DOM
 YR  MO    AVG     HI   DATE  DIR
----------------------------------
2016 01    7.4   78.9     4   WSW
2016 02   11.9   72.4    14     N
2016 03    9.0   66.0     4   NNE
2016 04    7.9   51.5    16    SW
2016 05    7.0   56.3    28    SW
2016 06    8.1   66.0    15     W
2016 07    7.3   56.3     6    NE
2016 08    6.5   41.8     9     E
2016 09    5.7   49.9    13   SSW
2016 10    4.5   46.7     1   SSW
2016 11    3.5   49.9    20   ENE
2016 12    3.0   41.8    19   ENE
----------------------------------
           6.8   78.9   JAN    NE