NOAA-Style Climate Reports


Report for 2016 Enero
                   MONTHLY CLIMATOLOGICAL SUMMARY for JAN 2016


NAME: Santa Monica          CITY: Rivas Urbanizaciones  STATE: Madrid - Spain      
ELEV:  651.1 m    LAT: 40.4 N    LONG:  3.5 W


                   TEMPERATURE (C), RAIN (mm), WIND SPEED (kph)

                                         HEAT   COOL         AVG
      MEAN                               DEG    DEG          WIND                  DOM
DAY   TEMP   HIGH  TIME    LOW   TIME    DAYS   DAYS   RAIN  SPEED   HIGH  TIME    DIR
---------------------------------------------------------------------------------------
01    10.5   15.0  15:40    7.6  06:40   12.7    0.0     4.8  7.1    38.6  18:30   SW
02     7.5   10.8  15:20    4.4  23:50   19.2    0.0     0.4  6.5    33.8  14:30   WSW
03     6.9   11.1  23:40    3.7  02:00   19.8    0.0     0.4  9.1    40.2  16:00   SW
04    11.3   13.3  11:10    6.7  23:50   15.0    0.0     6.6 22.6    78.9  11:00   W
05     6.2    8.8  13:40    2.9  23:50   22.5    0.0     0.0 11.6    49.9  13:50   WNW
06     4.2    8.4  23:50    0.4  06:00   25.1    0.0     0.6 15.0    54.7  22:30   WSW
07    11.4   14.0  15:10    8.4  00:40   12.8    0.0     0.4 19.9    64.4  14:20   WSW
08    10.9   12.5  09:50    9.8  06:20   13.0    0.0     1.4 13.3    43.5  10:40   SW
09     9.2   10.8  12:30    7.7  04:00   16.3    0.0     8.4 12.8    53.1  16:10   WSW
10    10.1   11.9  15:00    8.4  08:10   14.8    0.0     6.6 18.9    59.5  23:50   SW
11     8.5   11.5  01:30    5.0  23:50   18.2    0.0     9.0 16.9    61.2  00:00   W
12     5.3    9.4  14:10    1.0  07:50   23.7    0.0     0.0  6.3    29.0  13:30   WSW
13     5.4    9.5  16:00    0.8  07:30   23.8    0.0     0.0  1.3    14.5  13:30   NNE
14     5.8    7.9  15:20    3.1  05:40   23.1    0.0     3.8  3.2    20.9  15:20   SW
15     6.1    8.6  14:10    4.0  23:40   21.7    0.0     0.4 11.7    49.9  18:30   NNE
16     4.3    7.7  14:50    1.0  23:50   25.2    0.0     0.0  8.3    33.8  00:00   NE
17     2.0    5.8  15:40   -2.4  07:10   30.0    0.0     0.0  3.1    19.3  08:40   SW
18     5.4    9.1  15:50    1.9  07:00   23.2    0.0     0.0  9.0    33.8  13:30   SW
19     5.6    8.1  15:20    2.0  06:20   23.9    0.0     0.0  2.7    17.7  00:00   SSW
20     5.5    8.4  14:30    1.9  05:10   23.8    0.0     0.0  1.0    11.3  23:30   NW
21     5.9    7.6  17:40    3.4  07:40   23.1    0.0     0.0  0.7     9.7  01:30   SSW
22     7.8    9.9  16:00    5.7  06:30   19.0    0.0     1.0  2.3    16.1  06:50   NNE
23    11.5   17.1  16:20    7.7  08:20   10.7    0.0     0.0  3.1    19.3  09:40   NE
24    12.3   18.6  15:40    7.2  06:40    9.8    0.0     0.0  2.6    27.4  07:20   NE
25    11.2   16.1  15:00    6.7  06:00   12.5    0.0     0.0  1.9    14.5  03:30   NE
26     9.1   14.1  14:20    5.8  07:00   15.2    0.0     0.0  2.3    22.5  15:20   NE
27     7.8    8.9  14:50    6.9  00:10   18.8    0.0     0.0  0.7    16.1  19:00   NNE
28     6.9    8.6  13:10    5.4  07:30   20.3    0.0     2.8  2.9    19.3  13:20   SW
29     7.6    9.6  15:30    5.9  06:30   19.1    0.0     2.2  5.4    24.1  08:10   NE
30     7.7   12.2  14:50    3.6  07:30   18.8    0.0     0.0  5.5    24.1  13:50   SW
31     9.0   13.6  14:40    4.8  06:10   16.5    0.0     0.0  2.3    12.9  00:00   SE
---------------------------------------------------------------------------------------
       7.7   18.6    24    -2.4    17   591.1    0.0    48.9  7.4    78.9     4    WSW

Max >=   32.2:  0
Max <=    0.0:  0
Min <=    0.0:  1
Min <=  -17.8:  0
Max Rain    :    9.0 mm ON 01/11/2016
Days of Rain: 15 (> 0.254 mm) 7 (> 2.54 mm) 0 (> 25.4 mm)