NOAA-Style Climate Reports


Report for 2016 Febrero
                   MONTHLY CLIMATOLOGICAL SUMMARY for FEB 2016


NAME: Santa Monica          CITY: Rivas Urbanizaciones  STATE: Madrid - Spain      
ELEV:  651.1 m    LAT: 40.4 N    LONG:  3.5 W


                   TEMPERATURE (C), RAIN (mm), WIND SPEED (kph)

                                         HEAT   COOL         AVG
      MEAN                               DEG    DEG          WIND                  DOM
DAY   TEMP   HIGH  TIME    LOW   TIME    DAYS   DAYS   RAIN  SPEED   HIGH  TIME    DIR
---------------------------------------------------------------------------------------
01     9.8   15.8  16:00    4.2  07:40   15.0    0.0     0.0  2.5    25.7  03:20   NNE
02     8.8   13.5  15:20    3.9  07:40   17.3    0.0     0.0  1.8    27.4  23:30   NE
03     8.2   13.7  14:30    4.3  23:50   16.8    0.0     0.0 11.2    41.8  15:40   NE
04     6.3   11.4  16:10    1.3  07:30   21.5    0.0     0.0  8.5    38.6  00:20   NE
05     5.8   11.0  15:10    0.7  07:00   22.5    0.0     0.0  3.9    27.4  08:10   NNE
06     6.5   11.3  14:10    1.1  06:30   21.9    0.0     1.2  6.2    32.2  14:30   NW
07     7.8    9.8  15:01    4.2  01:20   20.5    0.0    13.8 18.0    54.7  12:20   W
08     7.9   11.4  13:23    4.7  04:46   18.5    0.0     0.0 12.6    37.0  11:50   WSW
09     9.8   11.7  13:43    8.1  07:33   15.2    0.0     0.4 22.1    69.2  13:10   WSW
10    10.8   13.3  16:40    7.9  06:35   13.8    0.0     0.2 19.0    61.2  14:40   WSW
11    11.9   15.6  15:22    9.6  23:55   10.3    0.0     2.4 15.5    49.9  15:00   W
12    11.0   13.1  17:20    8.2  04:55   13.9    0.0     2.6 20.2    64.4  08:50   WSW
13    12.2   13.0  13:37   11.4  23:54   11.0    0.0     2.6 22.7    67.6  19:40   W
14     7.0   11.4  00:00    3.9  23:04   19.2    0.0     2.0 17.1    72.4  10:50   WNW
15     5.0    9.2  14:18    1.8  22:47   23.1    0.0     0.2 17.7    64.4  14:58   N
16     3.2    7.7  14:07   -0.6  04:59   26.6    0.0     0.0 13.4    45.1  00:00   NNE
17     2.4    8.1  16:17   -3.8  07:17   29.1    0.0     0.2  8.9    35.4  22:20   WSW
18     4.6    8.8  13:52    2.3  23:58   22.9    0.0     1.4  6.7    27.4  14:30   NE
19     5.1   11.3  16:07   -0.1  06:51   23.0    0.0     0.0 11.6    33.8  09:21   NE
20     7.0   13.8  14:38   -0.3  06:44   20.8    0.0     0.0  8.3    30.6  05:30   NE
21     8.0   13.9  15:54    1.9  07:37   18.8    0.0     0.0 10.2    32.2  05:50   NE
22     8.9   14.9  16:03    2.1  06:56   17.8    0.0     0.0  6.1    27.4  02:30   NNW
23     8.9   15.0  15:44    3.1  07:45   16.7    0.0     0.0  4.1    22.5  16:10   SSW
24     5.9   10.5  14:12    3.0  06:51   20.8    0.0     1.2  4.3    38.6  14:50   S
25     8.2   12.4  16:34    3.9  06:22   18.2    0.0     0.0  7.9    35.4  13:50   W
26     5.3    7.9  13:25    2.6  23:50   23.5    0.0     4.6 12.5    48.3  17:00   SW
27     4.6    7.4  15:34    2.0  00:52   24.6    0.0     0.2 22.4    53.1  22:00   WNW
28     5.9    8.8  12:42    2.6  06:51   22.8    0.0     0.2 11.1    48.3  13:10   N
29     7.1   11.1  15:42    3.5  23:58   19.8    0.0     0.0 19.0    56.3  02:00   NNE
---------------------------------------------------------------------------------------
       7.4   15.8     1    -3.8    17   565.9    0.0    33.2 11.9    72.4    14    N

Max >=   32.2:  0
Max <=    0.0:  0
Min <=    0.0:  4
Min <=  -17.8:  0
Max Rain    :   13.8 mm ON 02/07/2016
Days of Rain: 10 (> 0.254 mm) 4 (> 2.54 mm) 0 (> 25.4 mm)