NOAA-Style Climate Reports


Report for 2016 Marzo
                   MONTHLY CLIMATOLOGICAL SUMMARY for MAR 2016


NAME: Santa Monica          CITY: Rivas Urbanizaciones  STATE: Madrid - Spain      
ELEV:  651.1 m    LAT: 40.4 N    LONG:  3.5 W


                   TEMPERATURE (C), RAIN (mm), WIND SPEED (kph)

                                         HEAT   COOL         AVG
      MEAN                               DEG    DEG          WIND                  DOM
DAY   TEMP   HIGH  TIME    LOW   TIME    DAYS   DAYS   RAIN  SPEED   HIGH  TIME    DIR
---------------------------------------------------------------------------------------
01     7.9   16.1  17:16   -0.3  07:00   18.8    0.0     0.0  3.9    29.0  01:20   N
02    10.3   17.8  14:43    2.9  06:05   14.3    0.0     0.0 10.2    43.5  15:30   WNW
03     9.6   15.0  16:07    5.8  07:20   14.3    0.0     0.0  3.6    22.5  00:10   NE
04     8.6   14.2  15:02    3.7  08:10   16.9    0.0     1.0 14.1    66.0  18:40   SW
05     5.8    9.4  14:06    2.3  06:23   22.4    0.0     0.0 14.3    43.5  01:00   WNW
06     6.3   10.0  16:09    1.2  06:53   23.0    0.0     0.0  9.0    35.4  11:30   NW
07     6.1   10.0  16:17    1.9  08:26   22.3    0.0     2.8 15.7    54.7  20:45   N
08     6.5   10.6  15:08    3.5  06:58   20.3    0.0     0.0 13.5    46.7  03:20   NNE
09     6.8   13.7  16:14    1.4  02:50   19.4    0.0     0.0 11.9    51.5  17:01   S
10     6.6   10.0  15:38    3.7  05:50   20.7    0.0     0.0 16.3    56.3  13:50   N
11     7.0   12.9  16:08    2.2  06:03   19.4    0.0     0.0  9.3    32.2  20:00   NE
12     6.3   12.9  16:39   -0.2  07:14   21.6    0.0     0.0  5.0    19.3  10:20   NNE
13     7.8   15.1  16:56    0.8  06:57   18.7    0.0     0.0  8.1    29.0  23:40   NE
14     6.5   12.3  15:51    1.1  06:19   21.0    0.0     0.0 11.3    37.0  00:50   NE
15     7.2   13.9  14:51    0.4  06:35   20.1    0.0     0.0  9.7    33.8  05:30   NNE
16     8.6   15.1  14:50    1.1  06:42   18.4    0.0     0.0  3.1    25.7  16:50   N
17     9.3   15.2  16:48    2.9  06:36   16.7    0.0     0.0  6.6    25.7  15:27   NE
18     8.6   13.7  15:46    2.8  06:34   18.2    0.0     5.2  6.7    29.0  15:40   WSW
19     8.4   11.4  15:07    6.2  23:34   17.2    0.0    17.0  7.5    38.6  13:50   SW
20     7.8   12.6  16:10    3.9  06:02   18.2    0.0     0.4  2.6    24.1  16:30   ENE
21     7.7   12.9  12:34    5.3  23:43   16.6    0.0    20.6  3.6    25.7  17:20   ENE
22     9.0   13.3  13:42    5.3  00:11   16.3    0.0     4.2  6.1    22.5  07:50   NE
23     8.3   13.2  15:57    3.5  05:49   18.0    0.0     0.0  7.3    29.0  16:50   NE
24     9.7   18.1  16:50    3.1  05:20   14.0    0.0     0.0  5.8    19.3  00:00   NNE
25    10.8   16.5  14:27    4.1  06:09   14.4    0.0     0.0  3.2    20.9  15:30   S
26    10.2   15.1  13:53    5.2  05:50   14.7    0.0     0.0  8.6    45.1  14:10   SW
27    10.6   14.6  16:11    7.9  07:29   12.7    0.0     0.0 12.9    41.8  22:00   W
28     9.2   11.9  16:12    7.4  06:17   15.7    0.0     0.4 13.4    38.6  13:20   SW
29    12.4   17.6  15:57    8.3  01:19    9.8    0.0     0.0  9.7    33.8  12:20   SW
30    14.2   22.1  15:49    7.0  06:09    6.9    0.0     0.0  6.1    41.8  15:00   SSW
31     7.9   11.4  13:36    3.7  06:31   19.3    0.0     0.8 19.1    59.5  03:00   NNW
---------------------------------------------------------------------------------------
       8.4   22.1    30    -0.3     1   540.2    0.0    52.4  9.0    66.0     4    NNE

Max >=   32.2:  0
Max <=    0.0:  0
Min <=    0.0:  2
Min <=  -17.8:  0
Max Rain    :   20.6 mm ON 03/21/2016
Days of Rain: 9 (> 0.254 mm) 5 (> 2.54 mm) 0 (> 25.4 mm)