NOAA-Style Climate Reports


Report for 2016 Abril
                   MONTHLY CLIMATOLOGICAL SUMMARY for APR 2016


NAME: Santa Monica          CITY: Rivas Urbanizaciones  STATE: Madrid - Spain      
ELEV:  651.1 m    LAT: 40.4 N    LONG:  3.5 W


                   TEMPERATURE (C), RAIN (mm), WIND SPEED (kph)

                                         HEAT   COOL         AVG
      MEAN                               DEG    DEG          WIND                  DOM
DAY   TEMP   HIGH  TIME    LOW   TIME    DAYS   DAYS   RAIN  SPEED   HIGH  TIME    DIR
---------------------------------------------------------------------------------------
01     7.7   13.1  16:07    2.9  04:42   18.6    0.0     0.0 10.6    30.6  13:50   NNE
02     9.4   15.7  14:48    1.6  06:03   17.5    0.0     0.0  7.5    29.0  12:00   SW
03    10.0   13.2  12:34    7.6  23:37   14.3    0.0     0.0 10.2    48.3  13:20   SW
04     7.8    9.6  12:21    6.6  03:39   18.4    0.0    20.4  4.7    29.0  12:10   SSW
05    10.1   14.9  16:13    6.6  23:47   13.7    0.0     0.4 13.8    49.9  18:40   NNE
06     9.0   18.8  16:40    4.8  05:40   11.7    0.0     0.0 11.7    30.6  08:40   NE
07    12.1   19.6  16:41    5.8  05:24   10.1    0.0     0.0  8.0    38.6  23:20   NE
08     8.8   12.7  15:36    3.7  05:47   18.3    0.0     0.0 12.9    46.7  02:00   NNE
09    11.0   17.1  15:09    4.2  06:00   13.8    0.0     0.0  8.0    38.6  17:11   SW
10     8.9   12.9  16:24    5.7  23:58   16.2    0.0     1.6 13.6    46.7  18:00   WSW
11     8.0   13.2  13:54    4.4  03:59   17.2    0.0     5.0  9.2    48.3  16:23   SSW
12     8.8   12.4  16:02    7.1  09:47   15.4    0.0     9.6  7.4    46.7  17:29   SSW
13    10.2   14.6  16:38    6.5  05:59   14.0    0.0     0.0  9.7    35.4  12:40   SW
14    12.9   18.3  16:01    7.6  06:15    9.7    0.0     0.0  7.2    30.6  11:20   SW
15    13.3   18.4  13:56    8.2  05:30    9.0    0.0     1.6  9.1    40.2  12:30   SSW
16    11.6   15.9  12:09    9.6  05:20   10.1    0.0     7.4 12.6    51.5  11:30   SW
17    11.6   16.2  15:43    7.0  05:56   12.1    0.0     0.0  8.7    35.4  14:00   WSW
18    13.7   21.4  16:21    5.7  05:51    8.6    0.0     0.0  7.6    32.2  22:50   ENE
19    11.9   14.1  00:27   10.3  11:26   11.0    0.0     9.4  4.9    27.4  00:20   ENE
20    10.1   12.8  18:15    8.0  03:38   14.3    0.0    21.4  4.5    40.2  04:50   SSE
21    11.5   16.3  16:25    7.4  02:38   11.7    0.0     0.6  6.7    27.4  15:00   SW
22    11.9   15.9  15:04    8.9  05:25   10.7    0.0     2.4  2.5    25.7  14:30   E
23    11.7   17.6  13:32    8.0  05:45    9.9    0.0     1.4  4.1    41.8  14:30   NE
24    11.8   17.4  16:31    6.6  05:35   11.4    0.0     0.0  6.6    27.4  11:33   NE
25    12.0   19.1  16:25    4.0  05:48   12.2    0.0     0.0  4.5    25.7  03:00   NE
26    14.5   20.8  14:53    6.6  05:48    8.3    0.0     0.0  4.9    30.6  13:10   SW
27    14.8   20.2  13:45    9.5  05:37    6.2    0.0     0.0  6.8    37.0  17:20   SW
28    13.2   17.1  13:35    9.4  07:04    9.1    0.0     0.6  6.9    22.5  15:20   NE
29    12.9   18.4  14:30    8.9  05:10    8.5    0.0     3.4  4.8    24.1  21:10   SSW
30    12.4   17.4  14:12    7.1  23:57   11.0    0.0     0.4  8.2    40.2  18:50   NE
---------------------------------------------------------------------------------------
      11.1   21.4    18     1.6     2   373.1    0.0    85.6  7.9    51.5    16    SW

Max >=   32.2:  0
Max <=    0.0:  0
Min <=    0.0:  0
Min <=  -17.8:  0
Max Rain    :   21.4 mm ON 04/20/2016
Days of Rain: 15 (> 0.254 mm) 7 (> 2.54 mm) 0 (> 25.4 mm)