NOAA-Style Climate Reports


Report for 2016 Mayo
                   MONTHLY CLIMATOLOGICAL SUMMARY for MAY 2016


NAME: Santa Monica          CITY: Rivas Urbanizaciones  STATE: Madrid - Spain      
ELEV:  651.1 m    LAT: 40.4 N    LONG:  3.5 W


                   TEMPERATURE (C), RAIN (mm), WIND SPEED (kph)

                                         HEAT   COOL         AVG
      MEAN                               DEG    DEG          WIND                  DOM
DAY   TEMP   HIGH  TIME    LOW   TIME    DAYS   DAYS   RAIN  SPEED   HIGH  TIME    DIR
---------------------------------------------------------------------------------------
01    10.0   16.8  17:20    3.2  05:36   15.0    0.0     0.0 11.9    41.8  11:30   NE
02    13.6   23.1  17:01    3.4  05:30    9.1    0.0     0.0  6.2    27.4  13:40   NE
03    18.1   26.1  18:06    9.6  04:56    0.9    0.0     0.0  7.8    25.7  00:20   NE
04    18.9   26.3  16:44   10.5  04:54    0.0    0.1     0.0  6.6    29.0  06:40   ENE
05    15.7   19.1  11:28   13.0  04:35    4.1    0.0     0.0  4.7    27.4  15:50   E
06    12.7   15.9  14:44   10.1  05:15    9.6    0.0     8.6  4.6    27.4  08:30   S
07    12.8   15.7  14:12   10.5  05:26    9.4    0.0     1.0  7.0    25.7  16:50   SSW
08    10.9   13.0  09:48    8.8  10:19   13.3    0.0    18.2  6.3    41.8  09:30   S
09    10.8   13.2  17:44    9.2  12:40   12.9    0.0    11.6  6.2    53.1  12:10   SSW
10    10.6   15.2  09:57    7.8  04:40   12.2    0.0    14.8  5.3    38.6  10:50   S
11    10.2   14.4  14:48    6.6  05:40   14.0    0.0     6.2  5.0    30.6  17:50   SSW
12    10.6   14.2  13:23    7.7  05:45   13.3    0.0     6.4 10.4    38.6  10:50   SW
13    11.4   15.7  17:07    8.2  04:29   11.5    0.0     0.2  7.7    32.2  10:10   W
14    13.6   18.7  13:37    7.4  04:52    9.5    0.0     0.0  2.6    20.9  16:27   SSW
15    16.0   21.2  16:13   11.5  05:22    3.6    0.0     0.0  6.0    24.1  23:50   NE
16    15.7   22.4  15:32    8.4  05:14    5.2    0.0     0.0  7.1    25.7  00:10   NE
17    17.4   23.0  15:24   10.3  06:41    3.0    0.0     0.0  6.0    27.4  05:55   WSW
18    18.9   25.1  16:41   11.9  06:23    0.0    0.2     0.0  7.4    37.0  16:30   WNW
19    18.9   24.8  16:20   13.8  05:40    0.0    1.7     0.0  6.3    29.0  17:00   NNE
20    20.3   27.1  16:50   12.0  05:00    0.0    2.1     0.0  5.4    24.1  05:40   NE
21    20.8   27.7  15:11   14.3  05:24    0.0    4.8     0.0  7.0    35.4  15:10   SW
22    17.8   21.1  14:17   13.0  23:50    2.3    0.0     0.0 14.4    45.1  15:00   W
23    15.4   21.4  16:31    8.4  05:20    6.2    0.0     0.0  4.9    20.9  05:40   NE
24    18.3   24.2  13:20   12.9  04:58    0.0    0.4     0.0  7.2    37.0  14:50   WSW
25    16.2   19.2  14:43   13.4  05:19    3.7    0.0     0.0  6.2    30.6  11:48   WSW
26    18.1   23.3  17:08   13.7  06:05    0.0    0.2     0.0  3.1    25.7  18:30   SW
27    18.5   24.6  15:56   13.1  05:20    0.0    0.9     0.0  6.9    38.6  17:30   WSW
28    14.4   19.9  12:28   11.5  22:27    4.8    0.0     2.4  9.8    56.3  13:10   SW
29    14.0   18.4  14:46   10.8  06:53    6.8    0.0     0.4 12.1    46.7  17:40   W
30    15.4   20.1  17:37   10.7  05:24    5.3    0.0     0.0  5.1    27.4  14:40   WNW
31    16.2   22.7  16:42    9.2  04:57    4.3    0.0     0.0  9.2    25.7  20:00   NE
---------------------------------------------------------------------------------------
      15.2   27.7    21     3.2     1   180.1   10.5    69.8  7.0    56.3    28    SW

Max >=   32.2:  0
Max <=    0.0:  0
Min <=    0.0:  0
Min <=  -17.8:  0
Max Rain    :   18.2 mm ON 05/08/2016
Days of Rain: 9 (> 0.254 mm) 6 (> 2.54 mm) 0 (> 25.4 mm)