NOAA-Style Climate Reports


Report for 2016 Junio
                   MONTHLY CLIMATOLOGICAL SUMMARY for JUN 2016


NAME: Santa Monica          CITY: Rivas Urbanizaciones  STATE: Madrid - Spain      
ELEV:  651.1 m    LAT: 40.4 N    LONG:  3.5 W


                   TEMPERATURE (C), RAIN (mm), WIND SPEED (kph)

                                         HEAT   COOL         AVG
      MEAN                               DEG    DEG          WIND                  DOM
DAY   TEMP   HIGH  TIME    LOW   TIME    DAYS   DAYS   RAIN  SPEED   HIGH  TIME    DIR
---------------------------------------------------------------------------------------
01    17.7   25.4  16:41    9.4  04:56    1.6    0.0     0.0  7.5    24.1  04:40   NNE
02    19.7   27.2  17:03   10.4  05:20    0.0    0.8     0.0  6.0    27.4  03:00   W
03    21.6   28.1  15:57   14.5  05:08    0.0    5.3     0.0  6.7    37.0  14:20   W
04    20.0   26.0  16:46   13.9  06:27    0.0    2.9     2.2  4.8    29.0  13:00   SW
05    21.1   27.7  17:33   13.3  05:18    0.0    3.9     0.0  4.9    25.7  14:40   WSW
06    22.4   28.0  15:37   15.6  04:16    0.0    6.2     0.0  5.1    37.0  14:30   W
07    24.2   31.1  15:47   15.6  05:17    0.0    8.9     0.0  5.5    24.1  03:50   NNE
08    25.9   32.9  16:45   17.3  05:10    0.0   12.2     0.0  5.4    30.6  14:10   N
09    26.8   33.6  16:12   19.4  05:57    0.0   14.7     0.0  9.7    37.0  15:30   NW
10    24.4   28.8  15:02   19.4  05:58    0.0   10.4     0.0  9.0    40.2  13:10   W
11    23.1   28.8  15:48   16.9  05:11    0.0    8.1     0.0  9.2    35.4  14:10   N
12    24.1   30.1  16:51   16.9  05:45    0.0    9.2     0.0  7.8    38.6  23:30   NNW
13    24.5   29.7  15:51   19.6  05:14    0.0   11.4     0.0 17.2    45.1  09:50   NW
14    21.6   27.2  15:19   16.3  05:13    0.0    6.2     0.0 14.1    46.7  14:30   WNW
15    16.4   19.8  13:01   12.4  18:45    4.1    0.0     1.6 15.8    66.0  16:30   W
16    14.5   19.2  17:34   10.1  04:37    6.7    0.0     0.0 13.6    48.3  19:10   W
17    16.8   21.7  17:03   11.8  04:21    2.9    0.0     0.0  7.9    29.0  14:30   WNW
18    17.4   22.6  16:55   13.4  05:11    0.7    0.0     0.0  9.4    30.6  08:20   NE
19    18.4   26.3  16:10   10.6  04:43    0.0    0.2     0.0  8.2    33.8  18:30   NNE
20    23.3   31.3  16:30   14.5  05:04    0.0    8.2     0.0  3.6    27.4  16:30   NE
21    25.7   32.9  16:50   17.5  04:56    0.0   12.3     0.0  4.2    30.6  12:50   ESE
22    22.7   33.4  16:40   18.9  05:54    0.0   14.1     0.0  5.4    32.2  13:50   E
23    25.4   31.9  16:41   17.6  05:02    0.0   11.6     0.0  6.8    40.2  13:50   W
24    26.4   33.3  15:42   18.6  04:46    0.0   13.7     0.0  7.3    46.7  16:20   WSW
25    24.6   31.7  16:41   17.1  05:07    0.0   10.9     0.0 10.0    40.2  23:10   NE
26    23.4   31.2  17:15   15.3  05:07    0.0    8.8     0.0  9.8    38.6  13:30   NE
27    25.4   32.8  16:26   16.7  05:02    0.0   11.6     0.0  6.4    25.7  05:00   NE
28    26.5   34.3  13:25   19.4  05:27    0.0   15.4     0.0  6.1    41.8  16:20   ENE
29    27.7   33.8  15:09   21.5  05:05    0.0   16.8     0.0  8.6    45.1  17:10   WSW
30    26.3   32.1  16:28   19.0  04:50    0.0   12.9     0.0  7.6    38.6  16:00   WSW
---------------------------------------------------------------------------------------
      22.6   34.3    28     9.4     1    15.9  236.6     3.8  8.1    66.0    15    W

Max >=   32.2:  8
Max <=    0.0:  0
Min <=    0.0:  0
Min <=  -17.8:  0
Max Rain    :    2.2 mm ON 06/04/2016
Days of Rain: 2 (> 0.254 mm) 0 (> 2.54 mm) 0 (> 25.4 mm)