NOAA-Style Climate Reports


Report for 2016 Julio
                   MONTHLY CLIMATOLOGICAL SUMMARY for JUL 2016


NAME: Santa Monica          CITY: Rivas Urbanizaciones  STATE: Madrid - Spain      
ELEV:  651.1 m    LAT: 40.4 N    LONG:  3.5 W


                   TEMPERATURE (C), RAIN (mm), WIND SPEED (kph)

                                         HEAT   COOL         AVG
      MEAN                               DEG    DEG          WIND                  DOM
DAY   TEMP   HIGH  TIME    LOW   TIME    DAYS   DAYS   RAIN  SPEED   HIGH  TIME    DIR
---------------------------------------------------------------------------------------
01    27.2   32.7  16:05   20.7  05:29    0.0   15.0     0.0  5.8    38.6  14:40   WSW
02    27.8   34.1  16:52   19.7  05:20    0.0   15.4     0.0  5.4    32.2  23:18   NNE
03    27.7   35.8  17:30   18.9  04:59    0.0   16.2     0.0  8.0    35.4  01:10   ENE
04    25.5   33.2  14:35   20.3  04:33    0.0   15.1     0.4  5.6    51.5  17:10   ENE
05    26.1   34.1  15:35   18.7  05:28    0.0   14.6     0.6  9.2    43.5  23:00   NNE
06    25.9   34.3  16:04   19.1  02:24    0.0   15.1     3.2  7.3    56.3  21:40   NNE
07    25.0   31.5  15:06   20.2  03:43    0.0   13.5     0.0  8.7    30.6  06:40   NE
08    26.6   33.1  15:49   20.3  04:17    0.0   15.1     0.0  3.2    22.5  14:50   SE
09    29.0   35.6  16:39   21.2  05:27    0.0   18.1     0.0  5.4    24.1  07:10   NNE
10    30.3   36.6  14:49   22.9  05:09    0.0   20.6     0.0  4.6    30.6  14:40   SE
11    30.1   34.9  14:52   24.6  05:27    0.0   20.5     0.0 10.2    46.7  13:20   W
12    26.3   31.8  14:12   20.1  23:59    0.0   13.6     0.0  7.2    40.2  15:00   NNW
13    21.3   28.2  17:12   14.6  04:59    0.0    5.5     0.0 13.5    43.5  22:00   NE
14    20.6   29.9  17:45   12.1  05:21    0.0    4.8     0.0 11.7    40.2  22:10   NE
15    21.8   30.4  16:48   12.3  05:11    0.0    5.4     0.0  8.6    33.8  03:20   NNE
16    25.9   33.4  17:20   17.7  05:28    0.0   13.0     0.0  3.9    20.9  23:40   SE
17    27.8   35.3  17:07   19.5  05:24    0.0   16.3     0.0  4.1    25.7  22:30   SSE
18    28.9   36.7  16:48   20.2  05:50    0.0   18.2     0.0  6.0    30.6  22:54   SE
19    29.3   36.4  16:15   20.9  04:51    0.0   18.6     0.0  3.5    25.7  00:50   SSE
20    29.2   34.9  16:10   24.3  08:30    0.0   20.2     0.8  4.9    46.7  08:10   S
21    27.8   33.5  16:16   21.1  06:07    0.0   16.1     0.0  6.6    35.4  12:25   WSW
22    25.9   31.3  15:42   20.6  23:55    0.0   13.7     0.0  5.4    38.6  20:20   NNE
23    23.4   30.2  17:18   16.5  05:27    0.0    9.0     0.0 11.4    41.8  07:50   NE
24    25.2   32.7  18:25   16.9  05:22    0.0   11.6     0.0  8.9    29.0  06:30   NNE
25    27.5   35.4  16:41   19.7  05:39    0.0   16.6     0.0  7.4    32.2  00:14   NNE
26    29.3   36.2  17:27   21.1  05:25    0.0   18.6     0.0  7.7    35.4  00:50   NNE
27    29.5   36.2  14:30   22.4  05:39    0.0   19.7     0.0  8.4    29.0  00:00   NE
28    29.4   36.6  17:09   21.3  05:23    0.0   19.1     0.0  6.9    29.0  04:10   ENE
29    30.2   36.9  17:07   23.0  05:45    0.0   20.9     0.0  7.9    33.8  16:00   SW
30    29.0   34.1  15:58   24.4  05:35    0.0   19.7     0.0 11.4    45.1  14:20   SW
31    26.1   32.4  16:37   18.8  05:15    0.0   13.1     0.0  8.3    30.6  15:30   WSW
---------------------------------------------------------------------------------------
      27.0   36.9    29    12.1    14     0.0  472.8     5.0  7.3    56.3     6    NE

Max >=   32.2:  24
Max <=    0.0:  0
Min <=    0.0:  0
Min <=  -17.8:  0
Max Rain    :    3.2 mm ON 07/06/2016
Days of Rain: 4 (> 0.254 mm) 1 (> 2.54 mm) 0 (> 25.4 mm)