NOAA-Style Climate Reports


Report for 2016 Agosto
                   MONTHLY CLIMATOLOGICAL SUMMARY for AUG 2016


NAME: Santa Monica          CITY: Rivas Urbanizaciones  STATE: Madrid - Spain      
ELEV:  651.1 m    LAT: 40.4 N    LONG:  3.5 W


                   TEMPERATURE (C), RAIN (mm), WIND SPEED (kph)

                                         HEAT   COOL         AVG
      MEAN                               DEG    DEG          WIND                  DOM
DAY   TEMP   HIGH  TIME    LOW   TIME    DAYS   DAYS   RAIN  SPEED   HIGH  TIME    DIR
---------------------------------------------------------------------------------------
01    26.6   33.4  17:56   18.6  05:15    0.0   13.8     0.0  7.0    30.6  02:40   NE
02    28.5   35.7  17:08   20.2  05:35    0.0   17.4     0.0  6.0    32.2  15:00   ENE
03    29.2   35.9  16:22   21.3  05:47    0.0   18.6     0.0  6.7    27.4  14:20   W
04    28.8   34.1  15:33   22.6  05:39    0.0   18.0     0.0  7.9    37.0  12:30   NNW
05    25.8   31.8  17:28   19.4  05:32    0.0   13.1     0.0  9.8    32.2  07:00   NE
06    26.1   34.6  17:39   17.6  05:27    0.0   13.9     0.0  9.7    32.2  23:40   NE
07    27.3   35.0  17:55   19.2  05:57    0.0   15.8     0.0  6.4    30.6  00:40   NNE
08    27.8   34.8  17:16   20.5  06:05    0.0   16.8     0.0  2.8    17.7  00:10   SSE
09    25.8   33.1  12:56   18.8  23:59    0.0   13.8     0.0  8.0    41.8  15:40   ENE
10    21.4   28.1  17:31   15.5  06:59    0.0    6.2     0.0 13.1    40.2  03:00   NE
11    22.1   29.7  17:41   14.6  05:18    0.0    6.8     0.0  9.3    33.8  01:40   NE
12    24.4   31.3  15:50   16.5  05:49    0.0   10.1     0.0  5.0    25.7  00:00   ENE
13    26.0   32.8  15:47   19.0  05:37    0.0   13.6     0.0  2.7    27.4  23:40   SSE
14    26.6   33.6  15:39   19.5  05:26    0.0   14.8     0.0  3.5    27.4  12:50   SE
15    26.7   33.1  15:15   19.6  05:06    0.0   14.4     0.0  7.6    35.4  15:50   WSW
16    27.2   32.3  16:50   21.2  05:25    0.0   15.1     0.0  7.1    32.2  12:40   WSW
17    26.1   31.6  16:20   19.9  06:28    0.0   13.4     0.0  6.6    32.2  15:00   SW
18    26.4   32.1  16:50   19.8  05:53    0.0   13.8     0.0  4.2    27.4  15:30   SW
19    26.8   32.3  16:09   20.3  06:13    0.0   14.3     0.0  8.6    32.2  16:40   SW
20    25.9   31.4  16:53   20.2  23:59    0.0   13.4     0.0  7.8    37.0  23:50   WSW
21    24.2   32.1  17:59   16.3  05:43    0.0   10.6     0.0  9.1    33.8  00:00   NE
22    27.1   34.1  16:07   19.1  05:43    0.0   14.9     0.0  5.7    29.0  00:00   S
23    28.6   35.2  17:29   21.8  05:42    0.0   18.3     0.0  3.2    20.9  22:20   SSE
24    27.2   33.7  15:52   20.4  05:30    0.0   15.6     0.0  3.9    27.4  13:30   SE
25    26.7   33.6  14:27   18.8  06:25    0.0   14.2     0.0  4.5    24.1  23:40   SE
26    26.5   32.6  16:55   19.7  05:59    0.0   14.1     0.0  3.5    24.1  19:55   E
27    27.8   34.2  17:13   20.9  05:49    0.0   16.6     0.0  5.1    35.4  15:30   SW
28    28.7   33.9  16:21   22.3  06:38    0.0   17.6     0.0  5.6    35.4  15:00   SW
29    26.6   33.4  16:12   20.2  23:59    0.0   15.2     0.0  8.8    41.8  22:10   NE
30    24.3   31.7  16:02   16.8  04:36    0.0   10.7     0.0  9.2    41.8  00:10   N
31    25.8   32.2  15:41   19.3  05:14    0.0   13.4     0.0  2.7    24.1  22:52   E
---------------------------------------------------------------------------------------
      26.4   35.9     3    14.6    11     0.0  438.0     0.0  6.5    41.8     9    E

Max >=   32.2:  22
Max <=    0.0:  0
Min <=    0.0:  0
Min <=  -17.8:  0
Max Rain    :    0.0 mm ON --/--/----
Days of Rain: 0 (> 0.254 mm) 0 (> 2.54 mm) 0 (> 25.4 mm)