NOAA-Style Climate Reports


Report for 2016 Septiembre
                   MONTHLY CLIMATOLOGICAL SUMMARY for SEP 2016


NAME: Santa Monica          CITY: Rivas Urbanizaciones  STATE: Madrid - Spain      
ELEV:  651.1 m    LAT: 40.4 N    LONG:  3.5 W


                   TEMPERATURE (C), RAIN (mm), WIND SPEED (kph)

                                         HEAT   COOL         AVG
      MEAN                               DEG    DEG          WIND                  DOM
DAY   TEMP   HIGH  TIME    LOW   TIME    DAYS   DAYS   RAIN  SPEED   HIGH  TIME    DIR
---------------------------------------------------------------------------------------
01    25.8   33.0  17:03   20.1  05:40    0.0   14.8     0.0  4.9    30.6  18:00   E
02    26.7   33.4  15:36   19.1  05:57    0.0   14.2     0.0  2.2    16.1  11:10   NE
03    28.3   34.4  15:18   20.5  06:42    0.0   16.4     0.0  2.9    25.7  13:50   SW
04    29.3   35.6  14:52   20.8  05:31    0.0   17.8     0.0  5.3    30.6  14:10   WSW
05    29.9   36.7  15:42   22.2  06:16    0.0   20.1     0.0  6.3    30.6  15:40   NNE
06    30.3   37.9  15:29   21.4  06:33    0.0   20.4     0.0  5.9    27.4  16:30   N
07    30.0   37.2  15:25   22.2  05:42    0.0   20.4     0.0  9.6    48.3  14:10   W
08    26.2   31.6  16:17   20.2  06:11    0.0   13.6     0.0  6.2    29.0  13:40   SW
09    24.2   29.4  16:01   19.1  04:19    0.0   10.6     0.0  4.9    24.1  14:50   SW
10    24.8   30.7  14:31   18.7  06:16    0.0   11.4     0.0  6.8    22.5  07:40   NNE
11    25.4   31.7  16:35   18.7  05:40    0.0   12.3     0.0  4.8    24.1  00:00   ENE
12    25.8   32.6  15:24   19.3  06:06    0.0   13.7     0.2  5.7    35.4  19:30   SSE
13    19.2   23.9  00:10   14.1  22:53    0.0    1.2     8.6  9.3    49.9  10:00   SSW
14    14.4   17.6  15:53   11.4  06:23    6.9    0.0     0.0  7.6    37.0  09:00   WNW
15    14.5   18.3  14:51    8.9  06:22    8.5    0.0     0.0  8.0    33.8  14:50   WSW
16    17.4   23.1  16:45   11.7  05:50    1.7    0.0     0.0  5.5    25.7  19:40   NNE
17    16.7   22.7  15:12   12.1  06:22    1.7    0.0     0.0  8.7    30.6  19:40   NE
18    16.9   23.6  17:21   10.9  05:47    1.9    0.0     0.0  4.5    22.5  11:53   NE
19    17.7   24.6  16:44   10.7  05:46    1.3    0.0     0.0  3.8    22.5  01:10   NE
20    19.8   26.5  15:37   13.5  06:38    0.0    3.0     0.0  7.9    29.0  03:50   NE
21    20.4   27.0  16:07   12.6  06:29    0.0    2.7     0.0  6.8    37.0  13:20   WSW
22    20.5   26.7  15:02   12.8  05:59    0.0    2.6     0.0  3.4    27.4  13:40   S
23    20.4   26.3  14:25   14.1  06:07    0.0    3.3     0.0  2.4    20.9  13:50   SSW
24    20.6   26.1  14:56   13.7  06:12    0.0    2.8     0.0  4.5    24.1  13:20   SSW
25    20.5   25.9  14:47   14.4  07:01    0.0    3.2     0.0  4.1    25.7  23:30   SW
26    20.7   25.8  15:30   15.6  06:07    0.0    4.2     0.0  5.7    25.7  23:50   NNE
27    20.9   27.6  15:52   14.6  06:15    0.0    4.9     0.0 10.1    30.6  07:30   NE
28    19.6   25.2  16:09   14.2  06:24    0.0    2.5     0.0  6.4    25.7  00:30   ENE
29    19.2   25.2  15:51   12.6  05:59    0.0    1.0     0.0  3.3    22.5  13:10   S
30    19.7   25.4  14:41   13.4  05:36    0.0    1.9     0.0  3.3    19.3  14:50   S
---------------------------------------------------------------------------------------
      22.2   37.9     6     8.9    15    22.0  219.1     8.8  5.7    49.9    13    SSW

Max >=   32.2:  8
Max <=    0.0:  0
Min <=    0.0:  0
Min <=  -17.8:  0
Max Rain    :    8.6 mm ON 09/13/2016
Days of Rain: 1 (> 0.254 mm) 1 (> 2.54 mm) 0 (> 25.4 mm)