NOAA-Style Climate Reports


Report for 2016 Octubre
                   MONTHLY CLIMATOLOGICAL SUMMARY for OCT 2016


NAME: Santa Monica          CITY: Rivas Urbanizaciones  STATE: Madrid - Spain      
ELEV:  651.1 m    LAT: 40.4 N    LONG:  3.5 W


                   TEMPERATURE (C), RAIN (mm), WIND SPEED (kph)

                                         HEAT   COOL         AVG
      MEAN                               DEG    DEG          WIND                  DOM
DAY   TEMP   HIGH  TIME    LOW   TIME    DAYS   DAYS   RAIN  SPEED   HIGH  TIME    DIR
---------------------------------------------------------------------------------------
01    20.1   25.5  15:11   13.9  06:48    0.0    2.4     0.0  6.7    46.7  14:50   SW
02    20.1   25.3  16:16   14.1  06:37    0.0    2.5     0.0  3.1    25.7  13:10   SW
03    20.3   27.6  15:32   13.2  06:22    0.0    3.7     0.0  3.6    25.7  15:10   S
04    20.7   27.1  15:03   13.4  06:30    0.0    3.5     0.0  2.4    19.3  22:32   SW
05    20.6   27.2  15:05   14.1  06:26    0.0    4.2     0.0  3.7    24.1  04:30   NE
06    20.8   27.0  15:20   15.4  06:28    0.0    5.2     0.0  4.7    37.0  12:30   ENE
07    19.0   25.9  15:55   11.8  06:33    0.0    0.9     0.0  4.9    27.4  16:00   SW
08    18.9   26.4  14:46   10.9  06:04    0.0    0.6     0.0  4.0    30.6  23:30   SW
09    18.2   25.6  15:44   11.4  06:19    0.0    0.3     0.0  7.5    29.0  00:20   NE
10    17.0   23.9  16:29   10.4  06:05    2.1    0.0     0.0  8.9    37.0  05:40   NNE
11    15.8   22.9  15:19    8.2  05:53    5.1    0.0     0.0  7.6    37.0  14:00   SW
12    11.9   13.6  00:00   10.4  08:17   11.4    0.0    22.2  2.6    19.3  07:50   SE
13    12.1   15.1  14:03   10.6  07:33    9.9    0.0     1.8  7.0    29.0  17:20   WSW
14    13.3   17.4  15:15   11.1  23:50    7.4    0.0     0.0  5.0    33.8  13:50   SW
15    13.2   18.2  14:50    8.5  06:42    8.9    0.0     0.0  3.6    19.3  14:50   S
16    14.6   19.7  14:43    8.4  06:04    7.7    0.0     0.0  3.6    19.3  02:40   NE
17    15.4   18.4  13:50   13.0  05:15    4.8    0.0     0.6  3.1    17.7  22:40   ENE
18    15.6   19.3  15:35   13.1  03:51    3.8    0.0     4.0  3.5    20.9  01:24   NE
19    15.6   18.2  14:31   13.8  08:14    4.2    0.0     5.0  1.4    11.3  07:27   ENE
20    14.9   18.9  15:00   11.9  07:25    5.3    0.0     2.0  1.6    22.5  07:20   S
21    14.4   18.8  14:44   10.1  05:35    6.9    0.0     1.4  2.5    20.9  02:50   NE
22    14.5   16.3  14:00   13.2  06:54    6.5    0.0     1.0  3.3    27.4  21:50   S
23    12.8   14.7  00:00   10.8  20:56   10.0    0.0     1.0  7.3    37.0  04:00   SSW
24    12.2   15.7  15:47   10.1  07:27    9.8    0.0     1.0  4.2    20.9  23:10   S
25    15.9   20.3  11:59   12.2  04:46    3.7    0.0     1.2  8.2    27.4  07:50   NE
26    18.1   24.6  15:51   13.2  07:26    0.0    0.9     1.0  6.2    27.4  23:50   NE
27    18.3   24.2  14:58   13.7  06:30    0.0    1.1     1.2  7.2    29.0  05:30   NE
28    17.8   23.6  15:40   13.2  07:00    0.0    0.1     0.8  3.4    20.9  08:20   ENE
29    16.5   23.2  16:01   10.6  06:54    2.7    0.0     0.8  1.6    16.1  06:40   ENE
30    15.6   23.8  14:27    8.2  06:43    4.2    0.0     1.0  4.9    30.6  05:00   NNE
31    15.1   23.1  15:14    7.8  06:03    5.2    0.0     0.0  1.5    29.0  00:14   SSE
---------------------------------------------------------------------------------------
      16.4   27.6     3     7.8    31   119.6   25.5    46.0  4.5    46.7     1    SSW

Max >=   32.2:  0
Max <=    0.0:  0
Min <=    0.0:  0
Min <=  -17.8:  0
Max Rain    :   22.2 mm ON 10/12/2016
Days of Rain: 16 (> 0.254 mm) 3 (> 2.54 mm) 0 (> 25.4 mm)