NOAA-Style Climate Reports


Report for 2016 Noviembre
                   MONTHLY CLIMATOLOGICAL SUMMARY for NOV 2016


NAME: Santa Monica          CITY: Rivas Urbanizaciones  STATE: Madrid - Spain      
ELEV:  651.1 m    LAT: 40.4 N    LONG:  3.5 W


                   TEMPERATURE (C), RAIN (mm), WIND SPEED (kph)

                                         HEAT   COOL         AVG
      MEAN                               DEG    DEG          WIND                  DOM
DAY   TEMP   HIGH  TIME    LOW   TIME    DAYS   DAYS   RAIN  SPEED   HIGH  TIME    DIR
---------------------------------------------------------------------------------------
01    13.1   17.9  14:47    7.7  06:25   10.0    0.0     0.0  1.4    17.7  03:20   NE
02    14.8   20.8  15:00    8.9  06:48    6.2    0.0     0.0  0.9    16.1  02:10   ENE
03    14.6   20.2  14:14    8.8  07:17    6.9    0.0     0.0  1.0    20.9  06:52   ENE
04    12.9   15.6  11:54   10.8  04:13    9.3    0.0    14.4  2.4    29.0  23:40   SSW
05    11.4   13.8  11:18    8.1  23:56   13.3    0.0    26.0 10.8    43.5  11:50   SW
06     8.2   11.8  13:18    5.2  07:05   17.7    0.0     0.2  3.8    32.2  15:00   WNW
07     6.0    9.3  12:21    2.8  06:04   22.2    0.0     0.0  1.9    19.3  16:30   NNE
08     6.7   11.2  14:44    2.1  07:15   21.1    0.0     0.0  5.3    30.6  13:10   WSW
09     9.2   14.0  12:59    5.9  00:00   15.0    0.0     0.2 10.4    38.6  07:20   WSW
10     8.1   12.6  15:14    3.4  07:17   18.6    0.0     0.0  1.0    14.5  13:20   E
11     8.0   13.6  14:26    2.7  05:39   18.3    0.0     0.0  0.9    22.5  05:50   NE
12     8.5   12.3  15:35    3.6  06:59   18.7    0.0     0.0  0.6    14.5  05:20   ENE
13    11.8   17.7  15:46    7.8  03:59   10.1    0.0     0.0  4.9    25.7  12:30   NE
14     9.2   14.8  13:10    4.8  07:13   15.3    0.0     0.0  6.8    43.5  14:20   NE
15     9.0   15.4  15:08    3.2  06:39   16.3    0.0     0.0  7.7    32.2  10:40   NE
16     9.1   14.9  15:53    2.7  07:12   17.2    0.0     0.0  1.1    19.3  07:10   SSW
17    10.4   17.1  14:49    4.1  06:27   13.9    0.0     0.0  0.8    16.1  13:40   SW
18     9.2   12.5  14:43    4.9  07:17   17.3    0.0     0.0  0.4     9.7  23:00   SSE
19     7.0   11.6  15:24    2.0  07:38   20.8    0.0     0.4  2.1    22.5  22:20   SW
20     8.2   10.8  21:29    6.1  07:32   17.8    0.0    14.4  5.3    49.9  21:20   SSW
21     9.7   11.8  14:12    6.8  23:22   16.2    0.0     5.8  8.9    38.6  05:20   SW
22     6.7    7.8  13:16    5.7  06:40   20.8    0.0     1.6  2.1    14.5  07:50   NE
23     6.0    7.7  15:21    3.9  23:58   22.5    0.0     7.6  2.0    25.7  10:40   NE
24     4.4    7.6  12:33    2.7  06:15   23.8    0.0    10.6  1.6    20.9  16:20   S
25     4.0    5.3  22:42    2.3  07:12   26.2    0.0     4.2  2.4    17.7  20:40   ENE
26     7.5    9.4  22:19    5.2  00:19   19.8    0.0    12.4  2.9    24.1  23:40   E
27     9.1   10.8  12:26    8.0  23:22   16.0    0.0     4.8  3.8    30.6  00:20   ENE
28     9.1   12.7  12:33    6.4  23:53   15.8    0.0     0.0  4.6    25.7  11:40   NE
29     8.3   12.1  14:45    5.2  03:27   17.5    0.0     0.0  3.2    22.5  17:50   NE
30    10.4   13.9  13:23    8.6  06:09   12.7    0.0     0.2  4.6    37.0  12:00   E
---------------------------------------------------------------------------------------
       9.0   20.8     2     2.0    19   497.5    0.0   102.8  3.5    49.9    20    ENE

Max >=   32.2:  0
Max <=    0.0:  0
Min <=    0.0:  0
Min <=  -17.8:  0
Max Rain    :   26.0 mm ON 11/05/2016
Days of Rain: 11 (> 0.254 mm) 9 (> 2.54 mm) 1 (> 25.4 mm)