NOAA-Style Climate Reports


Report for 2016 Diciembre
                   MONTHLY CLIMATOLOGICAL SUMMARY for DEC 2016


NAME: Santa Monica          CITY: Rivas Urbanizaciones  STATE: Madrid - Spain      
ELEV:  651.1 m    LAT: 40.4 N    LONG:  3.5 W


                   TEMPERATURE (C), RAIN (mm), WIND SPEED (kph)

                                         HEAT   COOL         AVG
      MEAN                               DEG    DEG          WIND                  DOM
DAY   TEMP   HIGH  TIME    LOW   TIME    DAYS   DAYS   RAIN  SPEED   HIGH  TIME    DIR
---------------------------------------------------------------------------------------
01     9.4   10.4  13:55    8.3  23:55   16.1    0.0     0.0  0.9    22.5  05:30   E
02     8.7   12.8  14:53    6.6  07:17   15.6    0.0     0.0  0.6    22.5  10:00   E
03     7.6   11.7  15:10    2.9  07:09   19.8    0.0     4.0  3.4    29.0  22:50   NE
04    10.1   11.3  15:36    8.9  08:13   14.8    0.0    15.6  3.8    32.2  09:10   SE
05    10.5   13.0  15:02    8.3  23:30   13.8    0.0     0.6  7.3    33.8  20:40   NE
06     9.5   13.7  14:00    5.9  07:15   15.3    0.0     0.0  3.3    24.1  02:01   NE
07     8.2   13.1  14:14    4.1  07:51   17.5    0.0     0.2  1.0    14.5  00:50   ENE
08     7.9   12.4  13:51    3.9  06:20   18.2    0.0     0.4  1.6    19.3  09:50   E
09     8.8   12.8  15:34    5.1  07:20   16.8    0.0     0.0  4.7    24.1  08:20   NE
10    10.9   14.2  15:03    8.3  23:50   12.7    0.0     0.0  0.5    14.5  13:20   SW
11     7.4   12.6  14:11    3.6  07:03   18.4    0.0     0.4  1.2    25.7  04:40   NE
12     4.1    5.3  13:41    2.9  08:06   25.6    0.0     0.6  0.1    11.3  12:30   S
13     5.2   10.2  15:38    1.4  04:48   22.6    0.0     0.2  0.2     9.7  03:40   ESE
14     6.9    9.2  14:25    4.7  08:18   20.5    0.0     4.4  0.7    16.1  23:10   ESE
15     7.7   10.0  12:58    6.7  03:46   18.0    0.0     2.0  1.7    17.7  14:00   SSE
16     7.3    8.5  15:26    6.3  06:53   19.7    0.0     2.2  4.0    27.4  22:30   ENE
17     9.0   12.7  13:31    6.9  00:50   15.3    0.0     0.0 10.1    40.2  13:50   NE
18     6.4   11.0  13:51    3.3  07:54   20.2    0.0     0.0 10.2    35.4  06:50   NE
19     6.1   10.6  13:51    3.2  23:58   20.6    0.0     0.2  9.6    41.8  05:15   NE
20     4.9    9.2  14:36   -0.1  07:11   24.8    0.0     0.0  1.9    19.3  20:10   ENE
21     7.4   12.2  15:37    1.3  06:47   20.8    0.0     0.0  1.1    17.7  10:58   ENE
22     6.8   11.8  14:00    2.7  05:11   19.9    0.0     0.0  0.6    14.5  04:50   ENE
23     7.6   13.0  15:50    3.6  07:49   18.1    0.0     0.0  4.0    22.5  05:50   NNE
24     7.6   13.9  15:31    3.2  06:26   17.6    0.0     0.0  7.0    22.5  07:30   NE
25     6.3   12.3  14:55    2.6  02:48   19.6    0.0     0.0  4.4    27.4  01:10   NE
26     6.8   14.2  14:53    1.1  06:31   19.2    0.0     0.2  1.4    29.0  23:40   NE
27     9.0   15.7  14:27    3.4  07:12   15.8    0.0     0.0  2.6    29.0  03:30   NE
28     8.4   14.0  14:12    3.8  07:49   16.9    0.0     0.0  1.0    20.9  06:50   NE
29     5.2   11.6  15:13    0.3  07:15   22.3    0.0     0.0  2.2    25.7  06:00   NNE
30     4.5   12.1  14:36   -1.3  05:50   23.3    0.0     0.0  1.1    24.1  02:37   NE
31     0.5    4.2  15:32   -3.8  07:35   32.7    0.0     0.0  1.9    19.3  19:00   E
---------------------------------------------------------------------------------------
       7.3   15.7    27    -3.8    31   592.7    0.0    31.0  3.0    41.8    19    ENE

Max >=   32.2:  0
Max <=    0.0:  0
Min <=    0.0:  3
Min <=  -17.8:  0
Max Rain    :   15.6 mm ON 12/04/2016
Days of Rain: 9 (> 0.254 mm) 3 (> 2.54 mm) 0 (> 25.4 mm)